000
CXUS51 KILN 010534
CF6CMH
PRELIMINARY LOCAL CLIMATOLOGICAL DATA (WS FORM: F-6)
STATION: COLUMBUS OH
MONTH: MAY
YEAR: 2021
LATITUDE: 40 0 N
LONGITUDE: 82 53 W
TEMPERATURE IN F: :PCPN: SNOW: WIND :SUNSHINE: SKY :PK WND
================================================================================
1 2 3 4 5 6A 6B 7 8 9 10 11 12 13 14 15 16 17 18
12Z AVG MX 2MIN
DY MAX MIN AVG DEP HDD CDD WTR SNW DPTH SPD SPD DIR MIN PSBL S-S WX SPD DR
================================================================================
1 69 34 52 -7 13 0 0.00 0.0 0 8.5 20 210 M M 2 26 200
2 80 54 67 8 0 2 T 0.0 0 11.5 26 210 M M 6 35 220
3 69 55 62 3 3 0 0.19 0.0 0 6.7 22 280 M M 9 1 25 270
4 70 56 63 3 2 0 0.50 0.0 0 8.7 29 240 M M 9 13 38 230
5 60 41 51 -9 14 0 0.10 0.0 0 10.7 21 340 M M 7 1 26 360
6 62 37 50 -10 15 0 0.12 0.0 0 3.4 17 290 M M 7 18 22 290
7 60 43 52 -9 13 0 0.70 0.0 0 9.9 24 270 M M 8 138 32 320
8 57 37 47 -14 18 0 0.00 0.0 0 7.7 17 320 M M 7 18 21 330
9 51 39 45 -16 20 0 1.43 0.0 0 11.3 23 350 M M 10 1 27 90
10 61 38 50 -12 15 0 0.00 0.0 0 5.8 15 10 M M 7 1 18 340
11 57 39 48 -14 17 0 T 0.0 0 9.0 21 310 M M 6 27 300
12 63 35 49 -13 16 0 0.00 0.0 0 6.7 16 360 M M 3 22 20
13 68 36 52 -10 13 0 0.00 0.0 0 6.6 17 40 M M 1 25 50
14 70 39 55 -8 10 0 0.00 0.0 0 2.4 12 320 M M 3 15 310
15 73 40 57 -6 8 0 0.00 0.0 0 2.2 12 180 M M 6 15 180
16 75 56 66 3 0 1 T 0.0 0 3.7 12 250 M M 8 15 250
17 67 53 60 -4 5 0 T 0.0 0 4.5 13 160 M M 9 15 160
18 80 52 66 2 0 1 0.00 0.0 0 4.0 13 150 M M 7 1 17 110
19 84 55 70 6 0 5 0.00 0.0 0 3.8 14 200 M M 6 8 17 210
20 87 61 74 10 0 9 0.00 0.0 0 5.6 16 140 M M 7 20 200
21 88 62 75 10 0 10 0.00 0.0 0 5.0 12 210 M M 6 14 160
22 87 59 73 8 0 8 0.00 0.0 0 5.1 16 330 M M 4 20 320
23 89 60 75 10 0 10 0.00 0.0 0 6.9 20 360 M M 5 23 360
24 86 69 78 12 0 13 T 0.0 0 4.2 17 340 M M 9 23 340
25 91 68 80 14 0 15 0.00 0.0 0 9.0 20 220 M M 6 28 220
26 85 65 75 9 0 10 0.17 0.0 0 8.5 28 280 M M 8 1 32 290
27 80 57 69 3 0 4 0.00 0.0 0 4.9 12 110 M M 7 12 14 110
28 68 48 58 -9 7 0 0.25 0.0 0 11.4 25 50 M M 10 1 34 50
29 54 47 51 -16 14 0 T 0.0 0 10.8 20 10 M M 10 1 31 50
30 69 47 58 -9 7 0 0.00 0.0 0 8.2 14 350 M M 7 20 320
31 75 42 59 -9 6 0 0.00 0.0 0 2.3 10 220 M M 6 13 150
================================================================================
SM 2235 1524 216 88 3.46 0.0 209.0 M 206
================================================================================
AV 72.1 49.2 6.7 FASTST M M 7 MAX(MPH)
MISC ----> 29 240 38 230
================================================================================
NOTES:
# LAST OF SEVERAL OCCURRENCES
COLUMN 17 PEAK WIND IN M.P.H.
PRELIMINARY LOCAL CLIMATOLOGICAL DATA (WS FORM: F-6) , PAGE 2
STATION: COLUMBUS OH
MONTH: MAY
YEAR: 2021
LATITUDE: 40 0 N
LONGITUDE: 82 53 W
[TEMPERATURE DATA] [PRECIPITATION DATA] SYMBOLS USED IN COLUMN 16
AVERAGE MONTHLY: 60.6 TOTAL FOR MONTH: 3.46 1 = FOG OR MIST
DPTR FM NORMAL: -2.7 DPTR FM NORMAL: -0.53 2 = FOG REDUCING VISIBILITY
HIGHEST: 91 ON 25 GRTST 24HR 1.43 ON 9- 9 TO 1/4 MILE OR LESS
LOWEST: 34 ON 1 3 = THUNDER
SNOW, ICE PELLETS, HAIL 4 = ICE PELLETS
TOTAL MONTH: 0.0 INCH 5 = HAIL
GRTST 24HR 0.0 6 = FREEZING RAIN OR DRIZZLE
GRTST DEPTH: 0 7 = DUSTSTORM OR SANDSTORM:
VSBY 1/2 MILE OR LESS
8 = SMOKE OR HAZE
[NO. OF DAYS WITH] [WEATHER - DAYS WITH] 9 = BLOWING SNOW
X = TORNADO
MAX 32 OR BELOW: 0 0.01 INCH OR MORE: 8
MAX 90 OR ABOVE: 1 0.10 INCH OR MORE: 8
MIN 32 OR BELOW: 0 0.50 INCH OR MORE: 3
MIN 0 OR BELOW: 0 1.00 INCH OR MORE: 1
[HDD (BASE 65) ]
TOTAL THIS MO. 216 CLEAR (SCALE 0-3) 2
DPTR FM NORMAL 78 PTCLDY (SCALE 4-7) 21
TOTAL FM JUL 1 5048 CLOUDY (SCALE 8-10) 8
DPTR FM NORMAL -168
[CDD (BASE 65) ]
TOTAL THIS MO. 88
DPTR FM NORMAL 4 [PRESSURE DATA]
TOTAL FM JAN 1 105 HIGHEST SLP M ON M
DPTR FM NORMAL 7 LOWEST SLP 29.40 ON 31
[REMARKS]
#FINAL-05-21#