000
CXUS53 KILX 010900
CF6CMI
PRELIMINARY LOCAL CLIMATOLOGICAL DATA (WS FORM: F-6)
STATION: CHAMPAIGN IL AIRPORT
MONTH: MARCH
YEAR: 2022
LATITUDE: 40 1 N
LONGITUDE: 88 17 W
TEMPERATURE IN F: :PCPN: SNOW: WIND :SUNSHINE: SKY :PK WND
================================================================================
1 2 3 4 5 6A 6B 7 8 9 10 11 12 13 14 15 16 17 18
12Z AVG MX 2MIN
DY MAX MIN AVG DEP HDD CDD WTR SNW DPTH SPD SPD DIR MIN PSBL S-S WX SPD DR
================================================================================
1 64 36 50 15 15 0 0.00 M M 9.0 15 320 M M 3 18 320
2 66 32 49 13 16 0 T M M 9.8 25 30 M M 4 18 34 40
3 41 30 36 0 29 0 0.00 M M 14.2 22 30 M M 3 29 30
4 52 29 41 5 24 0 0.00 M M 12.5 20 90 M M 0 25 100
5 73 40 57 20 8 0 T M M 18.9 36 180 M M 4 3 46 180
6 62 38 50 13 15 0 1.16 M M 15.1 38 260 M M 3 13 52 270
7 38 29 34 -4 31 0 0.06 M M 15.9 23 300 M M 10 1 30 310
8 40 25 33 -5 32 0 0.00 M M 3.7 13 130 M M 4 17 130
9 49 30 40 1 25 0 0.00 M M 8.2 20 300 M M 5 1 28 260
10 41 26 34 -5 31 0 M M M 10.2 18 360 M M 6 18 23 350
11 31 16 24 -15 41 0 M M M 15.6 30 320 M M 6 1 38 330
12 23 11 17 -23 48 0 0.00 M M 14.9 25 320 M M 0 34 320
13 57 20 39 -1 26 0 0.00 M M 15.9 29 230 M M 2 37 240
14 64 35 50 9 15 0 0.00 M M 14.7 25 200 M M 1 8 32 180
15 67 37 52 11 13 0 0.00 M M 6.3 16 240 M M 1 1 22 220
16 72 39 56 15 9 0 0.00 M M 9.1 21 200 M M 1 1 29 190
17 75 41 58 16 7 0 0.00 M M 9.0 17 190 M M 0 22 220
18 58 48 53 11 12 0 0.38 M M 9.2 23 240 M M 7 1 30 230
19 49 34 42 0 23 0 0.19 M M 14.6 23 290 M M 8 1 30 290
20 66 32 49 6 16 0 0.00 M M 8.1 20 230 M M 0 26 240
21 74 42 58 15 7 0 0.00 M M 12.5 23 180 M M 0 29 180
22 57 49 53 9 12 0 0.63 M M 18.4 36 110 M M 8 1 48 110
23 59 42 51 7 14 0 0.08 M M 17.5 32 210 M M 10 1 43 200
24 45 38 42 -2 23 0 0.17 M M 14.6 24 220 M M 10 1 31 230
25 52 38 45 0 20 0 0.01 M M 18.6 41 290 M M 9 1 53 290
26 40 26 33 -12 32 0 0.00 M M 17.6 29 300 M M 3 8 39 300
27 41 22 32 -14 33 0 0.00 M M 9.3 18 310 M M 0 26 340
28 43 20 32 -14 33 0 0.00 M M 9.3 17 60 M M 1 24 360
29 45 32 39 -7 26 0 0.00 M M 19.9 29 110 M M 7 37 110
30 67 43 55 8 10 0 1.75 M M 15.1 28 200 M M 10 13 39 190
31 43 34 39 -8 26 0 0.10 M M 18.7 30 250 M M 10 1 41 250
================================================================================
SM 1654 1014 672 0 4.53 M 406.4 M 136
================================================================================
AV 53.4 32.7 13.1 FASTST M M 4 MAX(MPH)
MISC ----> 41 290 53 290
================================================================================
NOTES:
# LAST OF SEVERAL OCCURRENCES
COLUMN 17 PEAK WIND IN M.P.H.
PRELIMINARY LOCAL CLIMATOLOGICAL DATA (WS FORM: F-6) , PAGE 2
STATION: CHAMPAIGN IL AIRPORT
MONTH: MARCH
YEAR: 2022
LATITUDE: 40 1 N
LONGITUDE: 88 17 W
[TEMPERATURE DATA] [PRECIPITATION DATA] SYMBOLS USED IN COLUMN 16
AVERAGE MONTHLY: 43.0 TOTAL FOR MONTH: 4.53 1 = FOG OR MIST
DPTR FM NORMAL: 1.7 DPTR FM NORMAL: 1.96 2 = FOG REDUCING VISIBILITY
HIGHEST: 75 ON 17 GRTST 24HR 1.79 ON 30-31 TO 1/4 MILE OR LESS
LOWEST: 11 ON 12 3 = THUNDER
SNOW, ICE PELLETS, HAIL 4 = ICE PELLETS
TOTAL MONTH: M 5 = HAIL
GRTST 24HR M ON M 6 = FREEZING RAIN OR DRIZZLE
GRTST DEPTH: M ON M 7 = DUSTSTORM OR SANDSTORM:
VSBY 1/2 MILE OR LESS
8 = SMOKE OR HAZE
[NO. OF DAYS WITH] [WEATHER - DAYS WITH] 9 = BLOWING SNOW
X = TORNADO
MAX 32 OR BELOW: 2 0.01 INCH OR MORE: 10
MAX 90 OR ABOVE: 0 0.10 INCH OR MORE: 7
MIN 32 OR BELOW: 15 0.50 INCH OR MORE: 3
MIN 0 OR BELOW: 0 1.00 INCH OR MORE: 2
[HDD (BASE 65) ]
TOTAL THIS MO. 672 CLEAR (SCALE 0-3) 13
DPTR FM NORMAL -65 PTCLDY (SCALE 4-7) 12
TOTAL FM JUL 1 4741 CLOUDY (SCALE 8-10) 6
DPTR FM NORMAL -323
[CDD (BASE 65) ]
TOTAL THIS MO. 0
DPTR FM NORMAL -2 [PRESSURE DATA]
TOTAL FM JAN 1 0 HIGHEST SLP 30.43 ON 3
DPTR FM NORMAL -2 LOWEST SLP 29.17 ON 30
[REMARKS]
#FINAL-03-22#