000
CXUS53 KARX 010900
CF6CMY
PRELIMINARY LOCAL CLIMATOLOGICAL DATA (WS FORM: F-6)
STATION: SPARTA - FORT MCCOY WI
MONTH: OCTOBER
YEAR: 2022
LATITUDE: 43 58 N
LONGITUDE: 90 44 W
TEMPERATURE IN F: :PCPN: SNOW: WIND :SUNSHINE: SKY :PK WND
================================================================================
1 2 3 4 5 6A 6B 7 8 9 10 11 12 13 14 15 16 17 18
12Z AVG MX 2MIN
DY MAX MIN AVG DEP HDD CDD WTR SNW DPTH SPD SPD DIR MIN PSBL S-S WX SPD DR
================================================================================
1 73 35 54 M 11 0 0.00 0.0 0 0.8 5 100 M M 7 M M
2 68 42 55 M 10 0 0.00 0.0 0 2.9 7 100 M M 6 M M
3 71 41 56 M 9 0 0.00 0.0 0 1.7 6 150 M M 5 M M
4 74 41 58 M 7 0 0.00 0.0 0 2.9 13 170 M M 3 M M
5 70 38 54 M 11 0 0.00 0.0 0 2.2 13 200 M M 6 M M
6 62 38 50 M 15 0 0.06 0.0 0 5.8 15 330 M M 4 22 330
7 51 25 38 M 27 0 0.00 0.0 0 3.7 9 310 M M 5 M M
8 59 20 40 M 25 0 0.00 0.0 0 4.9 16 240 M M 0 22 240
9 65 29 47 M 18 0 0.00 0.0 0 0.9 8 340 M M 3 8 M M
10 70 27 49 M 16 0 0.00 0.0 0 2.8 10 170 M M 0 8 M M
11 74 38 56 M 9 0 0.00 0.0 0 8.2 21 190 M M 5 27 190
12 66 39 53 M 12 0 0.09 0.0 0 10.3 20 280 M M 7 1 28 300
13 44 30 37 M 28 0 T 0.0 0 6.2 14 260 M M 10 23 330
14 39 23 31 M 34 0 T 0.0 0 2.4 8 270 M M 7 M M
15 60 23 42 M 23 0 0.00 0.0 0 7.5 17 220 M M 8 8 23 220
16 48 36 42 M 23 0 0.05 T 0 8.6 17 320 M M 10 1 25 310
17 39 31 35 M 30 0 T T 0 11.5 16 340 M M 10 1 30 320
18 46 19 33 M 32 0 0.00 0.0 0 9.8 18 330 M M 2 24 330
19 47 14 31 M 34 0 0.00 0.0 0 4.1 15 280 M M 1 8 18 320
20 61 23 42 M 23 0 0.00 0.0 0 2.3 10 230 M M 2 8 M M
21 72 25 49 M 16 0 0.00 0.0 0 3.7 12 270 M M 0 8 23 240
22 80 29 55 M 10 0 0.00 0.0 0 5.3 14 160 M M 0 8 21 170
23 77 57 67 M 0 2 0.09 0.0 0 11.1 23 140 M M 3 138 27 140
24 71 48 60 M 5 0 0.79 0.0 0 7.7 17 170 M M 7 1 28 170
25 48 37 43 M 22 0 0.00 0.0 0 0.4 5 270 M M 7 1 M M
26 51 25 38 M 27 0 0.00 0.0 0 1.2 13 330 M M 1 21 330
27 57 23 40 M 25 0 0.00 0.0 0 0.1 4 180 M M 7 8 M M
28 60 28 44 M 21 0 0.00 0.0 0 0.0 M M M M 2 8 M M
29 65 24 45 M 20 0 0.00 0.0 0 0.0 M M M M 0 8 M M
30 62 28 45 M 20 0 0.00 0.0 0 0.0 M M M M 6 8 M M
31 66 28 47 M 18 0 0.00 0.0 0 0.0 M M M M 1 8 M M
================================================================================
SM 1896 964 581 2 1.08 T 129.0 M 135
================================================================================
AV 61.2 31.1 4.2 FASTST M M 4 MAX(MPH)
MISC ----> 23 140 30 320
================================================================================
NOTES:
# LAST OF SEVERAL OCCURRENCES
COLUMN 17 PEAK WIND IN M.P.H.
PRELIMINARY LOCAL CLIMATOLOGICAL DATA (WS FORM: F-6) , PAGE 2
STATION: SPARTA - FORT MCCOY WI
MONTH: OCTOBER
YEAR: 2022
LATITUDE: 43 58 N
LONGITUDE: 90 44 W
[TEMPERATURE DATA] [PRECIPITATION DATA] SYMBOLS USED IN COLUMN 16
AVERAGE MONTHLY: 46.1 TOTAL FOR MONTH: 1.08 1 = FOG OR MIST
DPTR FM NORMAL: 0.0 DPTR FM NORMAL: M 2 = FOG REDUCING VISIBILITY
HIGHEST: 80 ON 22 GRTST 24HR 0.79 ON 24-24 TO 1/4 MILE OR LESS
LOWEST: 14 ON 19 3 = THUNDER
SNOW, ICE PELLETS, HAIL 4 = ICE PELLETS
TOTAL MONTH: T 5 = HAIL
GRTST 24HR T ON 16-16 6 = FREEZING RAIN OR DRIZZLE
GRTST DEPTH: 0 7 = DUSTSTORM OR SANDSTORM:
VSBY 1/2 MILE OR LESS
8 = SMOKE OR HAZE
[NO. OF DAYS WITH] [WEATHER - DAYS WITH] 9 = BLOWING SNOW
X = TORNADO
MAX 32 OR BELOW: 0 0.01 INCH OR MORE: 5
MAX 90 OR ABOVE: 0 0.10 INCH OR MORE: 1
MIN 32 OR BELOW: 19 0.50 INCH OR MORE: 1
MIN 0 OR BELOW: 0 1.00 INCH OR MORE: 0
[HDD (BASE 65) ]
TOTAL THIS MO. 581 CLEAR (SCALE 0-3) 12
DPTR FM NORMAL M PTCLDY (SCALE 4-7) 16
TOTAL FM JUL 1 794 CLOUDY (SCALE 8-10) 3
DPTR FM NORMAL M
[CDD (BASE 65) ]
TOTAL THIS MO. 2
DPTR FM NORMAL M [PRESSURE DATA]
TOTAL FM JAN 1 387 HIGHEST SLP M ON M
DPTR FM NORMAL M LOWEST SLP M ON M
[REMARKS]
#FINAL-10-22#