000
CXUS53 KICT 011603
CF6CNU
PRELIMINARY LOCAL CLIMATOLOGICAL DATA (WS FORM: F-6)
STATION: CHANUTE KS
MONTH: DECEMBER
YEAR: 2022
LATITUDE: 37 40 N
LONGITUDE: 95 29 W
TEMPERATURE IN F: :PCPN: SNOW: WIND :SUNSHINE: SKY :PK WND
================================================================================
1 2 3 4 5 6A 6B 7 8 9 10 11 12 13 14 15 16 17 18
12Z AVG MX 2MIN
DY MAX MIN AVG DEP HDD CDD WTR SNW DPTH SPD SPD DIR MIN PSBL S-S WX SPD DR
================================================================================
1 52 24 38 -3 27 0 0.00 M M 15.3 30 200 M M 6 38 210
2 60 33 47 6 18 0 0.00 M M 20.9 32 340 M M 7 46 320
3 39 22 31 -9 34 0 0.00 M M 7.0 22 360 M M 0 30 340
4 50 28 39 -1 26 0 0.00 M M 5.5 14 200 M M 1 19 210
5 49 38 44 4 21 0 0.00 M M 7.3 13 160 M M 8 12 16 160
6 46 40 43 4 22 0 0.01 M M 6.1 14 360 M M 10 1 19 360
7 52 43 48 9 17 0 0.06 M M 3.8 10 360 M M 10 18 13 350
8 55 46 51 12 14 0 0.09 M M 5.7 14 290 M M 9 1 19 280
9 49 34 42 4 23 0 0.03 M M 5.0 17 280 M M 2 1 21 280
10 51 29 40 2 25 0 0.59 M M 4.5 12 350 M M 8 12 15 340
11 45 29 37 -1 28 0 0.00 M M 5.8 12 120 M M 10 12 16 110
12 55 45 50 12 15 0 0.35 M M 11.3 21 110 M M 10 13 30 110
13 64 37 51 13 14 0 0.55 M M 13.3 24 170 M M 6 13 32 180
14 43 28 36 -1 29 0 0.00 M M 9.5 20 260 M M 3 30 240
15 41 29 35 -2 30 0 0.00 M M 12.6 25 280 M M 0 36 280
16 40 26 33 -4 32 0 0.00 M M 12.8 25 270 M M 2 35 280
17 40 22 31 -5 34 0 0.00 M M 8.8 21 300 M M 0 26 290
18 46 18 32 -4 33 0 0.00 M M 7.1 14 160 M M 0 17 150
19 48 39 44 8 21 0 T M M 8.8 22 190 M M 9 29 190
20 41 25 33 -3 32 0 0.00 M M 9.3 16 360 M M 10 1 23 340
21 43 23 33 -3 32 0 0.00 M M 6.7 16 180 M M 6 18 20 170
22 39 -3 18 -18 47 0 0.15 M M 20.2 32 360 M M 7 189 46 350
23 14 -3 6 -29 59 0 0.00 M M 15.3 24 300 M M 0 33 300
24 23 5 14 -21 51 0 0.00 M M 7.3 16 300 M M 4 24 310
25 32 3 18 -17 47 0 0.03 M M 6.9 18 210 M M 3 23 200
26 38 8 23 -12 42 0 0.00 M M 9.8 26 340 M M 4 38 350
27 39 8 24 -11 41 0 0.00 M M 13.7 26 180 M M 0 38 180
28 60 38 49 14 16 0 0.00 M M 23.3 33 190 M M 0 46 180
29 70 41 56 22 9 0 0.00 M M 16.8 30 230 M M 0 41 200
30 54 32 43 9 22 0 0.00 M M 5.0 12 40 M M 0 15 50
31 64 35 50 16 15 0 0.00 M M 10.2 24 200 M M 1 31 200
================================================================================
SM 1442 822 876 0 1.86 M 315.6 M 136
================================================================================
AV 46.5 26.5 10.2 FASTST M M 4 MAX(MPH)
MISC ----> 33 190 # 46 320
================================================================================
NOTES:
# LAST OF SEVERAL OCCURRENCES
COLUMN 17 PEAK WIND IN M.P.H.
PRELIMINARY LOCAL CLIMATOLOGICAL DATA (WS FORM: F-6) , PAGE 2
STATION: CHANUTE KS
MONTH: DECEMBER
YEAR: 2022
LATITUDE: 37 40 N
LONGITUDE: 95 29 W
[TEMPERATURE DATA] [PRECIPITATION DATA] SYMBOLS USED IN COLUMN 16
AVERAGE MONTHLY: 36.5 TOTAL FOR MONTH: 1.86 1 = FOG OR MIST
DPTR FM NORMAL: -0.6 DPTR FM NORMAL: 0.15 2 = FOG REDUCING VISIBILITY
HIGHEST: 70 ON 29 GRTST 24HR 0.90 ON 12-13 TO 1/4 MILE OR LESS
LOWEST: -3 ON 23,22 3 = THUNDER
SNOW, ICE PELLETS, HAIL 4 = ICE PELLETS
TOTAL MONTH: M 5 = HAIL
GRTST 24HR M ON M 6 = FREEZING RAIN OR DRIZZLE
GRTST DEPTH: M ON M 7 = DUSTSTORM OR SANDSTORM:
VSBY 1/2 MILE OR LESS
8 = SMOKE OR HAZE
[NO. OF DAYS WITH] [WEATHER - DAYS WITH] 9 = BLOWING SNOW
X = TORNADO
MAX 32 OR BELOW: 3 0.01 INCH OR MORE: 9
MAX 90 OR ABOVE: 0 0.10 INCH OR MORE: 4
MIN 32 OR BELOW: 19 0.50 INCH OR MORE: 2
MIN 0 OR BELOW: 2 1.00 INCH OR MORE: 0
[HDD (BASE 65) ]
TOTAL THIS MO. 876 CLEAR (SCALE 0-3) 14
DPTR FM NORMAL 10 PTCLDY (SCALE 4-7) 10
TOTAL FM JUL 1 1641 CLOUDY (SCALE 8-10) 7
DPTR FM NORMAL -22
[CDD (BASE 65) ]
TOTAL THIS MO. 0
DPTR FM NORMAL 0 [PRESSURE DATA]
TOTAL FM JAN 1 2195 HIGHEST SLP 30.68 ON 23
DPTR FM NORMAL 485 LOWEST SLP 29.52 ON 13
[REMARKS]
#FINAL-12-22#