000
CXUS53 KICT 020130
CF6CNU
PRELIMINARY LOCAL CLIMATOLOGICAL DATA (WS FORM: F-6)
STATION: CHANUTE KS
MONTH: OCTOBER
YEAR: 2023
LATITUDE: 37 40 N
LONGITUDE: 95 29 W
TEMPERATURE IN F: :PCPN: SNOW: WIND :SUNSHINE: SKY :PK WND
================================================================================
1 2 3 4 5 6A 6B 7 8 9 10 11 12 13 14 15 16 17 18
12Z AVG MX 2MIN
DY MAX MIN AVG DEP HDD CDD WTR SNW DPTH SPD SPD DIR MIN PSBL S-S WX SPD DR
================================================================================
1 90 62 76 11 0 11 0.00 M M 7.0 14 170 M M 0 20 180
2 88 65 77 12 0 12 0.00 M M 7.2 16 170 M M 3 21 200
3 83 62 73 9 0 8 0.00 M M 11.5 21 160 M M 0 29 160
4 82 65 74 10 0 9 0.03 M M 5.7 18 300 M M 4 13 25 300
5 83 57 70 6 0 5 0.39 M M 6.9 15 310 M M 3 13 24 320
6 67 43 55 -8 10 0 0.00 M M 6.7 21 340 M M 4 29 360
7 66 35 51 -12 14 0 0.00 M M 4.9 12 310 M M 0 16 300
8 82 42 62 0 3 0 0.00 M M 8.3 18 230 M M 0 25 250
9 76 44 60 -2 5 0 0.00 M M 5.2 14 340 M M 0 19 40
10 78 39 59 -3 6 0 0.00 M M 7.9 16 140 M M 0 22 140
11 82 58 70 9 0 5 0.00 M M 14.9 26 180 M M 3 37 170
12 73 62 68 7 0 3 0.18 M M 19.1 29 180 M M 9 13 42 180
13 67 48 58 -2 7 0 0.00 M M 15.8 26 300 M M 7 38 290
14 58 49 54 -6 11 0 0.00 M M 12.8 22 320 M M 10 30 310
15 59 46 53 -7 12 0 T M M 11.3 20 330 M M 10 1 28 340
16 69 38 54 -5 11 0 0.00 M M 6.2 16 320 M M 1 27 320
17 72 33 53 -6 12 0 0.00 M M 6.4 16 180 M M 0 22 190
18 75 47 61 2 4 0 T M M 8.8 21 320 M M 1 26 180
19 80 46 63 5 2 0 0.00 M M 6.5 21 290 M M 0 26 310
20 86 47 67 9 0 2 0.00 M M 5.8 13 180 M M 0 17 170
21 90 47 69 11 0 4 0.00 M M 4.3 12 50 M M 0 16 50
22 83 54 69 12 0 4 0.00 M M 11.3 18 120 M M 0 26 110
23 86 53 70 13 0 5 0.00 M M 15.0 25 190 M M 0 35 180
24 71 65 68 12 0 3 0.87 M M 13.8 26 180 M M 9 1 41 180
25 73 68 71 15 0 6 0.39 M M 13.5 25 160 M M 10 13 37 150
26 80 67 74 18 0 9 0.02 M M 15.9 25 190 M M 6 1 32 190
27 71 46 59 4 6 0 0.01 M M 12.7 22 310 M M 10 1 28 340
28 46 38 42 -13 23 0 0.53 M M 10.1 17 20 M M 10 138 24 50
29 40 34 37 -17 28 0 0.29 M M 13.2 21 350 M M 10 1 31 340
30 46 26 36 -18 29 0 0.00 M M 7.0 20 310 M M 0 28 320
31 43 21 32 -22 33 0 0.00 M M 8.3 21 340 M M 0 28 360
================================================================================
SM 2245 1507 216 86 2.71 M 304.0 M 110
================================================================================
AV 72.4 48.6 9.8 FASTST M M 4 MAX(MPH)
MISC ----> 29 180 42 180
================================================================================
NOTES:
# LAST OF SEVERAL OCCURRENCES
COLUMN 17 PEAK WIND IN M.P.H.
PRELIMINARY LOCAL CLIMATOLOGICAL DATA (WS FORM: F-6) , PAGE 2
STATION: CHANUTE KS
MONTH: OCTOBER
YEAR: 2023
LATITUDE: 37 40 N
LONGITUDE: 95 29 W
[TEMPERATURE DATA] [PRECIPITATION DATA] SYMBOLS USED IN COLUMN 16
AVERAGE MONTHLY: 60.5 TOTAL FOR MONTH: 2.71 1 = FOG OR MIST
DPTR FM NORMAL: 1.1 DPTR FM NORMAL: -0.62 2 = FOG REDUCING VISIBILITY
HIGHEST: 90 ON 21, 1 GRTST 24HR 0.91 ON 24-25 TO 1/4 MILE OR LESS
LOWEST: 21 ON 31 3 = THUNDER
SNOW, ICE PELLETS, HAIL 4 = ICE PELLETS
TOTAL MONTH: M 5 = HAIL
GRTST 24HR M ON M 6 = FREEZING RAIN OR DRIZZLE
GRTST DEPTH: M ON M 7 = DUSTSTORM OR SANDSTORM:
VSBY 1/2 MILE OR LESS
8 = SMOKE OR HAZE
[NO. OF DAYS WITH] [WEATHER - DAYS WITH] 9 = BLOWING SNOW
X = TORNADO
MAX 32 OR BELOW: 0 0.01 INCH OR MORE: 9
MAX 90 OR ABOVE: 2 0.10 INCH OR MORE: 6
MIN 32 OR BELOW: 2 0.50 INCH OR MORE: 2
MIN 0 OR BELOW: 0 1.00 INCH OR MORE: 0
[HDD (BASE 65) ]
TOTAL THIS MO. 216 CLEAR (SCALE 0-3) 18
DPTR FM NORMAL -5 PTCLDY (SCALE 4-7) 5
TOTAL FM JUL 1 216 CLOUDY (SCALE 8-10) 8
DPTR FM NORMAL -38
[CDD (BASE 65) ]
TOTAL THIS MO. 86
DPTR FM NORMAL 40 [PRESSURE DATA]
TOTAL FM JAN 1 1991 HIGHEST SLP 30.53 ON 31
DPTR FM NORMAL 285 LOWEST SLP 29.52 ON 12
[REMARKS]
#FINAL-10-23#