000
CXUS55 KPUB 011525
CF6COS
PRELIMINARY LOCAL CLIMATOLOGICAL DATA (WS FORM: F-6)
STATION: COLORADO SPRINGS CO
MONTH: AUGUST
YEAR: 2022
LATITUDE: 38 49 N
LONGITUDE: 104 43 W
TEMPERATURE IN F: :PCPN: SNOW: WIND :SUNSHINE: SKY :PK WND
================================================================================
1 2 3 4 5 6A 6B 7 8 9 10 11 12 13 14 15 16 17 18
12Z AVG MX 2MIN
DY MAX MIN AVG DEP HDD CDD WTR SNW DPTH SPD SPD DIR MIN PSBL S-S WX SPD DR
================================================================================
1 89 58 74 2 0 9 T 0.0 0 6.2 20 40 M M 5 36 270
2 92 63 78 6 0 13 T 0.0 0 11.0 26 310 M M 5 37 310
3 86 64 75 3 0 10 T 0.0 0 9.4 21 300 M M 5 3 27 310
4 88 60 74 2 0 9 0.00 0.0 0 6.2 38 150 M M 6 3 48 150
5 91 62 77 5 0 12 0.00 0.0 0 6.7 17 350 M M 7 24 290
6 89 68 79 7 0 14 T 0.0 0 9.6 31 60 M M 6 3 43 80
7 84 63 74 3 0 9 0.19 0.0 0 9.3 23 330 M M 8 13 32 350
8 79 61 70 -1 0 5 0.04 0.0 0 7.3 17 150 M M 6 1 22 160
9 86 58 72 1 0 7 0.00 0.0 0 5.8 15 120 M M 4 20 150
10 86 58 72 1 0 7 0.00 0.0 0 7.5 18 130 M M 2 26 150
11 89 57 73 2 0 8 0.00 0.0 0 7.6 18 170 M M 3 25 160
12 90 56 73 2 0 8 0.00 0.0 0 8.1 17 140 M M 4 23 20
13 90 61 76 5 0 11 0.00 0.0 0 11.7 31 340 M M 3 44 340
14 93 62 78 8 0 13 0.00 0.0 0 10.3 23 340 M M 4 3 30 340
15 89 61 75 5 0 10 0.42 0.0 0 12.0 30 10 M M 6 13 39 350
16 74 59 67 -3 0 2 1.01 0.0 0 6.8 14 310 M M 9 13 20 330
17 78 56 67 -3 0 2 0.00 0.0 0 5.2 15 120 M M 7 19 180
18 86 54 70 0 0 5 0.00 0.0 0 6.9 18 40 M M 3 1 23 40
19 83 58 71 1 0 6 0.10 0.0 0 8.0 29 360 M M 7 3 37 290
20 73 56 65 -5 0 0 0.02 0.0 0 8.2 22 170 M M 8 28 150
21 77 52 65 -5 0 0 0.00 0.0 0 9.9 23 150 M M 5 28 150
22 79 56 68 -1 0 3 0.00 0.0 0 7.5 16 160 M M 5 22 150
23 81 53 67 -2 0 2 0.00 0.0 0 7.1 17 140 M M 2 25 130
24 83 52 68 -1 0 3 0.00 0.0 0 7.3 16 130 M M 2 23 140
25 85 53 69 0 0 4 0.00 0.0 0 8.6 20 140 M M 4 27 150
26 81 60 71 2 0 6 0.01 0.0 0 7.8 23 290 M M 8 32 210
27 86 54 70 2 0 5 0.00 0.0 0 6.2 17 340 M M 5 25 40
28 90 61 76 8 0 11 0.02 0.0 0 8.6 26 330 M M 4 3 40 210
29 88 60 74 6 0 9 0.00 0.0 0 9.1 20 20 M M 3 25 60
30 86 56 71 3 0 6 0.00 0.0 0 7.8 20 140 M M 2 30 150
31 87 57 72 4 0 7 0.01 0.0 0 6.6 24 80 M M 4 3 31 40
================================================================================
SM 2638 1809 0 216 1.82 0.0 250.3 M 152
================================================================================
AV 85.1 58.4 8.1 FASTST M M 5 MAX(MPH)
MISC ----> 38 150 48 150
================================================================================
NOTES:
COLUMN 7; CORRECTED PRECIP ON 8/16 TO ADD BACK IN 0.01 INCHES REMOVED BY ASOS
IN 12HR2 DATA.
COLUMN 17 PEAK WIND IN M.P.H.
PRELIMINARY LOCAL CLIMATOLOGICAL DATA (WS FORM: F-6) , PAGE 2
STATION: COLORADO SPRINGS CO
MONTH: AUGUST
YEAR: 2022
LATITUDE: 38 49 N
LONGITUDE: 104 43 W
[TEMPERATURE DATA] [PRECIPITATION DATA] SYMBOLS USED IN COLUMN 16
AVERAGE MONTHLY: 71.7 TOTAL FOR MONTH: 1.82 1 = FOG OR MIST
DPTR FM NORMAL: 1.6 DPTR FM NORMAL: -1.14 2 = FOG REDUCING VISIBILITY
HIGHEST: 93 ON 14 GRTST 24HR 1.35 ON 15-16 TO 1/4 MILE OR LESS
LOWEST: 52 ON 24,21 3 = THUNDER
SNOW, ICE PELLETS, HAIL 4 = ICE PELLETS
TOTAL MONTH: 0.0 INCH 5 = HAIL
GRTST 24HR 0.0 6 = FREEZING RAIN OR DRIZZLE
GRTST DEPTH: 0 7 = DUSTSTORM OR SANDSTORM:
VSBY 1/2 MILE OR LESS
8 = SMOKE OR HAZE
[NO. OF DAYS WITH] [WEATHER - DAYS WITH] 9 = BLOWING SNOW
X = TORNADO
MAX 32 OR BELOW: 0 0.01 INCH OR MORE: 9
MAX 90 OR ABOVE: 6 0.10 INCH OR MORE: 4
MIN 32 OR BELOW: 0 0.50 INCH OR MORE: 1
MIN 0 OR BELOW: 0 1.00 INCH OR MORE: 1
[HDD (BASE 65) ]
TOTAL THIS MO. 0 CLEAR (SCALE 0-3) 8
DPTR FM NORMAL -14 PTCLDY (SCALE 4-7) 19
TOTAL FM JUL 1 0 CLOUDY (SCALE 8-10) 4
DPTR FM NORMAL -16
[CDD (BASE 65) ]
TOTAL THIS MO. 216
DPTR FM NORMAL 44 [PRESSURE DATA]
TOTAL FM JAN 1 729 HIGHEST SLP 30.19 ON 30
DPTR FM NORMAL 186 LOWEST SLP 29.69 ON 28
[REMARKS]
#FINAL-08-22#