000
CXUS54 KCRP 050247
CF6COT
PRELIMINARY LOCAL CLIMATOLOGICAL DATA (WS FORM: F-6)
STATION: COTULLA
MONTH: JANUARY
YEAR: 2023
LATITUDE: 28 27 N
LONGITUDE: 99 13 W
TEMPERATURE IN F: :PCPN: SNOW: WIND :SUNSHINE: SKY :PK WND
================================================================================
1 2 3 4 5 6A 6B 7 8 9 10 11 12 13 14 15 16 17 18
12Z AVG MX 2MIN
DY MAX MIN AVG DEP HDD CDD WTR SNW DPTH SPD SPD DIR MIN PSBL S-S WX SPD DR
================================================================================
1 83 52 68 13 0 3 0.00 0.0 0 6.9 14 130 M M 2 128 20 130
2 91 66 79 24 0 14 0.00 0.0 0 7.9 18 160 M M 4 18 28 160
3 82 54 68 13 0 3 0.00 0.0 0 5.2 14 350 M M 0 18 22 360
4 81 44 63 8 2 0 0.00 0.0 0 4.2 14 320 M M 0 20 310
5 83 46 65 10 0 0 0.00 0.0 0 4.3 12 110 M M 0 17 120
6 86 54 70 15 0 5 0.00 0.0 0 8.4 20 160 M M 2 12 30 160
7 79 63 71 16 0 6 0.00 0.0 0 5.3 12 140 M M 7 1 17 40
8 79 57 68 13 0 3 0.00 0.0 0 6.7 17 30 M M 3 23 10
9 78 50 64 9 1 0 0.00 0.0 0 4.8 9 150 M M 0 13 190
10 86 50 68 13 0 3 0.00 0.0 0 3.9 10 180 M M 2 128 14 160
11 91 56 74 19 0 9 0.00 0.0 0 5.9 15 200 M M 1 12 23 180
12 74 49 62 7 3 0 0.00 0.0 0 10.5 24 360 M M 0 33 360
13 71 34 53 -2 12 0 0.00 0.0 0 4.9 10 20 M M 0 17 90
14 74 39 57 2 8 0 0.00 0.0 0 7.7 16 140 M M 0 23 120
15 82 49 66 11 0 1 0.00 0.0 0 9.0 20 150 M M 0 28 160
16 83 56 70 15 0 5 0.00 0.0 0 6.7 13 340 M M 1 1 18 330
17 84 48 66 11 0 1 0.00 0.0 0 7.5 17 130 M M 0 18 24 130
18 84 59 72 16 0 7 T 0.0 0 7.7 23 350 M M 3 18 31 350
19 78 43 61 5 4 0 0.00 0.0 0 6.3 15 10 M M 1 21 20
20 66 59 63 7 2 0 T 0.0 0 9.1 15 100 M M 10 22 110
21 73 49 61 5 4 0 T 0.0 0 5.4 13 110 M M 6 20 100
22 73 45 59 3 6 0 0.00 0.0 0 7.2 17 320 M M 1 27 330
23 66 41 54 -2 11 0 0.00 0.0 0 14.6 24 110 M M 7 37 120
24 70 51 61 5 4 0 0.26 0.0 0 14.3 31 320 M M 6 18 41 330
25 67 39 53 -3 12 0 0.00 0.0 0 8.6 21 330 M M 0 30 330
26 64 37 51 -6 14 0 0.00 0.0 0 4.7 10 60 M M 1 16 80
27 59 43 51 -6 14 0 0.00 0.0 0 5.6 14 110 M M 9 1 19 110
28 66 52 59 2 6 0 0.01 0.0 0 4.4 9 80 M M 8 1 13 90
29 83 59 71 14 0 6 0.01 0.0 0 6.9 22 60 M M 6 128 30 60
30 60 40 50 -8 15 0 0.01 0.0 0 10.3 18 70 M M 10 18 26 50
31 41 37 39 -19 26 0 0.06 0.0 0 8.3 14 340 M M 10 1 18 30
================================================================================
SM 2337 1521 144 66 0.35 0.0 223.2 M 100
================================================================================
AV 75.4 49.1 7.2 FASTST M M 3 MAX(MPH)
MISC ----> 31 320 41 330
================================================================================
NOTES:
# LAST OF SEVERAL OCCURRENCES
COLUMN 17 PEAK WIND IN M.P.H.
PRELIMINARY LOCAL CLIMATOLOGICAL DATA (WS FORM: F-6) , PAGE 2
STATION: COTULLA
MONTH: JANUARY
YEAR: 2023
LATITUDE: 28 27 N
LONGITUDE: 99 13 W
[TEMPERATURE DATA] [PRECIPITATION DATA] SYMBOLS USED IN COLUMN 16
AVERAGE MONTHLY: 62.2 TOTAL FOR MONTH: 0.35 1 = FOG OR MIST
DPTR FM NORMAL: 6.5 DPTR FM NORMAL: -0.50 2 = FOG REDUCING VISIBILITY
HIGHEST: 91 ON 11, 2 GRTST 24HR 0.26 ON 24-24 TO 1/4 MILE OR LESS
LOWEST: 34 ON 13 3 = THUNDER
SNOW, ICE PELLETS, HAIL 4 = ICE PELLETS
TOTAL MONTH: 0.0 INCH 5 = HAIL
GRTST 24HR 0.0 6 = FREEZING RAIN OR DRIZZLE
GRTST DEPTH: 0 7 = DUSTSTORM OR SANDSTORM:
VSBY 1/2 MILE OR LESS
8 = SMOKE OR HAZE
[NO. OF DAYS WITH] [WEATHER - DAYS WITH] 9 = BLOWING SNOW
X = TORNADO
MAX 32 OR BELOW: 0 0.01 INCH OR MORE: 5
MAX 90 OR ABOVE: 2 0.10 INCH OR MORE: 1
MIN 32 OR BELOW: 0 0.50 INCH OR MORE: 0
MIN 0 OR BELOW: 0 1.00 INCH OR MORE: 0
[HDD (BASE 65) ]
TOTAL THIS MO. 144 CLEAR (SCALE 0-3) 20
DPTR FM NORMAL -168 PTCLDY (SCALE 4-7) 6
TOTAL FM JUL 1 553 CLOUDY (SCALE 8-10) 5
DPTR FM NORMAL -182
[CDD (BASE 65) ]
TOTAL THIS MO. 66
DPTR FM NORMAL 43 [PRESSURE DATA]
TOTAL FM JAN 1 66 HIGHEST SLP 30.50 ON 13
DPTR FM NORMAL 43 LOWEST SLP 29.62 ON 2
[REMARKS]
#FINAL-01-23#