000
CXUS53 KLSX 031757 CCA
CF6COU
PRELIMINARY LOCAL CLIMATOLOGICAL DATA (WS FORM: F-6)
STATION: COLUMBIA ASOS
MONTH: FEBRUARY
YEAR: 2020
LATITUDE: 38 49 N
LONGITUDE: 92 13 W
TEMPERATURE IN F: :PCPN: SNOW: WIND :SUNSHINE: SKY :PK WND
================================================================================
1 2 3 4 5 6A 6B 7 8 9 10 11 12 13 14 15 16 17 18
12Z AVG MX 2MIN
DY MAX MIN AVG DEP HDD CDD WTR SNW DPTH SPD SPD DIR MIN PSBL S-S WX SPD DR
================================================================================
1 45 33 39 8 26 0 0.00 0.0 0 8.2 15 240 M M 6 1 20 240
2 67 40 54 23 11 0 0.00 0.0 0 8.7 16 250 M M 0 8 22 250
3 72 40 56 25 9 0 0.00 0.0 0 11.1 24 210 M M 0 32 210
4 41 31 36 4 29 0 0.06 0.0 0 13.8 21 20 M M 9 16 27 20
5 31 26 29 -3 36 0 0.26 2.4 0 11.2 20 10 M M 10 128 25 20
6 31 21 26 -6 39 0 T T 2 7.7 15 360 M M 8 1 19 340
7 34 18 26 -6 39 0 0.03 T 1 7.6 20 320 M M 6 1 25 320
8 35 22 29 -3 36 0 0.00 0.0 1 6.7 13 130 M M 3 18 19 300
9 49 34 42 9 23 0 0.27 0.0 T 11.6 22 160 M M 10 18 30 140
10 38 28 33 0 32 0 0.00 0.0 0 6.6 16 350 M M 9 21 360
11 43 32 38 5 27 0 0.00 0.0 0 6.9 15 320 M M 6 20 320
12 34 31 33 0 32 0 0.47 2.0 0 6.5 14 320 M M 8 1 18 340
13 33 3 18 -16 47 0 T T 2 12.9 26 310 M M 3 1 34 320
14 27 0 14 -20 51 0 0.00 0.0 2 6.8 18 150 M M 1 25 150
15 40 24 32 -2 33 0 0.00 0.0 1 8.8 18 190 M M 5 28 170
16 52 25 39 4 26 0 0.00 0.0 1 6.1 13 150 M M 0 1 16 140
17 50 39 45 10 20 0 0.07 0.0 0 7.3 20 310 M M 7 12 28 320
18 43 28 36 1 29 0 0.00 0.0 0 11.5 22 320 M M 4 30 310
19 44 25 35 -1 30 0 0.00 0.0 0 9.9 17 40 M M 0 22 20
20 31 19 25 -11 40 0 0.00 0.0 0 10.5 17 20 M M 3 24 10
21 42 13 28 -8 37 0 0.00 0.0 0 6.8 15 210 M M 0 23 220
22 53 24 39 2 26 0 0.00 0.0 0 10.4 17 210 M M 0 23 200
23 62 37 50 13 15 0 T 0.0 0 6.5 15 230 M M 1 19 240
24 46 39 43 6 22 0 0.92 0.0 0 12.0 21 10 M M 10 1 32 30
25 39 33 36 -2 29 0 0.17 0.7 0 12.1 18 360 M M 10 1 25 10
26 37 26 32 -6 33 0 0.06 0.7 1 13.2 25 340 M M 8 18 34 340
27 43 21 32 -6 33 0 0.00 0.0 0 9.4 23 230 M M 6 29 240
28 49 25 37 -2 28 0 T T 0 9.6 22 310 M M 4 33 300
29 56 24 40 1 25 0 0.00 0.0 0 8.7 18 170 M M 0 24 170
================================================================================
SM 1267 761 863 0 2.31 5.8 269.1 M 137
================================================================================
AV 43.7 26.2 9.3 FASTST M M 5 MAX(MPH)
MISC ----> 26 310 # 34 320
================================================================================
NOTES:
# LAST OF SEVERAL OCCURRENCES
COLUMN 17 PEAK WIND IN M.P.H.
PRELIMINARY LOCAL CLIMATOLOGICAL DATA (WS FORM: F-6) , PAGE 2
STATION: COLUMBIA ASOS
MONTH: FEBRUARY
YEAR: 2020
LATITUDE: 38 49 N
LONGITUDE: 92 13 W
[TEMPERATURE DATA] [PRECIPITATION DATA] SYMBOLS USED IN COLUMN 16
AVERAGE MONTHLY: 35.0 TOTAL FOR MONTH: 2.31 1 = FOG OR MIST
DPTR FM NORMAL: 0.6 DPTR FM NORMAL: 0.06 2 = FOG REDUCING VISIBILITY
HIGHEST: 72 ON 3 GRTST 24HR 0.92 ON 23-24 TO 1/4 MILE OR LESS
LOWEST: 0 ON 14 3 = THUNDER
SNOW, ICE PELLETS, HAIL 4 = ICE PELLETS
TOTAL MONTH: 5.8 INCHES 5 = HAIL
GRTST 24HR 2.4 ON 5 6 = FREEZING RAIN OR DRIZZLE
GRTST DEPTH: 2 ON 14,13 7 = DUSTSTORM OR SANDSTORM:
VSBY 1/2 MILE OR LESS
8 = SMOKE OR HAZE
[NO. OF DAYS WITH] [WEATHER - DAYS WITH] 9 = BLOWING SNOW
X = TORNADO
MAX 32 OR BELOW: 4 0.01 INCH OR MORE: 9
MAX 90 OR ABOVE: 0 0.10 INCH OR MORE: 5
MIN 32 OR BELOW: 21 0.50 INCH OR MORE: 1
MIN 0 OR BELOW: 1 1.00 INCH OR MORE: 0
[HDD (BASE 65) ]
TOTAL THIS MO. 863 CLEAR (SCALE 0-3) 12
DPTR FM NORMAL -20 PTCLDY (SCALE 4-7) 8
TOTAL FM JUL 1 3700 CLOUDY (SCALE 8-10) 9
DPTR FM NORMAL -298
[CDD (BASE 65) ]
TOTAL THIS MO. 0
DPTR FM NORMAL 0 [PRESSURE DATA]
TOTAL FM JAN 1 0 HIGHEST SLP 30.77 ON 20
DPTR FM NORMAL 0 LOWEST SLP 29.52 ON 3
[REMARKS]
#FINAL-02-20#