000
CXUS53 KLSX 011400
CF6CPS
PRELIMINARY LOCAL CLIMATOLOGICAL DATA (WS FORM: F-6)
STATION: CAHOKIA/ST. LOUIS
MONTH: JUNE
YEAR: 2020
LATITUDE: 38 34 N
LONGITUDE: 90 9 W
TEMPERATURE IN F: :PCPN: SNOW: WIND :SUNSHINE: SKY :PK WND
================================================================================
1 2 3 4 5 6A 6B 7 8 9 10 11 12 13 14 15 16 17 18
12Z AVG MX 2MIN
DY MAX MIN AVG DEP HDD CDD WTR SNW DPTH SPD SPD DIR MIN PSBL S-S WX SPD DR
================================================================================
1 83 58 71 1 0 6 0.00 0.0 0 6.6 15 140 M M 1 20 150
2 89 63 76 5 0 11 0.00 0.0 0 5.0 13 200 M M 0 20 210
3 93 65 79 8 0 14 T 0.0 0 5.6 13 200 M M 1 23 180
4 85 68 77 6 0 12 0.01 0.0 0 5.1 13 150 M M 1 18 180
5 89 65 77 5 0 12 T 0.0 0 3.1 14 250 M M 0 28 240
6 95 66 81 9 0 16 0.00 0.0 0 2.2 12 50 M M 0 1 16 140
7 94 71 83 11 0 18 0.00 0.0 0 7.3 14 150 M M 0 19 170
8 90 63 77 5 0 12 0.03 0.0 0 9.5 21 110 M M 0 28 100
9 91 74 83 10 0 18 0.10 0.0 0 14.0 26 140 M M 7 1 37 130
10 82 63 73 0 0 8 0.01 0.0 0 10.3 23 290 M M 5 1 36 300
11 86 55 71 -2 0 6 0.00 0.0 0 5.2 16 310 M M 0 27 290
12 92 59 76 3 0 11 0.00 0.0 0 3.1 13 330 M M 3 3 18 330
13 91 62 77 3 0 12 0.00 0.0 0 5.6 14 20 M M 1 20 50
14 84 64 74 0 0 9 0.00 0.0 0 8.6 17 70 M M 0 22 80
15 85 56 71 -3 0 6 0.00 0.0 0 5.1 14 80 M M 2 20 70
16 88 51 70 -4 0 5 0.00 0.0 0 3.6 14 130 M M 1 19 100
17 88 57 73 -2 0 8 0.00 0.0 0 3.7 13 130 M M 1 18 130
18 90 59 75 0 0 10 0.00 0.0 0 2.6 12 30 M M 1 22 40
19 92 62 77 2 0 12 0.00 0.0 0 3.1 13 200 M M 0 18 190
20 93 67 80 5 0 15 0.01 0.0 0 4.2 21 280 M M 3 3 38 300
21 87 66 77 2 0 12 2.70 0.0 0 5.7 15 240 M M 5 13 27 230
22 85 68 77 1 0 12 0.16 0.0 0 5.8 17 150 M M 2 13 24 150
23 82 66 74 -2 0 9 0.00 0.0 0 8.4 18 320 M M 3 25 340
24 84 63 74 -2 0 9 0.00 0.0 0 3.7 14 310 M M 2 20 320
25 89 61 75 -1 0 10 0.00 0.0 0 2.7 10 230 M M 1 15 200
26 92 71 82 6 0 17 0.00 0.0 0 6.8 16 160 M M 1 25 150
27 84 72 78 2 0 13 0.11 0.0 0 5.4 14 240 M M 1 1 25 250
28 91 72 82 5 0 17 0.05 0.0 0 4.3 13 140 M M 3 38 17 280
29 89 74 82 5 0 17 0.00 0.0 0 6.3 16 180 M M 3 3 27 200
30 78 68 73 -4 0 8 3.41 0.0 0 5.8 26 70 M M 7 13 33 80
================================================================================
SM 2641 1929 0 345 6.59 0.0 168.4 M 55
================================================================================
AV 88.0 64.3 5.6 FASTST M M 2 MAX(MPH)
MISC ----> # 26 140 38 300
================================================================================
NOTES:
# LAST OF SEVERAL OCCURRENCES
COLUMN 17 PEAK WIND IN M.P.H.
PRELIMINARY LOCAL CLIMATOLOGICAL DATA (WS FORM: F-6) , PAGE 2
STATION: CAHOKIA/ST. LOUIS
MONTH: JUNE
YEAR: 2020
LATITUDE: 38 34 N
LONGITUDE: 90 9 W
[TEMPERATURE DATA] [PRECIPITATION DATA] SYMBOLS USED IN COLUMN 16
AVERAGE MONTHLY: 76.2 TOTAL FOR MONTH: 6.59 1 = FOG OR MIST
DPTR FM NORMAL: 2.2 DPTR FM NORMAL: 2.42 2 = FOG REDUCING VISIBILITY
HIGHEST: 95 ON 6 GRTST 24HR 3.44 ON 30-30 TO 1/4 MILE OR LESS
LOWEST: 51 ON 16 3 = THUNDER
SNOW, ICE PELLETS, HAIL 4 = ICE PELLETS
TOTAL MONTH: 0.0 INCH 5 = HAIL
GRTST 24HR 0.0 6 = FREEZING RAIN OR DRIZZLE
GRTST DEPTH: 0 7 = DUSTSTORM OR SANDSTORM:
VSBY 1/2 MILE OR LESS
8 = SMOKE OR HAZE
[NO. OF DAYS WITH] [WEATHER - DAYS WITH] 9 = BLOWING SNOW
X = TORNADO
MAX 32 OR BELOW: 0 0.01 INCH OR MORE: 10
MAX 90 OR ABOVE: 12 0.10 INCH OR MORE: 5
MIN 32 OR BELOW: 0 0.50 INCH OR MORE: 2
MIN 0 OR BELOW: 0 1.00 INCH OR MORE: 2
[HDD (BASE 65) ]
TOTAL THIS MO. 0 CLEAR (SCALE 0-3) 24
DPTR FM NORMAL -7 PTCLDY (SCALE 4-7) 6
TOTAL FM JUL 1 4543 CLOUDY (SCALE 8-10) 0
DPTR FM NORMAL -181
[CDD (BASE 65) ]
TOTAL THIS MO. 345
DPTR FM NORMAL 68 [PRESSURE DATA]
TOTAL FM JAN 1 463 HIGHEST SLP 30.31 ON 15
DPTR FM NORMAL 51 LOWEST SLP 29.40 ON 9
[REMARKS]
#FINAL-06-20#