000
CXUS54 KFWD 072138
CF6CPT
PRELIMINARY LOCAL CLIMATOLOGICAL DATA (WS FORM: F-6)
STATION: CLEBURNE
MONTH: APRIL
YEAR: 2022
LATITUDE: 32 20 N
LONGITUDE: 97 24 W
TEMPERATURE IN F: :PCPN: SNOW: WIND :SUNSHINE: SKY :PK WND
================================================================================
1 2 3 4 5 6A 6B 7 8 9 10 11 12 13 14 15 16 17 18
12Z AVG MX 2MIN
DY MAX MIN AVG DEP HDD CDD WTR SNW DPTH SPD SPD DIR MIN PSBL S-S WX SPD DR
================================================================================
1 M M M M M M M M M M M M M M M M M
2 M M M M M M M M M M M M M M M M M
3 M M M M M M M M M M M M M M M M M
4 M M M M M M M M M M M M M M M M M
5 M M M M M M M M M M M M M M M M M
6 72 52 62 0 3 0 0.00 M M 16.9 24 360 M M 1 32 10
7 68 45 57 -5 8 0 0.00 M M 14.1 31 310 M M 2 43 310
8 68 46 57 -6 8 0 0.00 M M 13.5 29 330 M M 1 39 330
9 86 43 65 2 0 0 0.00 M M 11.0 24 170 M M 0 31 170
10 82 61 72 9 0 7 0.00 M M 18.8 24 150 M M 1 40 170
11 86 70 78 14 0 13 0.00 M M 15.3 20 180 M M 5 32 170
12 84 64 74 10 0 9 0.08 M M 16.0 23 170 M M 6 3 31 170
13 79 57 68 4 0 3 0.02 M M 16.0 24 180 M M 4 3 35 170
14 77 48 63 -1 2 0 0.00 M M 10.3 18 130 M M 1 23 110
15 84 55 70 5 0 5 0.00 M M 13.7 20 170 M M 3 28 170
16 82 59 71 6 0 6 0.00 M M 10.6 15 360 M M 6 18 23 170
17 79 57 68 3 0 3 0.00 M M 8.2 14 310 M M 5 20 310
18 73 52 63 -3 2 0 0.00 M M 10.8 17 40 M M 1 24 40
19 75 52 64 -2 1 0 0.00 M M 15.5 23 140 M M 4 33 160
20 90 64 77 11 0 12 0.00 M M 18.4 24 190 M M 5 1 37 190
21 84 57 71 5 0 6 0.00 M M 16.9 23 150 M M 8 30 150
22 86 70 78 12 0 13 0.00 M M 18.8 26 160 M M 7 37 160
23 84 68 76 9 0 11 0.00 M M 20.8 26 160 M M 8 38 160
24 82 59 71 4 0 6 0.00 M M 16.0 24 180 M M 9 1 31 170
25 64 57 61 -6 4 0 0.05 M M 12.9 22 20 M M 7 13 30 20
26 73 48 61 -7 4 0 0.00 M M 8.4 16 70 M M 0 22 70
27 75 54 65 -3 0 0 0.00 M M 9.7 15 130 M M 4 22 170
28 81 64 73 5 0 8 0.00 M M 14.0 21 170 M M 6 31 170
29 82 70 76 8 0 11 0.00 M M 18.2 23 170 M M 7 32 170
30 82 61 72 3 0 7 0.00 M M 12.1 22 360 M M 3 28 180
================================================================================
SM 1978 1433 32 120 0.15 M 356.8 M 104
================================================================================
AV 79.1 57.3 14.3 FASTST M M 4 MAX(MPH)
MISC ----> 31 310 43 310
================================================================================
NOTES:
# LAST OF SEVERAL OCCURRENCES
COLUMN 17 PEAK WIND IN M.P.H.
PRELIMINARY LOCAL CLIMATOLOGICAL DATA (WS FORM: F-6) , PAGE 2
STATION: CLEBURNE
MONTH: APRIL
YEAR: 2022
LATITUDE: 32 20 N
LONGITUDE: 97 24 W
[TEMPERATURE DATA] [PRECIPITATION DATA] SYMBOLS USED IN COLUMN 16
AVERAGE MONTHLY: 68.2 TOTAL FOR MONTH: 0.15 1 = FOG OR MIST
DPTR FM NORMAL: 3.4 DPTR FM NORMAL: -2.76 2 = FOG REDUCING VISIBILITY
HIGHEST: 90 ON 20 GRTST 24HR 0.08 ON 12-12 TO 1/4 MILE OR LESS
LOWEST: 43 ON 9 3 = THUNDER
SNOW, ICE PELLETS, HAIL 4 = ICE PELLETS
TOTAL MONTH: M 5 = HAIL
GRTST 24HR M ON M 6 = FREEZING RAIN OR DRIZZLE
GRTST DEPTH: M ON M 7 = DUSTSTORM OR SANDSTORM:
VSBY 1/2 MILE OR LESS
8 = SMOKE OR HAZE
[NO. OF DAYS WITH] [WEATHER - DAYS WITH] 9 = BLOWING SNOW
X = TORNADO
MAX 32 OR BELOW: 0 0.01 INCH OR MORE: 3
MAX 90 OR ABOVE: 1 0.10 INCH OR MORE: 0
MIN 32 OR BELOW: 0 0.50 INCH OR MORE: 0
MIN 0 OR BELOW: 0 1.00 INCH OR MORE: 0
[HDD (BASE 65) ]
TOTAL THIS MO. 32 CLEAR (SCALE 0-3) 9
DPTR FM NORMAL -63 PTCLDY (SCALE 4-7) 13
TOTAL FM JUL 1 1906 CLOUDY (SCALE 8-10) 8
DPTR FM NORMAL -533
[CDD (BASE 65) ]
TOTAL THIS MO. 120
DPTR FM NORMAL 32 [PRESSURE DATA]
TOTAL FM JAN 1 153 HIGHEST SLP M ON M
DPTR FM NORMAL 42 LOWEST SLP M ON M
[REMARKS]
#FINAL-04-22#