000
CXUS56 KLOX 231155
CF6CQT
PRELIMINARY LOCAL CLIMATOLOGICAL DATA (WS FORM: F-6)
STATION: DOWNTOWN LOS ANGELES (USC) CA
MONTH: APRIL
YEAR: 2024
LATITUDE: 34 1 N
LONGITUDE: 118 17 W
TEMPERATURE IN F: :PCPN: SNOW: WIND :SUNSHINE: SKY :PK WND
================================================================================
1 2 3 4 5 6A 6B 7 8 9 10 11 12 13 14 15 16 17 18
12Z AVG MX 2MIN
DY MAX MIN AVG DEP HDD CDD WTR SNW DPTH SPD SPD DIR MIN PSBL S-S WX SPD DR
================================================================================
1 69 52 61 -1 4 0 0.00 M M 1.8 10 260 M M 1 20 260
2 74 53 64 2 1 0 0.00 M M 1.5 8 270 M M 0 17 260
3 76 54 65 2 0 0 0.00 M M 0.9 7 260 M M 0 M M
4 66 51 59 -4 6 0 0.01 M M 2.4 12 260 M M 8 23 270
5 59 47 53 -10 12 0 0.09 M M 3.5 13 250 M M 4 33 250
6 65 46 56 -7 9 0 0.00 M M 1.8 10 260 M M 0 20 260
7 68 48 58 -5 7 0 0.00 M M 1.1 8 260 M M 0 18 260
8 74 50 62 -1 3 0 0.00 M M 0.9 8 270 M M 0 17 270
9 81 53 67 4 0 2 0.00 M M 0.5 10 250 M M 0 M 260
10 81 56 69 6 0 4 0.00 M M 1.1 8 270 M M 0 8 14 260
11 78 56 67 4 0 2 0.00 M M 0.5 5 270 M M 3 128 M M
12 63 56 60 -3 5 0 0.00 M M 2.1 7 130 M M 10 18 M M
13 65 50 58 -5 7 0 0.36 M M 4.2 12 160 M M 9 12 21 160
14 60 49 55 -9 10 0 0.17 M M 2.2 8 130 M M 7 18 13 90
15 67 48 58 -6 7 0 0.00 M M 1.4 6 260 M M 2 1 M M
16 79 52 66 2 0 1 0.00 M M 1.5 8 250 M M 0 M M
17 77 56 67 3 0 2 0.00 M M 0.4 8 270 M M 0 16 270
18 72 56 64 0 1 0 0.00 M M 0.7 9 260 M M 3 18 20 270
19 69 57 63 -1 2 0 0.00 M M 2.1 8 260 M M 6 17 260
20 71 57 64 0 1 0 0.00 M M 1.3 8 270 M M 5 8 15 260
21 71 55 63 -1 2 0 0.00 M M 0.9 8 260 M M 4 18 16 280
22 68 60 64 0 1 0 0.00 M M 0.5 7 260 M M 10 8 14 280
================================================================================
SM 1553 1162 78 11 0.63 M 33.3 M 72
================================================================================
AV 70.6 52.8 1.5 FASTST M M 3 MAX(MPH)
MISC ----> 13 250 33 250
================================================================================
NOTES:
# LAST OF SEVERAL OCCURRENCES
COLUMN 17 PEAK WIND IN M.P.H.
PRELIMINARY LOCAL CLIMATOLOGICAL DATA (WS FORM: F-6) , PAGE 2
STATION: DOWNTOWN LOS ANGELES (USC) CA
MONTH: APRIL
YEAR: 2024
LATITUDE: 34 1 N
LONGITUDE: 118 17 W
[TEMPERATURE DATA] [PRECIPITATION DATA] SYMBOLS USED IN COLUMN 16
AVERAGE MONTHLY: 61.7 TOTAL FOR MONTH: 0.63 1 = FOG OR MIST
DPTR FM NORMAL: -1.6 DPTR FM NORMAL: 0.05 2 = FOG REDUCING VISIBILITY
HIGHEST: 81 ON 10, 9 GRTST 24HR 0.52 ON 13-14 TO 1/4 MILE OR LESS
LOWEST: 46 ON 6 3 = THUNDER
SNOW, ICE PELLETS, HAIL 4 = ICE PELLETS
TOTAL MONTH: M 5 = HAIL
GRTST 24HR M ON M 6 = FREEZING RAIN OR DRIZZLE
GRTST DEPTH: M ON M 7 = DUSTSTORM OR SANDSTORM:
VSBY 1/2 MILE OR LESS
8 = SMOKE OR HAZE
[NO. OF DAYS WITH] [WEATHER - DAYS WITH] 9 = BLOWING SNOW
X = TORNADO
MAX 32 OR BELOW: 0 0.01 INCH OR MORE: 4
MAX 90 OR ABOVE: 0 0.10 INCH OR MORE: 2
MIN 32 OR BELOW: 0 0.50 INCH OR MORE: 0
MIN 0 OR BELOW: 0 1.00 INCH OR MORE: 0
[HDD (BASE 65) ]
TOTAL THIS MO. 78 CLEAR (SCALE 0-3) 11
DPTR FM NORMAL 10 PTCLDY (SCALE 4-7) 8
TOTAL FM JUL 1 742 CLOUDY (SCALE 8-10) 3
DPTR FM NORMAL -201
[CDD (BASE 65) ]
TOTAL THIS MO. 11
DPTR FM NORMAL -17 [PRESSURE DATA]
TOTAL FM JAN 1 19 HIGHEST SLP M ON M
DPTR FM NORMAL -51 LOWEST SLP 29.83 ON 1
[REMARKS]