000
CXUS52 KILM 011000
CF6CRE
PRELIMINARY LOCAL CLIMATOLOGICAL DATA (WS FORM: F-6)
STATION: N.MYRTLE BEACH SOUTH CAROLINA
MONTH: MARCH
YEAR: 2021
LATITUDE: 33 49 N
LONGITUDE: 78 43 W
TEMPERATURE IN F: :PCPN: SNOW: WIND :SUNSHINE: SKY :PK WND
================================================================================
1 2 3 4 5 6A 6B 7 8 9 10 11 12 13 14 15 16 17 18
12Z AVG MX 2MIN
DY MAX MIN AVG DEP HDD CDD WTR SNW DPTH SPD SPD DIR MIN PSBL S-S WX SPD DR
================================================================================
1 81 57 69 18 0 4 0.10 M M 10.0 23 280 M M 8 12 37 310
2 59 43 51 0 14 0 0.03 M M 9.5 22 50 M M 3 1 26 40
3 60 41 51 0 14 0 0.87 M M 9.2 17 10 M M 8 1 25 10
4 70 41 56 5 9 0 0.00 M M 4.7 15 280 M M 0 1 21 270
5 58 41 50 -2 15 0 0.00 M M 5.3 18 40 M M 0 22 30
6 53 34 44 -8 21 0 0.00 M M 5.8 16 50 M M 3 20 50
7 58 31 45 -7 20 0 0.00 M M 5.7 16 360 M M 0 1 25 360
8 60 29 45 -7 20 0 0.00 M M 4.4 14 210 M M 0 18 210
9 63 33 48 -5 17 0 0.00 M M 7.3 17 210 M M 0 21 220
10 69 38 54 1 11 0 0.00 M M 4.2 13 190 M M 0 15 190
11 69 42 56 3 9 0 0.00 M M 5.1 12 200 M M 0 16 210
12 73 49 61 8 4 0 0.00 M M 8.6 18 220 M M 0 1 25 200
13 72 51 62 8 3 0 T M M 7.7 17 110 M M 6 22 110
14 69 53 61 7 4 0 0.15 M M 4.1 9 20 M M 7 1 11 10
15 63 51 57 3 8 0 0.00 M M 12.7 21 50 M M 7 28 90
16 54 43 49 -5 16 0 0.05 M M 6.6 16 30 M M 8 1 23 90
17 59 47 53 -1 12 0 0.67 M M 5.1 12 30 M M 10 13 13 90
18 67 54 61 6 4 0 T M M 13.5 28 210 M M 8 12 39 200
19 64 43 54 -1 11 0 T M M 12.9 26 20 M M 7 1 35 20
20 56 40 48 -7 17 0 0.01 M M 14.8 24 40 M M 9 31 360
21 68 47 58 3 7 0 T M M 17.3 28 50 M M 7 37 50
22 72 51 62 6 3 0 T M M 14.3 25 30 M M 4 32 30
23 71 55 63 7 2 0 0.01 M M 9.7 17 30 M M 7 1 23 20
24 69 59 64 8 1 0 0.06 M M 5.5 13 180 M M 6 1 14 190
25 74 57 66 10 0 1 T M M 7.6 15 180 M M 3 12 23 160
26 71 63 67 11 0 2 T M M 12.2 22 210 M M 5 12 29 220
27 76 62 69 12 0 4 T M M 7.9 21 220 M M 4 1 22 220
28 72 63 68 11 0 3 0.28 M M 16.4 29 220 M M 4 138 37 200
29 65 53 59 2 6 0 0.00 M M 9.1 13 40 M M 0 23 340
30 71 42 57 0 8 0 T M M 7.0 17 100 M M 5 24 110
31 75 59 67 9 0 2 0.57 M M 8.5 21 200 M M 5 13 29 190
================================================================================
SM 2061 1472 256 16 2.80 M 272.7 M 134
================================================================================
AV 66.5 47.5 8.8 FASTST M M 4 MAX(MPH)
MISC ----> 29 220 39 200
================================================================================
NOTES:
# LAST OF SEVERAL OCCURRENCES
COLUMN 17 PEAK WIND IN M.P.H.
PRELIMINARY LOCAL CLIMATOLOGICAL DATA (WS FORM: F-6) , PAGE 2
STATION: N.MYRTLE BEACH SOUTH CAROLINA
MONTH: MARCH
YEAR: 2021
LATITUDE: 33 49 N
LONGITUDE: 78 43 W
[TEMPERATURE DATA] [PRECIPITATION DATA] SYMBOLS USED IN COLUMN 16
AVERAGE MONTHLY: 57.0 TOTAL FOR MONTH: 2.80 1 = FOG OR MIST
DPTR FM NORMAL: 2.8 DPTR FM NORMAL: -1.12 2 = FOG REDUCING VISIBILITY
HIGHEST: 81 ON 1 GRTST 24HR 0.90 ON 2- 3 TO 1/4 MILE OR LESS
LOWEST: 29 ON 8 3 = THUNDER
SNOW, ICE PELLETS, HAIL 4 = ICE PELLETS
TOTAL MONTH: M 5 = HAIL
GRTST 24HR M ON M 6 = FREEZING RAIN OR DRIZZLE
GRTST DEPTH: M ON M 7 = DUSTSTORM OR SANDSTORM:
VSBY 1/2 MILE OR LESS
8 = SMOKE OR HAZE
[NO. OF DAYS WITH] [WEATHER - DAYS WITH] 9 = BLOWING SNOW
X = TORNADO
MAX 32 OR BELOW: 0 0.01 INCH OR MORE: 11
MAX 90 OR ABOVE: 0 0.10 INCH OR MORE: 6
MIN 32 OR BELOW: 2 0.50 INCH OR MORE: 3
MIN 0 OR BELOW: 0 1.00 INCH OR MORE: 0
[HDD (BASE 65) ]
TOTAL THIS MO. 256 CLEAR (SCALE 0-3) 10
DPTR FM NORMAL -82 PTCLDY (SCALE 4-7) 17
TOTAL FM JUL 1 1945 CLOUDY (SCALE 8-10) 4
DPTR FM NORMAL -337
[CDD (BASE 65) ]
TOTAL THIS MO. 16
DPTR FM NORMAL 13 [PRESSURE DATA]
TOTAL FM JAN 1 17 HIGHEST SLP 30.58 ON 9
DPTR FM NORMAL 14 LOWEST SLP 29.62 ON 18
[REMARKS]
#FINAL-03-21#