000
CXUS52 KILM 011100
CF6CRE
PRELIMINARY LOCAL CLIMATOLOGICAL DATA (WS FORM: F-6)
STATION: N.MYRTLE BEACH SOUTH CAROLINA
MONTH: NOVEMBER
YEAR: 2023
LATITUDE: 33 49 N
LONGITUDE: 78 43 W
TEMPERATURE IN F: :PCPN: SNOW: WIND :SUNSHINE: SKY :PK WND
================================================================================
1 2 3 4 5 6A 6B 7 8 9 10 11 12 13 14 15 16 17 18
12Z AVG MX 2MIN
DY MAX MIN AVG DEP HDD CDD WTR SNW DPTH SPD SPD DIR MIN PSBL S-S WX SPD DR
================================================================================
1 53 36 45 -15 20 0 0.00 M M 8.7 21 10 M M 2 32 20
2 58 32 45 -15 20 0 0.00 M M 6.9 15 20 M M 0 23 50
3 67 38 53 -7 12 0 0.00 M M 8.2 15 40 M M 0 23 50
4 76 49 63 4 2 0 0.00 M M 8.8 17 20 M M 5 23 20
5 77 46 62 3 3 0 0.00 M M 4.7 14 40 M M 0 21 20
6 75 45 60 1 5 0 0.00 M M 3.1 12 40 M M 0 1 16 50
7 75 48 62 4 3 0 0.00 M M 5.6 14 220 M M 0 1 19 220
8 72 51 62 4 3 0 0.00 M M 4.8 10 220 M M 0 1 15 220
9 74 57 66 8 0 1 0.00 M M 8.9 18 220 M M 0 26 220
10 78 56 67 10 0 2 T M M 8.5 18 40 M M 2 27 260
11 57 50 54 -3 11 0 0.56 M M 10.5 16 30 M M 10 1 25 30
12 55 51 53 -4 12 0 0.53 M M 12.1 17 40 M M 10 1 29 10
13 66 43 55 -1 10 0 0.00 M M 5.8 14 10 M M 4 1 20 30
14 68 41 55 -1 10 0 0.00 M M 4.3 16 50 M M 0 1 24 60
15 63 46 55 -1 10 0 0.00 M M 8.9 15 40 M M 1 20 50
16 75 56 66 10 0 1 0.01 M M 8.9 18 80 M M 4 27 70
17 77 58 68 13 0 3 T M M 8.1 17 80 M M 4 25 70
18 79 61 70 15 0 5 0.03 M M 5.5 17 30 M M 4 27 20
19 67 46 57 2 8 0 0.00 M M 8.0 15 50 M M 1 23 10
20 69 45 57 2 8 0 0.00 M M 8.8 18 30 M M 3 26 40
21 71 55 63 9 2 0 0.20 M M 10.3 21 200 M M 9 18 29 210
22 71 53 62 8 3 0 0.85 M M 10.8 22 230 M M 6 13 30 230
23 59 44 52 -2 13 0 0.00 M M 4.1 13 20 M M 0 20 10
24 59 48 54 0 11 0 0.01 M M 1.7 6 350 M M 4 8 160
25 59 43 51 -3 14 0 0.00 M M 9.5 18 30 M M 0 26 30
26 51 39 45 -8 20 0 0.26 M M 4.8 9 330 M M 4 1 13 340
27 59 44 52 -1 13 0 0.01 M M 4.6 13 310 M M 5 1 23 290
28 53 33 43 -10 22 0 0.00 M M 3.8 10 300 M M 0 17 280
29 52 30 41 -12 24 0 0.00 M M 4.9 14 40 M M 0 19 50
30 58 30 44 -8 21 0 0.00 M M 0.7 8 110 M M 1 12 11 130
================================================================================
SM 1973 1374 280 12 2.46 M 204.3 M 79
================================================================================
AV 65.8 45.8 6.8 FASTST M M 3 MAX(MPH)
MISC ----> 22 230 32 20
================================================================================
NOTES:
# LAST OF SEVERAL OCCURRENCES
COLUMN 17 PEAK WIND IN M.P.H.
PRELIMINARY LOCAL CLIMATOLOGICAL DATA (WS FORM: F-6) , PAGE 2
STATION: N.MYRTLE BEACH SOUTH CAROLINA
MONTH: NOVEMBER
YEAR: 2023
LATITUDE: 33 49 N
LONGITUDE: 78 43 W
[TEMPERATURE DATA] [PRECIPITATION DATA] SYMBOLS USED IN COLUMN 16
AVERAGE MONTHLY: 55.8 TOTAL FOR MONTH: 2.46 1 = FOG OR MIST
DPTR FM NORMAL: -0.2 DPTR FM NORMAL: -0.83 2 = FOG REDUCING VISIBILITY
HIGHEST: 79 ON 18 GRTST 24HR 1.02 ON 21-22 TO 1/4 MILE OR LESS
LOWEST: 30 ON 30,29 3 = THUNDER
SNOW, ICE PELLETS, HAIL 4 = ICE PELLETS
TOTAL MONTH: M 5 = HAIL
GRTST 24HR M ON M 6 = FREEZING RAIN OR DRIZZLE
GRTST DEPTH: M ON M 7 = DUSTSTORM OR SANDSTORM:
VSBY 1/2 MILE OR LESS
8 = SMOKE OR HAZE
[NO. OF DAYS WITH] [WEATHER - DAYS WITH] 9 = BLOWING SNOW
X = TORNADO
MAX 32 OR BELOW: 0 0.01 INCH OR MORE: 9
MAX 90 OR ABOVE: 0 0.10 INCH OR MORE: 5
MIN 32 OR BELOW: 3 0.50 INCH OR MORE: 3
MIN 0 OR BELOW: 0 1.00 INCH OR MORE: 0
[HDD (BASE 65) ]
TOTAL THIS MO. 280 CLEAR (SCALE 0-3) 18
DPTR FM NORMAL -6 PTCLDY (SCALE 4-7) 9
TOTAL FM JUL 1 353 CLOUDY (SCALE 8-10) 3
DPTR FM NORMAL -15
[CDD (BASE 65) ]
TOTAL THIS MO. 12
DPTR FM NORMAL -4 [PRESSURE DATA]
TOTAL FM JAN 1 1940 HIGHEST SLP 30.50 ON 2
DPTR FM NORMAL -62 LOWEST SLP 29.70 ON 22
[REMARKS]
#FINAL-11-23#