000
CXUS54 KCRP 052349
CF6CRP
PRELIMINARY LOCAL CLIMATOLOGICAL DATA (WS FORM: F-6)
STATION: CORPUS CHRISTI
MONTH: MAY
YEAR: 2022
LATITUDE: 27 46 N
LONGITUDE: 97 30 W
TEMPERATURE IN F: :PCPN: SNOW: WIND :SUNSHINE: SKY :PK WND
================================================================================
1 2 3 4 5 6A 6B 7 8 9 10 11 12 13 14 15 16 17 18
12Z AVG MX 2MIN
DY MAX MIN AVG DEP HDD CDD WTR SNW DPTH SPD SPD DIR MIN PSBL S-S WX SPD DR
================================================================================
1 90 73 82 6 0 17 T 0.0 0 15.4 26 120 M M 8 39 120
2 88 76 82 6 0 17 T 0.0 0 21.9 35 150 M M 8 3 45 160
3 84 77 81 5 0 16 T 0.0 0 16.2 23 120 M M 10 29 140
4 89 77 83 6 0 18 0.00 0.0 0 21.0 31 150 M M 9 41 130
5 89 77 83 6 0 18 T 0.0 0 17.6 29 150 M M 8 36 160
6 92 75 84 7 0 19 0.00 0.0 0 10.3 17 150 M M 7 1 24 160
7 96 73 85 8 0 20 0.00 0.0 0 15.1 29 160 M M 5 1 36 160
8 92 76 84 6 0 19 0.00 0.0 0 20.0 30 140 M M 6 38 180
9 92 77 85 7 0 20 T 0.0 0 19.0 29 160 M M 7 37 140
10 90 77 84 6 0 19 T 0.0 0 18.1 28 120 M M 8 34 120
11 91 72 82 4 0 17 0.00 0.0 0 11.8 23 130 M M 7 1 30 130
12 91 66 79 1 0 14 0.00 0.0 0 12.1 24 130 M M 6 1 33 130
13 91 66 79 1 0 14 0.00 0.0 0 10.9 24 140 M M 4 31 140
14 93 70 82 3 0 17 0.00 0.0 0 10.4 23 120 M M 4 29 120
15 92 65 79 0 0 14 0.00 0.0 0 12.6 23 160 M M 4 1 29 150
16 93 71 82 3 0 17 0.00 0.0 0 12.8 22 170 M M 4 30 140
17 93 70 82 3 0 17 0.00 0.0 0 16.0 29 140 M M 5 43 140
18 91 74 83 4 0 18 0.00 0.0 0 19.1 30 140 M M 7 37 160
19 91 74 83 3 0 18 0.00 0.0 0 19.5 32 140 M M 7 39 150
20 90 78 84 4 0 19 T 0.0 0 23.2 38 140 M M 9 138 47 150
21 94 77 86 6 0 21 0.00 0.0 0 19.1 29 150 M M 5 1 39 150
22 85 69 77 -3 0 12 1.08 0.0 0 10.3 37 50 M M 8 13 46 50
23 86 70 78 -2 0 13 0.09 0.0 0 11.2 21 90 M M 8 3 27 90
24 84 70 77 -4 0 12 0.48 0.0 0 14.9 46 120 M M 8 13 60 120
25 86 64 75 -6 0 10 1.05 0.0 0 12.0 31 20 M M 7 13 42 10
26 92 67 80 -1 0 15 0.00 0.0 0 4.8 15 150 M M 2 12 20 80
27 93 70 82 1 0 17 0.00 0.0 0 9.0 16 140 M M 2 12 21 180
28 91 73 82 1 0 17 0.00 0.0 0 12.1 22 140 M M 4 1 29 140
29 90 78 84 3 0 19 0.00 0.0 0 18.9 29 150 M M 6 38 150
30 90 79 85 3 0 20 0.00 0.0 0 20.7 29 140 M M 7 38 160
31 90 79 85 3 0 20 T 0.0 0 15.8 23 110 M M 7 30 110
================================================================================
SM 2799 2260 0 524 2.70 0.0 471.8 M 197
================================================================================
AV 90.3 72.9 15.2 FASTST M M 6 MAX(MPH)
MISC ----> 46 120 60 120
================================================================================
NOTES:
# LAST OF SEVERAL OCCURRENCES
COLUMN 17 PEAK WIND IN M.P.H.
PRELIMINARY LOCAL CLIMATOLOGICAL DATA (WS FORM: F-6) , PAGE 2
STATION: CORPUS CHRISTI
MONTH: MAY
YEAR: 2022
LATITUDE: 27 46 N
LONGITUDE: 97 30 W
[TEMPERATURE DATA] [PRECIPITATION DATA] SYMBOLS USED IN COLUMN 16
AVERAGE MONTHLY: 81.6 TOTAL FOR MONTH: 2.70 1 = FOG OR MIST
DPTR FM NORMAL: 2.6 DPTR FM NORMAL: -0.68 2 = FOG REDUCING VISIBILITY
HIGHEST: 96 ON 7 GRTST 24HR 1.35 ON 24-25 TO 1/4 MILE OR LESS
LOWEST: 64 ON 25 3 = THUNDER
SNOW, ICE PELLETS, HAIL 4 = ICE PELLETS
TOTAL MONTH: 0.0 INCH 5 = HAIL
GRTST 24HR 0.0 6 = FREEZING RAIN OR DRIZZLE
GRTST DEPTH: 0 7 = DUSTSTORM OR SANDSTORM:
VSBY 1/2 MILE OR LESS
8 = SMOKE OR HAZE
[NO. OF DAYS WITH] [WEATHER - DAYS WITH] 9 = BLOWING SNOW
X = TORNADO
MAX 32 OR BELOW: 0 0.01 INCH OR MORE: 4
MAX 90 OR ABOVE: 23 0.10 INCH OR MORE: 3
MIN 32 OR BELOW: 0 0.50 INCH OR MORE: 2
MIN 0 OR BELOW: 0 1.00 INCH OR MORE: 2
[HDD (BASE 65) ]
TOTAL THIS MO. 0 CLEAR (SCALE 0-3) 2
DPTR FM NORMAL 0 PTCLDY (SCALE 4-7) 25
TOTAL FM JUL 1 871 CLOUDY (SCALE 8-10) 4
DPTR FM NORMAL 70
[CDD (BASE 65) ]
TOTAL THIS MO. 524
DPTR FM NORMAL 90 [PRESSURE DATA]
TOTAL FM JAN 1 1065 HIGHEST SLP 30.09 ON 22
DPTR FM NORMAL 131 LOWEST SLP 29.50 ON 20
[REMARKS]
#FINAL-05-22#