000
CXUS51 KRLX 012030
CLMCRW
CLIMATE REPORT
NATIONAL WEATHER SERVICE CHARLESTON WV
430 PM EDT TUE AUG 01 2023
...................................
...THE CHARLESTON WV CLIMATE SUMMARY FOR THE MONTH OF JULY 2023...
CLIMATE NORMAL PERIOD: 1991 TO 2020
CLIMATE RECORD PERIOD: 1901 TO 2023
WEATHER OBSERVED NORMAL DEPART LAST YEAR`S
VALUE DATE(S) VALUE FROM VALUE
NORMAL
..............................................................
TEMPERATURE (F)
RECORD
HIGH 108 07/04/1931
LOW 46 07/10/1963 HIGHEST 92 07/26 91
07/28
LOWEST 58 07/23 60
AVG. MAXIMUM 86.0 86.0 0.0 84.8
AVG. MINIMUM 65.5 65.5 0.0 67.7
MEAN 75.8 75.8 -0.0 76.2
DAYS MAX >= 90 5 8.1 -3.1 3
DAYS MAX >= 80 29 28
DAYS MAX >= 100 0 0
DAYS MIN <= 32 0 0.0 0.0 0
PRECIPITATION (INCHES)
RECORD
MAXIMUM 13.54 1961
MINIMUM 0.66 1894
TOTALS 4.27 5.38 -1.11 9.95
DAILY AVG. 0.14 0.17 -0.03 0.32
DAYS >= .01 10 12.8 -2.8 19
DAYS >= .10 7 8.6 -1.6 16
DAYS >= .50 4 4.0 0.0 10
DAYS >= 1.00 1 1.5 -0.5 2
GREATEST
24 HR. TOTAL 1.14 07/17 TO 07/18 1.70
DEGREE DAYS
HEATING TOTAL 0 0 0 0
SINCE 7/1 0 0 0 MM
COOLING TOTAL 341 333 8 357
SINCE 1/1 522 691 -169 MM
..............................................................
WIND (MPH)
AVERAGE WIND SPEED 3.7
HIGHEST WIND SPEED/DIRECTION 40/300 DATE 07/28
HIGHEST GUST SPEED/DIRECTION 62/300 DATE 07/28
SKY COVER
AVERAGE SKY COVER 0.56
NUMBER OF DAYS FAIR 5
NUMBER OF DAYS PC 20
NUMBER OF DAYS CLOUDY 6
AVERAGE RH (PERCENT) 75
WEATHER CONDITIONS. NUMBER OF DAYS WITH
THUNDERSTORM 14 MIXED PRECIP 0
HEAVY RAIN 5 RAIN 6
LIGHT RAIN 20 FREEZING RAIN 0
LT FREEZING RAIN 0 HAIL 0
HEAVY SNOW 0 SNOW 0
LIGHT SNOW 0 SLEET 0
FOG 29 FOG W/VIS <= 1/4 MILE 7
HAZE 2
- INDICATES NEGATIVE NUMBERS.
R INDICATES RECORD WAS SET OR TIED.
MM INDICATES DATA IS MISSING.
T INDICATES TRACE AMOUNT.
$$