000
CXUS52 KFFC 011110
CF6CSG
PRELIMINARY LOCAL CLIMATOLOGICAL DATA (WS FORM: F-6)
STATION: COLUMBUS
MONTH: NOVEMBER
YEAR: 2020
LATITUDE: 32 31 N
LONGITUDE: 84 56 W
TEMPERATURE IN F: :PCPN: SNOW: WIND :SUNSHINE: SKY :PK WND
================================================================================
1 2 3 4 5 6A 6B 7 8 9 10 11 12 13 14 15 16 17 18
12Z AVG MX 2MIN
DY MAX MIN AVG DEP HDD CDD WTR SNW DPTH SPD SPD DIR MIN PSBL S-S WX SPD DR
================================================================================
1 75 57 66 4 0 1 0.00 0.0 M 7.3 17 340 M M 5 27 300
2 65 42 54 -7 11 0 0.00 0.0 M 5.7 17 10 M M 0 32 10
3 70 36 53 -8 12 0 0.00 0.0 M 2.0 9 290 M M 0 17 360
4 73 41 57 -4 8 0 0.00 0.0 M 2.2 9 150 M M 0 12 150
5 76 47 62 2 3 0 0.00 0.0 M 4.3 14 80 M M 1 18 80
6 78 60 69 9 0 4 0.00 0.0 M 7.1 15 80 M M 3 20 70
7 73 65 69 9 0 4 0.04 0.0 M 8.9 15 90 M M 7 18 22 90
8 76 66 71 11 0 6 T 0.0 M 11.1 23 90 M M 6 1 34 80
9 81 68 75 16 0 10 T 0.0 M 10.6 20 80 M M 8 27 80
10 76 69 73 14 0 8 T 0.0 M 10.2 17 100 M M 10 18 23 80
11 83 70 77 18 0 12 0.01 0.0 M 3.7 12 300 M M 7 1 14 290
12 80 60 70 12 0 5 0.00 0.0 M 8.6 18 330 M M 4 1 23 340
13 78 54 66 8 0 1 0.00 0.0 M 4.6 13 330 M M 2 18 360
14 77 47 62 4 3 0 0.00 0.0 M 2.3 7 140 M M 0 11 330
15 77 50 64 6 1 0 T M M 5.4 17 240 M M 3 24 270
16 66 44 55 -2 10 0 0.00 0.0 M 4.7 16 350 M M 0 23 30
17 68 38 53 -4 12 0 0.00 0.0 M 5.4 21 340 M M 0 30 340
18 66 42 54 -2 11 0 0.00 0.0 M 5.0 16 90 M M 0 21 80
19 67 39 53 -3 12 0 0.00 0.0 M 5.9 14 110 M M 0 8 21 80
20 74 44 59 3 6 0 0.00 0.0 M 3.1 10 80 M M 3 15 80
21 73 50 62 6 3 0 0.00 0.0 M 2.0 9 130 M M 4 13 140
22 75 50 63 8 2 0 0.00 0.0 M 2.3 9 350 M M 4 14 340
23 66 45 56 1 9 0 0.00 0.0 M 6.6 16 360 M M 0 23 350
24 69 39 54 -1 11 0 0.00 0.0 M 6.5 15 110 M M 1 24 110
25 77 52 65 11 0 0 0.34 0.0 M 7.4 18 220 M M 8 1 29 220
26 74 59 67 13 0 2 1.33 0.0 M 4.4 10 280 M M 7 13 19 280
27 73 57 65 11 0 0 0.32 0.0 M 1.2 9 300 M M 6 13 11 290
28 67 56 62 9 3 0 0.36 0.0 M 3.2 12 350 M M 3 1 18 350
29 65 55 60 7 5 0 1.28 0.0 M 7.2 14 100 M M 8 1 20 110
30 67 35 51 -2 14 0 0.05 M M 16.2 29 270 M M 10 1 43 260
================================================================================
SM 2185 1537 136 53 3.73 0.0 175.1 M 110
================================================================================
AV 72.8 51.2 5.8 FASTST M M 4 MAX(MPH)
MISC ----> 29 270 43 260
================================================================================
NOTES:
# LAST OF SEVERAL OCCURRENCES
COLUMN 17 PEAK WIND IN M.P.H.
PRELIMINARY LOCAL CLIMATOLOGICAL DATA (WS FORM: F-6) , PAGE 2
STATION: COLUMBUS
MONTH: NOVEMBER
YEAR: 2020
LATITUDE: 32 31 N
LONGITUDE: 84 56 W
[TEMPERATURE DATA] [PRECIPITATION DATA] SYMBOLS USED IN COLUMN 16
AVERAGE MONTHLY: 62.0 TOTAL FOR MONTH: 3.73 1 = FOG OR MIST
DPTR FM NORMAL: 4.7 DPTR FM NORMAL: -0.37 2 = FOG REDUCING VISIBILITY
HIGHEST: 83 ON 11 GRTST 24HR 1.67 ON 25-26 TO 1/4 MILE OR LESS
LOWEST: 35 ON 30 3 = THUNDER
SNOW, ICE PELLETS, HAIL 4 = ICE PELLETS
TOTAL MONTH: 0.0 INCH 5 = HAIL
GRTST 24HR 0.0 6 = FREEZING RAIN OR DRIZZLE
GRTST DEPTH: M ON M 7 = DUSTSTORM OR SANDSTORM:
VSBY 1/2 MILE OR LESS
8 = SMOKE OR HAZE
[NO. OF DAYS WITH] [WEATHER - DAYS WITH] 9 = BLOWING SNOW
X = TORNADO
MAX 32 OR BELOW: 0 0.01 INCH OR MORE: 8
MAX 90 OR ABOVE: 0 0.10 INCH OR MORE: 5
MIN 32 OR BELOW: 0 0.50 INCH OR MORE: 2
MIN 0 OR BELOW: 0 1.00 INCH OR MORE: 2
[HDD (BASE 65) ]
TOTAL THIS MO. 136 CLEAR (SCALE 0-3) 13
DPTR FM NORMAL -120 PTCLDY (SCALE 4-7) 14
TOTAL FM JUL 1 158 CLOUDY (SCALE 8-10) 3
DPTR FM NORMAL -174
[CDD (BASE 65) ]
TOTAL THIS MO. 53
DPTR FM NORMAL 29 [PRESSURE DATA]
TOTAL FM JAN 1 2630 HIGHEST SLP 30.57 ON 19
DPTR FM NORMAL 266 LOWEST SLP 29.57 ON 30
[REMARKS]
#FINAL-11-20#