000
CXUS55 KOHX 052018
CF6CSV
PRELIMINARY LOCAL CLIMATOLOGICAL DATA (WS FORM: F-6)
STATION: CROSSVILLE
MONTH: APRIL
YEAR: 2023
LATITUDE: 35 57 N
LONGITUDE: 85 5 W
TEMPERATURE IN F: :PCPN: SNOW: WIND :SUNSHINE: SKY :PK WND
================================================================================
1 2 3 4 5 6A 6B 7 8 9 10 11 12 13 14 15 16 17 18
12Z AVG MX 2MIN
DY MAX MIN AVG DEP HDD CDD WTR SNW DPTH SPD SPD DIR MIN PSBL S-S WX SPD DR
================================================================================
1 72 37 55 4 10 0 0.25 M M 15.2 40 270 M M 2 13 58 260
2 65 32 49 -2 16 0 0.00 M M 4.8 14 270 M M 0 18 270
3 58 50 54 3 11 0 0.02 M M 6.5 15 180 M M 6 18 26 220
4 74 55 65 13 0 0 0.00 M M 7.7 16 190 M M 6 1 24 200
5 81 58 70 18 0 5 0.18 M M 8.6 22 200 M M 4 1 38 240
6 71 46 59 7 6 0 0.01 M M 6.7 15 20 M M 9 12 22 360
7 47 43 45 -8 20 0 0.36 M M 9.6 17 40 M M 10 1 27 40
8 46 43 45 -8 20 0 0.15 M M 7.1 14 80 M M 10 1 19 60
9 66 38 52 -1 13 0 0.00 M M 5.8 16 80 M M 1 12 25 80
10 68 36 52 -2 13 0 0.00 M M 2.2 14 10 M M 0 17 20
11 71 39 55 1 10 0 0.00 M M 2.5 10 340 M M 0 14 80
12 75 40 58 4 7 0 0.00 M M 2.1 9 360 M M 0 1 17 350
13 73 43 58 3 7 0 0.00 M M 5.2 14 140 M M 3 21 150
14 66 53 60 5 5 0 T M M 5.5 13 140 M M 6 23 190
15 75 49 62 7 3 0 0.00 M M 3.4 13 290 M M 5 1 17 260
16 64 42 53 -3 12 0 0.15 M M 8.7 25 280 M M 6 1 38 280
17 62 38 50 -6 15 0 0.00 M M 11.2 28 280 M M 0 39 260
18 73 42 58 2 7 0 0.00 M M 9.0 23 280 M M 0 32 260
19 78 45 62 5 3 0 0.00 M M 3.6 14 180 M M 0 22 190
20 79 47 63 6 2 0 0.00 M M 5.4 18 180 M M 0 32 200
21 72 49 61 4 4 0 1.07 M M 7.7 25 260 M M 3 13 35 250
22 61 42 52 -6 13 0 0.02 M M 7.9 25 280 M M 5 36 270
23 52 33 43 -15 22 0 0.00 M M 5.2 14 270 M M 3 19 280
24 57 30 44 -14 21 0 0.00 M M 5.8 14 20 M M 0 21 320
25 63 36 50 -8 15 0 0.00 M M 4.1 13 50 M M 0 17 90
26 61 39 50 -9 15 0 0.00 M M 2.6 9 130 M M 5 14 90
27 57 51 54 -5 11 0 0.29 M M 5.2 12 110 M M 9 1 17 120
28 69 50 60 1 5 0 0.09 M M 6.9 18 270 M M 7 13 26 270
29 68 44 56 -3 9 0 0.00 M M 2.8 10 140 M M 1 12 16 150
30 58 40 49 -11 16 0 0.01 M M 11.9 30 290 M M 5 1 44 280
================================================================================
SM 1982 1290 311 5 2.60 M 190.9 M 106
================================================================================
AV 66.1 43.0 6.4 FASTST M M 4 MAX(MPH)
MISC ----> 40 270 58 260
================================================================================
NOTES:
# LAST OF SEVERAL OCCURRENCES
COLUMN 17 PEAK WIND IN M.P.H.
PRELIMINARY LOCAL CLIMATOLOGICAL DATA (WS FORM: F-6) , PAGE 2
STATION: CROSSVILLE
MONTH: APRIL
YEAR: 2023
LATITUDE: 35 57 N
LONGITUDE: 85 5 W
[TEMPERATURE DATA] [PRECIPITATION DATA] SYMBOLS USED IN COLUMN 16
AVERAGE MONTHLY: 54.5 TOTAL FOR MONTH: 2.60 1 = FOG OR MIST
DPTR FM NORMAL: -0.9 DPTR FM NORMAL: -2.87 2 = FOG REDUCING VISIBILITY
HIGHEST: 81 ON 5 GRTST 24HR 1.07 ON 21-21 TO 1/4 MILE OR LESS
LOWEST: 30 ON 24 3 = THUNDER
SNOW, ICE PELLETS, HAIL 4 = ICE PELLETS
TOTAL MONTH: M 5 = HAIL
GRTST 24HR M ON M 6 = FREEZING RAIN OR DRIZZLE
GRTST DEPTH: M ON M 7 = DUSTSTORM OR SANDSTORM:
VSBY 1/2 MILE OR LESS
8 = SMOKE OR HAZE
[NO. OF DAYS WITH] [WEATHER - DAYS WITH] 9 = BLOWING SNOW
X = TORNADO
MAX 32 OR BELOW: 0 0.01 INCH OR MORE: 12
MAX 90 OR ABOVE: 0 0.10 INCH OR MORE: 7
MIN 32 OR BELOW: 2 0.50 INCH OR MORE: 1
MIN 0 OR BELOW: 0 1.00 INCH OR MORE: 1
[HDD (BASE 65) ]
TOTAL THIS MO. 311 CLEAR (SCALE 0-3) 15
DPTR FM NORMAL 11 PTCLDY (SCALE 4-7) 11
TOTAL FM JUL 1 3802 CLOUDY (SCALE 8-10) 4
DPTR FM NORMAL -461
[CDD (BASE 65) ]
TOTAL THIS MO. 5
DPTR FM NORMAL -7 [PRESSURE DATA]
TOTAL FM JAN 1 12 HIGHEST SLP 30.41 ON 10
DPTR FM NORMAL -1 LOWEST SLP 29.51 ON 30
[REMARKS]
#FINAL-04-23#