000
CXUS55 KOHX 011110
CF6CSV
PRELIMINARY LOCAL CLIMATOLOGICAL DATA (WS FORM: F-6)
STATION: CROSSVILLE
MONTH: OCTOBER
YEAR: 2021
LATITUDE: 35 57 N
LONGITUDE: 85 5 W
TEMPERATURE IN F: :PCPN: SNOW: WIND :SUNSHINE: SKY :PK WND
================================================================================
1 2 3 4 5 6A 6B 7 8 9 10 11 12 13 14 15 16 17 18
12Z AVG MX 2MIN
DY MAX MIN AVG DEP HDD CDD WTR SNW DPTH SPD SPD DIR MIN PSBL S-S WX SPD DR
================================================================================
1 80 59 70 8 0 5 0.00 M M 1.7 7 170 M M 1 1238 12 170
2 75 60 68 6 0 3 0.00 M M 4.5 12 170 M M 3 18 19 160
3 69 64 67 6 0 2 0.66 M M 5.2 9 190 M M 9 1 19 170
4 74 61 68 7 0 3 0.00 M M 2.3 10 300 M M 5 1 13 290
5 69 60 65 5 0 0 0.05 M M 3.2 9 140 M M 9 1 15 150
6 68 60 64 4 1 0 2.52 M M 6.2 33 270 M M 10 1238 41 280
7 75 59 67 7 0 2 0.07 M M 2.9 13 50 M M 7 12 17 50
8 76 57 67 8 0 2 0.00 M M 2.2 9 310 M M 6 12 13 280
9 77 54 66 7 0 1 0.00 M M 0.5 6 100 M M 1 18 9 110
10 78 58 68 9 0 3 0.00 M M 2.2 9 120 M M 1 1 14 110
11 73 59 66 8 0 1 0.00 M M 5.7 15 180 M M 3 1 28 190
12 75 64 70 12 0 5 0.00 M M 5.0 12 180 M M 8 1 21 190
13 74 61 68 10 0 3 0.00 M M 2.3 9 170 M M 6 1 14 160
14 79 59 69 12 0 4 0.00 M M 1.8 10 160 M M 1 12 15 170
15 76 59 68 11 0 3 0.19 M M 3.8 12 250 M M 5 18 21 220
16 66 41 54 -2 11 0 0.25 M M 7.5 18 320 M M 4 1 28 310
17 62 36 49 -7 16 0 0.00 M M 4.6 14 340 M M 0 23 340
18 69 37 53 -3 12 0 0.00 M M 1.9 8 40 M M 0 12 11 50
19 70 39 55 0 10 0 0.00 M M 1.3 9 270 M M 1 128 12 280
20 71 44 58 3 7 0 0.00 M M 3.0 13 260 M M 2 1 19 260
21 72 51 62 8 3 0 0.01 M M 5.3 13 260 M M 7 1 22 240
22 53 43 48 -6 17 0 0.00 M M 3.8 12 290 M M 7 12 17 290
23 67 39 53 -1 12 0 0.00 M M 2.0 7 130 M M 1 1 10 130
24 71 50 61 8 4 0 0.00 M M 6.9 14 180 M M 2 27 170
25 69 47 58 5 7 0 0.20 M M 9.7 23 290 M M 7 18 35 260
26 50 37 44 -9 21 0 0.00 M M 6.2 14 330 M M 8 12 23 310
27 62 33 48 -4 17 0 0.00 M M 4.9 15 60 M M 1 12 20 80
28 61 51 56 4 9 0 0.25 M M 8.5 22 140 M M 7 18 37 140
29 51 47 49 -3 16 0 0.12 M M 3.5 10 260 M M 10 1 16 210
30 52 48 50 -1 15 0 0.30 M M 9.2 17 270 M M 10 1 27 260
31 55 41 48 -3 17 0 0.02 M M 5.0 10 270 M M 8 1 19 330
================================================================================
SM 2119 1578 195 37 4.64 M 132.8 M 150
================================================================================
AV 68.4 50.9 4.3 FASTST M M 5 MAX(MPH)
MISC ----> 33 270 41 280
================================================================================
NOTES:
# LAST OF SEVERAL OCCURRENCES
COLUMN 17 PEAK WIND IN M.P.H.
PRELIMINARY LOCAL CLIMATOLOGICAL DATA (WS FORM: F-6) , PAGE 2
STATION: CROSSVILLE
MONTH: OCTOBER
YEAR: 2021
LATITUDE: 35 57 N
LONGITUDE: 85 5 W
[TEMPERATURE DATA] [PRECIPITATION DATA] SYMBOLS USED IN COLUMN 16
AVERAGE MONTHLY: 59.6 TOTAL FOR MONTH: 4.64 1 = FOG OR MIST
DPTR FM NORMAL: 3.2 DPTR FM NORMAL: 1.50 2 = FOG REDUCING VISIBILITY
HIGHEST: 80 ON 1 GRTST 24HR 2.59 ON 6- 7 TO 1/4 MILE OR LESS
LOWEST: 33 ON 27 3 = THUNDER
SNOW, ICE PELLETS, HAIL 4 = ICE PELLETS
TOTAL MONTH: M 5 = HAIL
GRTST 24HR M ON M 6 = FREEZING RAIN OR DRIZZLE
GRTST DEPTH: M ON M 7 = DUSTSTORM OR SANDSTORM:
VSBY 1/2 MILE OR LESS
8 = SMOKE OR HAZE
[NO. OF DAYS WITH] [WEATHER - DAYS WITH] 9 = BLOWING SNOW
X = TORNADO
MAX 32 OR BELOW: 0 0.01 INCH OR MORE: 12
MAX 90 OR ABOVE: 0 0.10 INCH OR MORE: 8
MIN 32 OR BELOW: 0 0.50 INCH OR MORE: 2
MIN 0 OR BELOW: 0 1.00 INCH OR MORE: 1
[HDD (BASE 65) ]
TOTAL THIS MO. 195 CLEAR (SCALE 0-3) 12
DPTR FM NORMAL -87 PTCLDY (SCALE 4-7) 13
TOTAL FM JUL 1 236 CLOUDY (SCALE 8-10) 6
DPTR FM NORMAL -100
[CDD (BASE 65) ]
TOTAL THIS MO. 37
DPTR FM NORMAL 23 [PRESSURE DATA]
TOTAL FM JAN 1 897 HIGHEST SLP 30.30 ON 20
DPTR FM NORMAL 7 LOWEST SLP 29.42 ON 29
[REMARKS]
#FINAL-10-21#