535
CXUS55 KOHX 011010
CF6CSV
PRELIMINARY LOCAL CLIMATOLOGICAL DATA (WS FORM: F-6)
STATION: CROSSVILLE
MONTH: JUNE
YEAR: 2020
LATITUDE: 35 57 N
LONGITUDE: 85 5 W
TEMPERATURE IN F: :PCPN: SNOW: WIND :SUNSHINE: SKY :PK WND
================================================================================
1 2 3 4 5 6A 6B 7 8 9 10 11 12 13 14 15 16 17 18
12Z AVG MX 2MIN
DY MAX MIN AVG DEP HDD CDD WTR SNW DPTH SPD SPD DIR MIN PSBL S-S WX SPD DR
================================================================================
1 79 47 63 -5 2 0 0.00 M M 2.7 10 90 M M 0 8 15 110
2 82 60 71 3 0 6 0.00 M M 3.8 14 260 M M 1 20 250
3 83 61 72 4 0 7 0.00 M M 3.4 12 320 M M 2 13 17 310
4 80 65 73 5 0 8 1.01 M M 3.8 18 240 M M 4 138 34 220
5 81 63 72 3 0 7 0.25 M M 6.5 15 260 M M 6 1 26 240
6 86 60 73 4 0 8 0.00 M M 1.1 8 300 M M 0 1 11 340
7 87 63 75 6 0 10 0.00 M M 4.3 13 50 M M 0 1 17 100
8 83 63 73 4 0 8 0.00 M M 4.5 12 140 M M 2 20 170
9 80 72 76 6 0 11 T M M 8.3 16 190 M M 6 26 190
10 83 62 73 3 0 8 0.05 M M 8.4 17 290 M M 7 8 29 160
11 77 56 67 -3 0 2 0.00 M M 6.0 14 340 M M 3 20 350
12 79 52 66 -4 0 1 0.00 M M 4.9 17 60 M M 1 26 10
13 81 51 66 -5 0 1 0.00 M M 3.0 13 10 M M 1 18 360
14 78 53 66 -5 0 1 T M M 4.0 20 10 M M 1 34 340
15 74 50 62 -9 3 0 T M M 4.6 16 80 M M 4 24 80
16 74 52 63 -8 2 0 0.00 M M 5.7 14 70 M M 4 1 21 40
17 69 50 60 -12 5 0 0.00 M M 3.7 9 50 M M 7 14 40
18 76 57 67 -5 0 2 0.00 M M 2.4 9 10 M M 7 12 10
19 77 60 69 -3 0 4 0.13 M M 1.9 12 190 M M 4 123 20 190
20 85 58 72 0 0 7 0.00 M M 2.3 10 300 M M 1 12 15 300
21 82 62 72 0 0 7 1.41 M M 3.9 23 270 M M 5 138 35 260
22 80 64 72 -1 0 7 0.94 M M 3.7 10 230 M M 7 123 18 240
23 80 62 71 -2 0 6 0.22 M M 7.6 20 280 M M 6 1 29 270
24 77 60 69 -4 0 4 0.00 M M 2.8 9 300 M M 3 1 14 270
25 80 61 71 -2 0 6 0.03 M M 3.9 10 280 M M 5 1 14 300
26 80 60 70 -3 0 5 0.00 M M 4.4 14 260 M M 4 1 20 250
27 78 67 73 -1 0 8 0.01 M M 6.8 22 270 M M 6 18 30 250
28 79 65 72 -2 0 7 0.77 0.0 0 5.8 17 230 M M 6 13 32 250
29 85 65 75 1 0 10 0.00 0.0 0 5.8 21 280 M M 3 13 29 260
30 76 65 71 -3 0 6 0.13 0.0 0 1.7 18 260 M M 4 1 27 250
================================================================================
SM 2391 1786 12 157 4.95 0.0 131.7 M 110
================================================================================
AV 79.7 59.5 4.4 FASTST M M 4 MAX(MPH)
MISC ----> # 23 270 # 35 260
================================================================================
NOTES:
# LAST OF SEVERAL OCCURRENCES
COLUMN 17 PEAK WIND IN M.P.H.
PRELIMINARY LOCAL CLIMATOLOGICAL DATA (WS FORM: F-6) , PAGE 2
STATION: CROSSVILLE
MONTH: JUNE
YEAR: 2020
LATITUDE: 35 57 N
LONGITUDE: 85 5 W
[TEMPERATURE DATA] [PRECIPITATION DATA] SYMBOLS USED IN COLUMN 16
AVERAGE MONTHLY: 69.6 TOTAL FOR MONTH: 4.95 1 = FOG OR MIST
DPTR FM NORMAL: -1.4 DPTR FM NORMAL: 0.35 2 = FOG REDUCING VISIBILITY
HIGHEST: 87 ON 7 GRTST 24HR 1.41 ON 21-21 TO 1/4 MILE OR LESS
LOWEST: 47 ON 1 3 = THUNDER
SNOW, ICE PELLETS, HAIL 4 = ICE PELLETS
TOTAL MONTH: 0.0 INCH 5 = HAIL
GRTST 24HR 0.0 6 = FREEZING RAIN OR DRIZZLE
GRTST DEPTH: 0 7 = DUSTSTORM OR SANDSTORM:
VSBY 1/2 MILE OR LESS
8 = SMOKE OR HAZE
[NO. OF DAYS WITH] [WEATHER - DAYS WITH] 9 = BLOWING SNOW
X = TORNADO
MAX 32 OR BELOW: 0 0.01 INCH OR MORE: 11
MAX 90 OR ABOVE: 0 0.10 INCH OR MORE: 8
MIN 32 OR BELOW: 0 0.50 INCH OR MORE: 4
MIN 0 OR BELOW: 0 1.00 INCH OR MORE: 2
[HDD (BASE 65) ]
TOTAL THIS MO. 12 CLEAR (SCALE 0-3) 12
DPTR FM NORMAL -2 PTCLDY (SCALE 4-7) 18
TOTAL FM JUL 1 3908 CLOUDY (SCALE 8-10) 0
DPTR FM NORMAL -357
[CDD (BASE 65) ]
TOTAL THIS MO. 157
DPTR FM NORMAL -38 [PRESSURE DATA]
TOTAL FM JAN 1 220 HIGHEST SLP 30.27 ON 12
DPTR FM NORMAL -58 LOWEST SLP 29.80 ON 23
[REMARKS]
#FINAL-06-20#