000
CXUS55 KOHX 041411
CF6CSV
PRELIMINARY LOCAL CLIMATOLOGICAL DATA (WS FORM: F-6)
STATION: CROSSVILLE
MONTH: MARCH
YEAR: 2020
LATITUDE: 35 57 N
LONGITUDE: 85 5 W
TEMPERATURE IN F: :PCPN: SNOW: WIND :SUNSHINE: SKY :PK WND
================================================================================
1 2 3 4 5 6A 6B 7 8 9 10 11 12 13 14 15 16 17 18
12Z AVG MX 2MIN
DY MAX MIN AVG DEP HDD CDD WTR SNW DPTH SPD SPD DIR MIN PSBL S-S WX SPD DR
================================================================================
1 61 25 43 0 22 0 0.00 M M 5.5 15 200 M M 1 26 200
2 51 43 47 4 18 0 0.89 M M 7.5 15 190 M M 10 1 24 190
3 62 41 52 8 13 0 1.26 M M 8.5 24 260 M M 6 13 37 260
4 59 38 49 5 16 0 0.00 M M 2.6 12 270 M M 0 17 200
5 59 41 50 6 15 0 0.00 M M 5.5 14 270 M M 0 22 250
6 47 32 40 -4 25 0 0.00 M M 13.1 22 330 M M 8 34 330
7 51 26 39 -6 26 0 0.00 M M 5.6 15 50 M M 1 23 360
8 60 29 45 0 20 0 0.00 M M 6.1 15 190 M M 0 25 190
9 60 46 53 8 12 0 T M M 8.4 17 180 M M 3 30 190
10 58 51 55 10 10 0 0.48 M M 5.8 14 320 M M 10 1 28 220
11 61 50 56 10 9 0 0.00 M M 4.4 17 260 M M 7 12 24 270
12 66 49 58 12 7 0 0.09 M M 5.9 16 200 M M 9 13 29 200
13 62 47 55 9 10 0 0.13 M M 8.9 16 240 M M 6 1 31 270
14 64 44 54 7 11 0 0.24 M M 6.8 15 340 M M 8 18 21 340
15 47 37 42 -5 23 0 0.03 M M 6.7 13 20 M M 9 1 17 30
16 55 37 46 -1 19 0 0.01 M M 3.5 9 160 M M 10 12 15 180
17 55 50 53 6 12 0 0.53 M M 3.3 9 50 M M 10 12 14 340
18 64 48 56 8 9 0 0.03 M M 5.8 18 180 M M 9 12 36 150
19 72 59 66 18 0 1 0.27 M M 6.9 18 220 M M 6 1 32 240
20 67 52 60 12 5 0 1.28 M M 7.4 18 270 M M 8 12 27 270
21 52 36 44 -5 21 0 0.00 M M 7.1 13 340 M M 9 12 19 330
22 59 35 47 -2 18 0 0.01 M M 8.1 15 190 M M 5 26 180
23 56 50 53 4 12 0 0.94 M M 6.5 15 180 M M 10 13 29 180
24 61 48 55 6 10 0 1.02 M M 6.0 16 290 M M 10 123 29 300
25 63 43 53 3 12 0 0.00 M M 4.4 14 320 M M 6 1 19 280
26 75 42 59 9 6 0 0.00 M M 6.8 16 200 M M 0 26 190
27 79 62 71 21 0 6 0.00 M M 5.7 20 260 M M 1 29 240
28 76 61 69 18 0 4 0.00 M M 6.8 16 240 M M 3 30 230
29 73 55 64 13 1 0 1.14 M M M 44 270 M M 0 3 63 290
30 64 44 54 3 11 0 0.00 M M 6.1 17 320 M M 0 25 330
31 52 39 46 -5 19 0 0.61 M M 8.1 16 330 M M 10 1 25 40
================================================================================
SM 1891 1360 392 11 8.96 M 193.8 M 175
================================================================================
AV 61.0 43.9 6.5 FASTST M M 6 MAX(MPH)
MISC ----> # 44 270 # 63 290
================================================================================
NOTES:
# LAST OF SEVERAL OCCURRENCES
COLUMN 17 PEAK WIND IN M.P.H.
PRELIMINARY LOCAL CLIMATOLOGICAL DATA (WS FORM: F-6) , PAGE 2
STATION: CROSSVILLE
MONTH: MARCH
YEAR: 2020
LATITUDE: 35 57 N
LONGITUDE: 85 5 W
[TEMPERATURE DATA] [PRECIPITATION DATA] SYMBOLS USED IN COLUMN 16
AVERAGE MONTHLY: 52.4 TOTAL FOR MONTH: 8.96 1 = FOG OR MIST
DPTR FM NORMAL: 5.2 DPTR FM NORMAL: 3.98 2 = FOG REDUCING VISIBILITY
HIGHEST: 79 ON 27 GRTST 24HR 1.28 ON 20-20 TO 1/4 MILE OR LESS
LOWEST: 25 ON 1 3 = THUNDER
SNOW, ICE PELLETS, HAIL 4 = ICE PELLETS
TOTAL MONTH: M 5 = HAIL
GRTST 24HR M ON M 6 = FREEZING RAIN OR DRIZZLE
GRTST DEPTH: M ON M 7 = DUSTSTORM OR SANDSTORM:
VSBY 1/2 MILE OR LESS
8 = SMOKE OR HAZE
[NO. OF DAYS WITH] [WEATHER - DAYS WITH] 9 = BLOWING SNOW
X = TORNADO
MAX 32 OR BELOW: 0 0.01 INCH OR MORE: 17
MAX 90 OR ABOVE: 0 0.10 INCH OR MORE: 12
MIN 32 OR BELOW: 4 0.50 INCH OR MORE: 8
MIN 0 OR BELOW: 0 1.00 INCH OR MORE: 4
[HDD (BASE 65) ]
TOTAL THIS MO. 392 CLEAR (SCALE 0-3) 11
DPTR FM NORMAL -164 PTCLDY (SCALE 4-7) 7
TOTAL FM JUL 1 3336 CLOUDY (SCALE 8-10) 13
DPTR FM NORMAL -516
[CDD (BASE 65) ]
TOTAL THIS MO. 11
DPTR FM NORMAL 9 [PRESSURE DATA]
TOTAL FM JAN 1 11 HIGHEST SLP 30.55 ON 7
DPTR FM NORMAL 9 LOWEST SLP 29.67 ON 3
[REMARKS]
#FINAL-03-20#