000
CXUS55 KCAE 011400
CF6CUB
PRELIMINARY LOCAL CLIMATOLOGICAL DATA (WS FORM: F-6)
STATION: HAMILTON - OWENS AIRPORT SC
MONTH: MARCH
YEAR: 2020
LATITUDE: 33 58 N
LONGITUDE: 80 59 W
TEMPERATURE IN F: :PCPN: SNOW: WIND :SUNSHINE: SKY :PK WND
================================================================================
1 2 3 4 5 6A 6B 7 8 9 10 11 12 13 14 15 16 17 18
12Z AVG MX 2MIN
DY MAX MIN AVG DEP HDD CDD WTR SNW DPTH SPD SPD DIR MIN PSBL S-S WX SPD DR
================================================================================
1 63 29 46 -6 19 0 0.00 M M 2.3 9 200 M M 0 14 230
2 70 39 55 2 10 0 0.29 M 0 4.8 18 200 M M 4 1 28 200
3 72 57 65 12 0 0 0.36 M M 6.2 20 230 M M 9 1 29 240
4 64 54 59 6 6 0 0.31 M M 1.7 8 270 M M 10 1 11 270
5 55 49 52 -2 13 0 1.05 M M 2.2 10 70 M M 10 1 20 70
6 63 44 54 0 11 0 0.00 M M 9.6 24 260 M M 5 33 260
7 59 38 49 -5 16 0 0.00 M M 4.6 14 340 M M 0 21 330
8 63 32 48 -6 17 0 0.00 M M 1.8 9 160 M M 0 8 13 150
9 72 38 55 0 10 0 0.00 M M 4.2 15 210 M M 1 1 21 180
10 74 55 65 10 0 0 0.02 M M 3.6 17 220 M M 5 24 220
11 78 51 65 10 0 0 0.00 M M 4.0 17 260 M M 1 1 23 250
12 80 52 66 10 0 1 0.00 M M 4.0 12 220 M M 1 16 220
13 82 64 73 17 0 8 0.00 M M 5.6 16 250 M M 3 24 230
14 74 57 66 10 0 1 0.01 M M 2.9 10 60 M M 4 16 70
15 71 56 64 8 1 0 0.01 M M 3.6 12 60 M M 5 17 50
16 59 51 55 -2 10 0 0.00 M M 3.2 12 60 M M 10 18 60
17 72 53 63 6 2 0 0.11 M M 1.7 12 220 M M 7 18 15 220
18 74 67 71 14 0 6 0.00 M M 2.9 8 120 M M 7 1 M M
19 86 63 75 17 0 10 0.00 M M 5.9 15 200 M M 6 1 19 210
20 87 66 77 19 0 12 0.00 M M 7.3 18 200 M M 0 26 200
21 84 67 76 18 0 11 0.00 M M 4.9 15 260 M M 2 22 280
22 69 51 60 2 5 0 0.19 M M 4.6 13 70 M M 9 1 22 70
23 58 49 54 -5 11 0 0.12 M M 3.0 8 210 M M 10 1 10 60
24 62 56 59 0 6 0 0.74 M M 1.8 6 140 M M 9 13 M M
25 73 59 66 7 0 1 0.27 M M 5.8 15 230 M M 6 1 22 220
26 71 50 61 1 4 0 0.00 M M 3.5 10 170 M M 3 18 70
27 88 57 73 13 0 8 0.00 M M 5.3 15 270 M M 3 21 210
28 88 61 75 15 0 10 0.00 M M 5.8 21 250 M M 1 1 28 230
29 87 68 78 18 0 13 0.00 M M 8.6 17 270 M M 3 24 270
30 81 59 70 9 0 5 0.00 M M 3.5 12 260 M M 0 15 270
31 69 52 61 0 4 0 0.28 M M 3.7 14 70 M M 6 1 25 70
================================================================================
SM 2248 1644 145 86 3.76 M 132.6 M 140
================================================================================
AV 72.5 53.0 4.3 FASTST M M 5 MAX(MPH)
MISC ----> # 24 260 # 33 260
================================================================================
NOTES:
# LAST OF SEVERAL OCCURRENCES
COLUMN 17 PEAK WIND IN M.P.H.
PRELIMINARY LOCAL CLIMATOLOGICAL DATA (WS FORM: F-6) , PAGE 2
STATION: HAMILTON - OWENS AIRPORT SC
MONTH: MARCH
YEAR: 2020
LATITUDE: 33 58 N
LONGITUDE: 80 59 W
[TEMPERATURE DATA] [PRECIPITATION DATA] SYMBOLS USED IN COLUMN 16
AVERAGE MONTHLY: 62.8 TOTAL FOR MONTH: 3.76 1 = FOG OR MIST
DPTR FM NORMAL: 6.1 DPTR FM NORMAL: -0.12 2 = FOG REDUCING VISIBILITY
HIGHEST: 88 ON 28,27 GRTST 24HR 1.05 ON 5- 5 TO 1/4 MILE OR LESS
LOWEST: 29 ON 1 3 = THUNDER
SNOW, ICE PELLETS, HAIL 4 = ICE PELLETS
TOTAL MONTH: M 5 = HAIL
GRTST 24HR M ON M 6 = FREEZING RAIN OR DRIZZLE
GRTST DEPTH: 0 7 = DUSTSTORM OR SANDSTORM:
VSBY 1/2 MILE OR LESS
8 = SMOKE OR HAZE
[NO. OF DAYS WITH] [WEATHER - DAYS WITH] 9 = BLOWING SNOW
X = TORNADO
MAX 32 OR BELOW: 0 0.01 INCH OR MORE: 13
MAX 90 OR ABOVE: 0 0.10 INCH OR MORE: 10
MIN 32 OR BELOW: 2 0.50 INCH OR MORE: 2
MIN 0 OR BELOW: 0 1.00 INCH OR MORE: 1
[HDD (BASE 65) ]
TOTAL THIS MO. 145 CLEAR (SCALE 0-3) 14
DPTR FM NORMAL -129 PTCLDY (SCALE 4-7) 10
TOTAL FM JUL 1 1676 CLOUDY (SCALE 8-10) 7
DPTR FM NORMAL -527
[CDD (BASE 65) ]
TOTAL THIS MO. 86
DPTR FM NORMAL 71 [PRESSURE DATA]
TOTAL FM JAN 1 112 HIGHEST SLP 30.39 ON 22
DPTR FM NORMAL 94 LOWEST SLP 29.58 ON 31
[REMARKS]
#FINAL-03-20#