000
CXUS51 KILN 170539
CF6CVG
PRELIMINARY LOCAL CLIMATOLOGICAL DATA (WS FORM: F-6)
STATION: CINCINNATI OH
MONTH: APRIL
YEAR: 2024
LATITUDE: 39 2 N
LONGITUDE: 84 40 W
TEMPERATURE IN F: :PCPN: SNOW: WIND :SUNSHINE: SKY :PK WND
================================================================================
1 2 3 4 5 6A 6B 7 8 9 10 11 12 13 14 15 16 17 18
12Z AVG MX 2MIN
DY MAX MIN AVG DEP HDD CDD WTR SNW DPTH SPD SPD DIR MIN PSBL S-S WX SPD DR
================================================================================
1 74 55 65 16 0 0 0.02 0.0 0 7.0 21 10 M M 9 13 28 210
2 72 49 61 11 4 0 1.68 0.0 0 12.6 36 300 M M 9 13 48 290
3 49 33 41 -9 24 0 0.14 T 0 13.5 30 270 M M 9 18 41 280
4 45 33 39 -11 26 0 0.07 T 0 13.9 28 280 M M 9 1 34 270
5 47 35 41 -10 24 0 0.03 0.0 0 9.2 23 340 M M 9 1 29 340
6 58 31 45 -6 20 0 0.00 0.0 0 5.8 17 10 M M 1 23 10
7 65 36 51 -1 14 0 T 0.0 0 9.7 22 140 M M 5 31 130
8 75 53 64 12 1 0 T 0.0 0 8.5 15 210 M M 6 23 200
9 65 56 61 9 4 0 0.01 0.0 0 9.4 20 180 M M 10 13 26 220
10 63 55 59 6 6 0 0.36 0.0 0 6.8 16 190 M M 10 1 25 170
11 66 50 58 5 7 0 1.17 0.0 0 13.7 29 310 M M 10 1 50 300
12 57 45 51 -2 14 0 0.26 T 0 13.1 30 280 M M 9 135 40 270
13 67 41 54 0 11 0 0.00 0.0 0 8.3 20 290 M M 1 26 280
14 81 51 66 12 0 1 0.00 0.0 0 11.7 25 210 M M 3 35 210
15 85 61 73 19 0 8 0.00 0.0 0 8.1 17 290 M M 3 23 240
16 82 61 72 17 0 7 T 0.0 0 10.8 20 180 M M 8 26 200
================================================================================
SM 1051 745 155 16 3.74 T 162.1 M 111
================================================================================
AV 65.7 46.6 10.1 FASTST M M 7 MAX(MPH)
MISC ----> 36 300 50 300
================================================================================
NOTES:
# LAST OF SEVERAL OCCURRENCES
COLUMN 17 PEAK WIND IN M.P.H.
PRELIMINARY LOCAL CLIMATOLOGICAL DATA (WS FORM: F-6) , PAGE 2
STATION: CINCINNATI OH
MONTH: APRIL
YEAR: 2024
LATITUDE: 39 2 N
LONGITUDE: 84 40 W
[TEMPERATURE DATA] [PRECIPITATION DATA] SYMBOLS USED IN COLUMN 16
AVERAGE MONTHLY: 56.1 TOTAL FOR MONTH: 3.74 1 = FOG OR MIST
DPTR FM NORMAL: 4.1 DPTR FM NORMAL: 1.46 2 = FOG REDUCING VISIBILITY
HIGHEST: 85 ON 15 GRTST 24HR 1.68 ON 1- 2 TO 1/4 MILE OR LESS
LOWEST: 31 ON 6 3 = THUNDER
SNOW, ICE PELLETS, HAIL 4 = ICE PELLETS
TOTAL MONTH: T 5 = HAIL
GRTST 24HR T ON 3- 3 6 = FREEZING RAIN OR DRIZZLE
GRTST DEPTH: 0 7 = DUSTSTORM OR SANDSTORM:
VSBY 1/2 MILE OR LESS
8 = SMOKE OR HAZE
[NO. OF DAYS WITH] [WEATHER - DAYS WITH] 9 = BLOWING SNOW
X = TORNADO
MAX 32 OR BELOW: 0 0.01 INCH OR MORE: 9
MAX 90 OR ABOVE: 0 0.10 INCH OR MORE: 5
MIN 32 OR BELOW: 1 0.50 INCH OR MORE: 2
MIN 0 OR BELOW: 0 1.00 INCH OR MORE: 2
[HDD (BASE 65) ]
TOTAL THIS MO. 155 CLEAR (SCALE 0-3) 4
DPTR FM NORMAL -57 PTCLDY (SCALE 4-7) 3
TOTAL FM JUL 1 3915 CLOUDY (SCALE 8-10) 9
DPTR FM NORMAL -731
[CDD (BASE 65) ]
TOTAL THIS MO. 16
DPTR FM NORMAL 16 [PRESSURE DATA]
TOTAL FM JAN 1 16 HIGHEST SLP M ON M
DPTR FM NORMAL 13 LOWEST SLP 29.27 ON 2
[REMARKS]