000
CXUS51 KILN 020148
CLMCVG
CLIMATE REPORT
NATIONAL WEATHER SERVICE WILMINGTON OH
948 PM EDT MON MAY 01 2023
...................................
...THE CINCINNATI OH CLIMATE SUMMARY FOR THE MONTH OF APRIL 2023...
CLIMATE NORMAL PERIOD: 1991 TO 2020
CLIMATE RECORD PERIOD: 1869 TO 2023
WEATHER OBSERVED NORMAL DEPART LAST YEAR`S
VALUE DATE(S) VALUE FROM VALUE DATE(S)
NORMAL
................................................................
TEMPERATURE (F)
RECORD
HIGH 90 04/11/1930
04/24/1925
LOW 15 04/09/1997
HIGHEST 82 04/20 64 18 83 04/23
LOWEST 30 04/18 43 -13 29 04/10
AVG. MAXIMUM 65.9 65.5 0.4 61.5
AVG. MINIMUM 42.7 43.7 -1.0 42.7
MEAN 54.3 54.6 -0.3 52.1
DAYS MAX >= 90 0 0.0 0.0 0
DAYS MAX <= 32 0 0.0 0.0 0
DAYS MIN <= 32 2 3.6 -1.6 2
DAYS MIN <= 0 0 0.0 0.0 0
PRECIPITATION (INCHES)
TOTALS 3.78 4.53 -0.75 3.30
DAILY AVG. 0.13 0.15 -0.02 0.11
DAYS >= .01 11 13.1 -2.1 14
DAYS >= .10 6 8.6 -2.6 9
DAYS >= .50 3 3.3 -0.3 2
DAYS >= 1.00 1 1.1 -0.1 1
GREATEST
24 HR. TOTAL 1.31 04/05 TO 04/05 1.25 04/13 TO 04/14
SNOWFALL (INCHES)
TOTALS 0.0 0.4 -0.4 T
SINCE 7/1 14.4 23.3 -8.9 13.3
DAYS >= TRACE 0 0.6 -0.6 3
DAYS >= 1.0 0 0.2 -0.2 0
GREATEST
24 HR TOTAL 0.0 T 04/01 TO 04/01
04/09 TO 04/09
04/18 TO 04/18
DEGREE DAYS
HEATING TOTAL 322 328 -6 390
SINCE 7/1 4249 4762 -513 4369
COOLING TOTAL 10 16 -6 13
SINCE 1/1 10 19 -9 13
................................................................
WIND (MPH)
AVERAGE WIND SPEED 9.1
RESULTANT WIND SPEED/DIRECTION 3/230
HIGHEST WIND SPEED/DIRECTION 44/300 DATE 04/05
HIGHEST GUST SPEED/DIRECTION 58/270 DATE 04/01
SKY COVER
AVERAGE SKY COVER 0.65
AVERAGE RH (PERCENT) 65
WEATHER CONDITIONS. NUMBER OF DAYS WITH
THUNDERSTORM 5 MIXED PRECIP 0
HEAVY RAIN 6 RAIN 8
LIGHT RAIN 13 FREEZING RAIN 0
LT FREEZING RAIN 0 HAIL 0
HEAVY SNOW 0 SNOW 0
LIGHT SNOW 0 SLEET 0
FOG 12 FOG W/VIS <= 1/4 MILE 1
HAZE 4
- INDICATES NEGATIVE NUMBERS.
R INDICATES RECORD WAS SET OR TIED.
MM INDICATES DATA IS MISSING.
T INDICATES TRACE AMOUNT.
$$