000
CXUS52 KCHS 010815
CF6CXM
PRELIMINARY LOCAL CLIMATOLOGICAL DATA (WS FORM: F-6)
STATION: DOWNTOWN CHARLESTON SC
MONTH: MAY
YEAR: 2022
LATITUDE: 32 46 N
LONGITUDE: 79 56 W
TEMPERATURE IN F: :PCPN: SNOW: WIND :SUNSHINE: SKY :PK WND
================================================================================
1 2 3 4 5 6A 6B 7 8 9 10 11 12 13 14 15 16 17 18
12Z AVG MX 2MIN
DY MAX MIN AVG DEP HDD CDD WTR SNW DPTH SPD SPD DIR MIN PSBL S-S WX SPD DR
================================================================================
1 76 68 72 2 0 7 0.00 M M 7.5 16 190 M M M 18 190
2 79 71 75 5 0 10 0.00 M M 7.3 15 190 M M M 18 190
3 79 73 76 5 0 11 0.00 M M 8.7 18 190 M M M 21 190
4 80 73 77 6 0 12 0.00 M M 7.1 13 180 M M M 15 200
5 91 73 82 11 0 17 0.00 M M 5.5 11 180 M M M 16 270
6 80 75 78 7 0 13 0.00 M M 9.3 20 220 M M M 26 210
7 76 68 72 0 0 7 0.00 M M 7.6 13 240 M M M 22 280
8 69 59 64 -8 1 0 0.00 M M 11.8 19 20 M M M 24 20
9 72 53 63 -9 2 0 0.00 M M 9.4 17 350 M M M 24 360
10 77 59 68 -4 0 3 0.00 M M 10.0 20 360 M M M 25 360
11 79 61 70 -2 0 5 0.00 M M 10.2 18 20 M M M 23 30
12 72 65 69 -4 0 4 0.00 M M 10.7 17 20 M M M 22 20
13 72 68 70 -3 0 5 0.39 M M 9.7 16 70 M M M 20 80
14 78 66 72 -1 0 7 0.00 M M 4.6 11 170 M M M 14 150
15 81 69 75 2 0 10 0.00 M M 5.7 16 180 M M M 18 180
16 81 73 77 3 0 12 0.00 M M 8.4 16 180 M M M 19 190
17 80 72 76 2 0 11 0.03 M M 7.6 15 110 M M M 17 10
18 82 70 76 2 0 11 0.00 M M 6.8 14 180 M M M 17 180
19 87 76 82 8 0 17 0.00 M M 9.6 18 210 M M M 22 220
20 87 76 82 8 0 17 0.00 M M 8.9 15 180 M M M 19 210
21 81 75 78 3 0 13 0.00 M M 9.3 18 190 M M M 23 190
22 82 71 77 2 0 12 1.04 M M 5.2 12 200 M M M 20 290
23 81 75 78 3 0 13 0.00 M M 6.4 16 180 M M M 19 180
24 82 76 79 4 0 14 0.00 M M 8.0 17 180 M M M 20 180
25 80 71 76 1 0 11 0.00 M M 9.3 15 90 M M M 18 100
26 81 76 79 3 0 14 0.11 M M 11.5 15 130 M M M 23 160
27 79 72 76 0 0 11 0.27 M M 10.1 21 180 M M M 27 190
28 83 73 78 2 0 13 0.00 M M 5.5 14 180 M M M 16 190
29 82 75 79 3 0 14 0.00 M M 7.0 14 120 M M M 16 130
30 83 77 80 4 0 15 0.00 M M 7.7 14 120 M M M 16 120
31 83 76 80 3 0 15 0.00 M M 6.0 13 130 M M M 16 150
================================================================================
SM 2475 2185 3 324 1.84 M 252.4 M M
================================================================================
AV 79.8 70.5 8.1 FASTST M M M MAX(MPH)
MISC ----> 21 180 27 190
================================================================================
NOTES:
# LAST OF SEVERAL OCCURRENCES
COLUMN 17 PEAK WIND IN M.P.H.
PRELIMINARY LOCAL CLIMATOLOGICAL DATA (WS FORM: F-6) , PAGE 2
STATION: DOWNTOWN CHARLESTON SC
MONTH: MAY
YEAR: 2022
LATITUDE: 32 46 N
LONGITUDE: 79 56 W
[TEMPERATURE DATA] [PRECIPITATION DATA] SYMBOLS USED IN COLUMN 16
AVERAGE MONTHLY: 75.2 TOTAL FOR MONTH: 1.84 1 = FOG OR MIST
DPTR FM NORMAL: 1.7 DPTR FM NORMAL: -0.74 2 = FOG REDUCING VISIBILITY
HIGHEST: 91 ON 5 GRTST 24HR 1.04 ON 22-22 TO 1/4 MILE OR LESS
LOWEST: 53 ON 9 3 = THUNDER
SNOW, ICE PELLETS, HAIL 4 = ICE PELLETS
TOTAL MONTH: M 5 = HAIL
GRTST 24HR M ON M 6 = FREEZING RAIN OR DRIZZLE
GRTST DEPTH: M ON M 7 = DUSTSTORM OR SANDSTORM:
VSBY 1/2 MILE OR LESS
8 = SMOKE OR HAZE
[NO. OF DAYS WITH] [WEATHER - DAYS WITH] 9 = BLOWING SNOW
X = TORNADO
MAX 32 OR BELOW: 0 0.01 INCH OR MORE: 5
MAX 90 OR ABOVE: 1 0.10 INCH OR MORE: 4
MIN 32 OR BELOW: 0 0.50 INCH OR MORE: 1
MIN 0 OR BELOW: 0 1.00 INCH OR MORE: 1
[HDD (BASE 65) ]
TOTAL THIS MO. 3 CLEAR (SCALE 0-3) 0
DPTR FM NORMAL -3 PTCLDY (SCALE 4-7) 0
TOTAL FM JUL 1 1276 CLOUDY (SCALE 8-10) 31
DPTR FM NORMAL -343
[CDD (BASE 65) ]
TOTAL THIS MO. 324
DPTR FM NORMAL 55 [PRESSURE DATA]
TOTAL FM JAN 1 480 HIGHEST SLP M ON M
DPTR FM NORMAL 93 LOWEST SLP 29.45 ON 7
[REMARKS]
#FINAL-05-22#