000
CXUS53 KUNR 011030
CF6D07
PRELIMINARY LOCAL CLIMATOLOGICAL DATA (WS FORM: F-6)
STATION: FAITH SD
MONTH: JANUARY
YEAR: 2024
LATITUDE: 45 1 N
LONGITUDE: 102 1 W
TEMPERATURE IN F: :PCPN: SNOW: WIND :SUNSHINE: SKY :PK WND
================================================================================
1 2 3 4 5 6A 6B 7 8 9 10 11 12 13 14 15 16 17 18
12Z AVG MX 2MIN
DY MAX MIN AVG DEP HDD CDD WTR SNW DPTH SPD SPD DIR MIN PSBL S-S WX SPD DR
================================================================================
1 44 9 27 7 38 0 0.00 M M 9.6 21 310 M M M 26 310
2 40 25 33 13 32 0 0.00 M M 8.9 18 320 M M M 23 320
3 28 20 24 4 41 0 0.00 M M 9.5 18 160 M M M 27 160
4 27 21 24 4 41 0 0.00 M M 10.1 21 160 M M M 28 150
5 35 18 27 7 38 0 0.05 M M 8.2 29 330 M M M 40 340
6 28 15 22 2 43 0 0.00 M M 13.1 30 330 M M M 40 330
7 20 11 16 -4 49 0 0.00 M M 12.1 21 160 M M M 26 150
8 20 11 16 -4 49 0 0.02 M M 6.3 20 330 M M M 26 340
9 23 5 14 -6 51 0 0.00 M M 8.7 18 190 M M M 22 190
10 33 M M M M M 0.00 M M 15.0 29 330 M M M 36 340
11 9 -8 1 -19 64 0 0.00 M M 14.5 26 340 M M M 32 340
12 -4 -20 -12 -32 77 0 0.00 M M 17.3 35 320 M M M 43 320
13 -15 -27 -21 -41 86 0 0.00 M M 22.5 33 310 M M M 42 310
14 -4 -24 -14 -34 79 0 0.00 M M 11.0 22 320 M M M 27 320
15 -3 -18 -10 -30 75 0 0.00 M M 23.7 30 310 M M M 44 300
16 19 -9 5 -14 60 0 0.00 M M 13.8 24 300 M M M 32 300
17 19 12 16 -3 49 0 0.05 M M 5.4 12 60 M M M M M
18 2 0 1 -18 64 0 0.15 M M 19.2 29 320 M M M 40 320
19 M M M M M M 0.00 M M M M M M M M M M
20 M M M M M M 0.00 M M M M M M M M M M
21 M M M M M M 0.00 M M M M M M M M M M
22 M M M M M M 0.00 M M M M M M M M M M
23 M M M M M M 0.00 M M M M M M M M M M
24 M M M M M M 0.00 M M M M M M M M M M
25 M M M M M M 0.00 M M M M M M M M M M
26 M M M M M M 0.00 M M M M M M M M M M
27 M M M M M M 0.00 M M M M M M M M M M
28 M M M M M M 0.00 M M M M M M M M M M
29 M M M M M M 0.00 M M M M M M M M M M
30 M M M M M M 0.00 M M M M M M M M M M
31 M M M M M M 0.00 M M M M M M M M M M
================================================================================
SM 321 41 936 0 0.27 M 228.9 M M
================================================================================
AV 17.8 2.4 12.7 FASTST M M M MAX(MPH)
MISC ----> 35 320 44 300
================================================================================
NOTES:
# LAST OF SEVERAL OCCURRENCES
COLUMN 17 PEAK WIND IN M.P.H.
PRELIMINARY LOCAL CLIMATOLOGICAL DATA (WS FORM: F-6) , PAGE 2
STATION: FAITH SD
MONTH: JANUARY
YEAR: 2024
LATITUDE: 45 1 N
LONGITUDE: 102 1 W
[TEMPERATURE DATA] [PRECIPITATION DATA] SYMBOLS USED IN COLUMN 16
AVERAGE MONTHLY: 10.1 TOTAL FOR MONTH: 0.27 1 = FOG OR MIST
DPTR FM NORMAL: -9.5 DPTR FM NORMAL: -0.11 2 = FOG REDUCING VISIBILITY
HIGHEST: 44 ON 1 GRTST 24HR 0.15 ON 18-18 TO 1/4 MILE OR LESS
LOWEST: -27 ON 13 3 = THUNDER
SNOW, ICE PELLETS, HAIL 4 = ICE PELLETS
TOTAL MONTH: M 5 = HAIL
GRTST 24HR M ON M 6 = FREEZING RAIN OR DRIZZLE
GRTST DEPTH: M ON M 7 = DUSTSTORM OR SANDSTORM:
VSBY 1/2 MILE OR LESS
8 = SMOKE OR HAZE
[NO. OF DAYS WITH] [WEATHER - DAYS WITH] 9 = BLOWING SNOW
X = TORNADO
MAX 32 OR BELOW: 14 0.01 INCH OR MORE: 4
MAX 90 OR ABOVE: 0 0.10 INCH OR MORE: 1
MIN 32 OR BELOW: 17 0.50 INCH OR MORE: 0
MIN 0 OR BELOW: 7 1.00 INCH OR MORE: 0
[HDD (BASE 65) ]
TOTAL THIS MO. 936 CLEAR (SCALE 0-3) 0
DPTR FM NORMAL -471 PTCLDY (SCALE 4-7) 0
TOTAL FM JUL 1 3277 CLOUDY (SCALE 8-10) 31
DPTR FM NORMAL -1159
[CDD (BASE 65) ]
TOTAL THIS MO. 0
DPTR FM NORMAL 0 [PRESSURE DATA]
TOTAL FM JAN 1 0 HIGHEST SLP M ON M
DPTR FM NORMAL 0 LOWEST SLP 29.35 ON 10
[REMARKS]
#FINAL-01-24#