064
CXUS55 KVEF 151340
CF6DAG
PRELIMINARY LOCAL CLIMATOLOGICAL DATA (WS FORM: F-6)
STATION: BARSTOW-DAGGETT CA
MONTH: SEPTEMBER
YEAR: 2020
LATITUDE: 34 51 N
LONGITUDE: 116 47 W
TEMPERATURE IN F: :PCPN: SNOW: WIND :SUNSHINE: SKY :PK WND
================================================================================
1 2 3 4 5 6A 6B 7 8 9 10 11 12 13 14 15 16 17 18
12Z AVG MX 2MIN
DY MAX MIN AVG DEP HDD CDD WTR SNW DPTH SPD SPD DIR MIN PSBL S-S WX SPD DR
================================================================================
1 102 71 87 2 0 22 0.00 0.0 0 9.5 20 280 M M 0 23 270
2 106 73 90 6 0 25 0.00 0.0 0 9.9 16 290 M M 0 19 300
3 109 72 91 7 0 26 0.00 0.0 0 9.2 17 310 M M 0 22 290
4 113 77 95 11 0 30 0.00 0.0 0 10.3 16 60 M M 0 20 50
5 114 78 96 12 0 31 0.00 0.0 0 8.0 16 20 M M 0 22 50
6 116 83 100 17 0 35 0.00 0.0 0 7.7 17 280 M M 1 8 20 290
7 109 82 96 13 0 31 0.00 0.0 0 14.3 24 250 M M 1 8 33 270
8 93 65 79 -4 0 14 0.00 0.0 0 15.0 30 20 M M 6 8 37 10
9 88 56 72 -10 0 7 0.00 0.0 0 4.6 18 40 M M 0 8 26 60
10 88 54 71 -11 0 6 0.00 0.0 0 3.7 13 80 M M 0 16 70
11 91 59 75 -7 0 10 0.00 0.0 0 7.1 15 280 M M 0 18 280
12 96 63 80 -2 0 15 0.00 0.0 0 9.1 17 280 M M 0 19 270
13 101 64 83 2 0 18 0.00 0.0 0 9.7 22 90 M M 0 29 90
14 102 67 85 4 0 20 0.00 0.0 0 10.2 23 120 M M 0 8 37 120
15 102 66 84 4 0 19 0.00 0.0 0 8.8 17 250 M M 0 8 21 240
16 101 68 85 5 0 20 0.00 0.0 0 12.4 18 290 M M 0 8 22 250
17 104 68 86 6 0 21 0.00 0.0 0 10.4 22 240 M M 0 26 240
18 104 72 88 9 0 23 0.00 0.0 0 12.1 35 250 M M 0 42 250
19 99 70 85 6 0 20 0.00 0.0 0 12.2 20 250 M M 0 24 320
20 101 65 83 4 0 18 0.00 0.0 0 10.1 16 280 M M 0 22 310
21 102 69 86 8 0 21 0.00 0.0 0 9.6 20 280 M M 0 24 280
22 99 67 83 5 0 18 0.00 0.0 0 11.7 18 240 M M 0 23 230
23 99 66 83 5 0 18 0.00 0.0 0 8.6 16 280 M M 0 19 280
24 99 66 83 6 0 18 0.00 0.0 0 12.5 24 280 M M 0 8 29 270
25 99 63 81 4 0 16 0.00 0.0 0 11.1 17 320 M M 0 22 320
26 97 64 81 5 0 16 0.00 0.0 0 9.2 16 300 M M 0 8 19 290
27 99 66 83 7 0 18 0.00 0.0 0 8.1 15 260 M M 0 17 60
28 96 64 80 4 0 15 0.00 0.0 0 5.1 18 90 M M 0 24 90
29 97 62 80 5 0 15 0.00 0.0 0 7.0 14 290 M M 0 16 290
30 99 68 84 9 0 19 0.00 0.0 0 9.1 16 270 M M 0 19 350
================================================================================
SM 3025 2028 0 585 0.00 0.0 286.3 M 8
================================================================================
AV100.8 67.6 9.5 FASTST M M 0 MAX(MPH)
MISC ----> 35 250 42 250
================================================================================
NOTES:
# LAST OF SEVERAL OCCURRENCES
COLUMN 17 PEAK WIND IN M.P.H.
PRELIMINARY LOCAL CLIMATOLOGICAL DATA (WS FORM: F-6) , PAGE 2
STATION: BARSTOW-DAGGETT CA
MONTH: SEPTEMBER
YEAR: 2020
LATITUDE: 34 51 N
LONGITUDE: 116 47 W
[TEMPERATURE DATA] [PRECIPITATION DATA] SYMBOLS USED IN COLUMN 16
AVERAGE MONTHLY: 84.2 TOTAL FOR MONTH: 0.00 1 = FOG OR MIST
DPTR FM NORMAL: 4.1 DPTR FM NORMAL: -0.21 2 = FOG REDUCING VISIBILITY
HIGHEST: 116 ON 6 GRTST 24HR 0.00 ON 1- 1 TO 1/4 MILE OR LESS
LOWEST: 54 ON 10 3 = THUNDER
SNOW, ICE PELLETS, HAIL 4 = ICE PELLETS
TOTAL MONTH: 0.0 INCH 5 = HAIL
GRTST 24HR 0.0 6 = FREEZING RAIN OR DRIZZLE
GRTST DEPTH: 0 7 = DUSTSTORM OR SANDSTORM:
VSBY 1/2 MILE OR LESS
8 = SMOKE OR HAZE
[NO. OF DAYS WITH] [WEATHER - DAYS WITH] 9 = BLOWING SNOW
X = TORNADO
MAX 32 OR BELOW: 0 0.01 INCH OR MORE: 0
MAX 90 OR ABOVE: 28 0.10 INCH OR MORE: 0
MIN 32 OR BELOW: 0 0.50 INCH OR MORE: 0
MIN 0 OR BELOW: 0 1.00 INCH OR MORE: 0
[HDD (BASE 65) ]
TOTAL THIS MO. 0 CLEAR (SCALE 0-3) 29
DPTR FM NORMAL -2 PTCLDY (SCALE 4-7) 1
TOTAL FM JUL 1 0 CLOUDY (SCALE 8-10) 0
DPTR FM NORMAL 0
[CDD (BASE 65) ]
TOTAL THIS MO. 585
DPTR FM NORMAL 130 [PRESSURE DATA]
TOTAL FM JAN 1 3221 HIGHEST SLP 30.08 ON 29
DPTR FM NORMAL 400 LOWEST SLP 29.50 ON 8
[REMARKS]
#FINAL-09-20#