000
CXUS55 KVEF 010910
CF6DAG
PRELIMINARY LOCAL CLIMATOLOGICAL DATA (WS FORM: F-6)
STATION: BARSTOW-DAGGETT CA
MONTH: SEPTEMBER
YEAR: 2023
LATITUDE: 34 51 N
LONGITUDE: 116 47 W
TEMPERATURE IN F: :PCPN: SNOW: WIND :SUNSHINE: SKY :PK WND
================================================================================
1 2 3 4 5 6A 6B 7 8 9 10 11 12 13 14 15 16 17 18
12Z AVG MX 2MIN
DY MAX MIN AVG DEP HDD CDD WTR SNW DPTH SPD SPD DIR MIN PSBL S-S WX SPD DR
================================================================================
1 99 72 86 0 0 21 T 0.0 0 10.7 30 240 M M 2 38 38 90
2 88 70 79 -7 0 14 0.08 0.0 0 7.1 22 60 M M 3 3 27 50
3 93 69 81 -4 0 16 0.00 0.0 0 15.1 32 250 M M 1 40 270
4 89 63 76 -9 0 11 0.00 0.0 0 8.5 25 270 M M 0 32 260
5 95 65 80 -5 0 15 0.00 0.0 0 9.7 18 70 M M 0 25 70
6 98 69 84 -1 0 19 0.00 0.0 0 9.3 18 100 M M 0 26 90
7 100 65 83 -1 0 18 0.00 0.0 0 9.2 23 230 M M 0 28 230
8 101 68 85 1 0 20 0.00 0.0 0 7.5 15 280 M M 0 20 240
9 104 75 90 6 0 25 0.00 0.0 0 10.3 18 280 M M 0 24 280
10 93 75 84 1 0 19 0.01 0.0 0 7.9 24 280 M M 2 32 290
11 97 71 84 1 0 19 0.00 0.0 0 6.9 17 260 M M 0 23 260
12 98 74 86 3 0 21 0.00 0.0 0 10.8 21 260 M M 0 27 260
13 97 67 82 0 0 17 0.00 0.0 0 13.0 20 260 M M 0 28 290
14 96 67 82 0 0 17 0.00 0.0 0 8.1 15 260 M M 0 8 19 260
15 96 69 83 1 0 18 0.00 0.0 0 6.3 16 90 M M 0 20 90
16 98 68 83 2 0 18 0.00 0.0 0 8.6 20 80 M M 0 31 40
17 98 68 83 2 0 18 0.00 0.0 0 9.5 17 130 M M 0 25 90
18 92 65 79 -1 0 14 0.00 0.0 0 11.7 16 290 M M 0 18 320
19 92 61 77 -3 0 12 0.00 0.0 0 9.2 18 280 M M 0 25 330
20 88 61 75 -5 0 10 0.00 0.0 0 14.0 22 300 M M 0 30 300
21 87 62 75 -4 0 10 0.00 0.0 0 15.9 25 250 M M 0 33 260
22 85 58 72 -7 0 7 0.00 0.0 0 9.0 20 320 M M 0 25 320
23 90 62 76 -2 0 11 0.00 0.0 0 10.2 17 300 M M 2 23 310
24 93 59 76 -2 0 11 0.00 0.0 0 8.1 18 270 M M 0 23 270
25 93 61 77 -1 0 12 0.00 0.0 0 10.5 16 290 M M 0 21 300
26 91 60 76 -1 0 11 0.00 0.0 0 10.3 17 300 M M 0 24 300
27 88 59 74 -3 0 9 0.00 0.0 0 8.8 17 290 M M 0 23 300
28 95 62 79 3 0 14 0.00 0.0 0 8.8 17 290 M M 0 21 290
29 92 60 76 0 0 11 0.00 0.0 0 14.1 29 250 M M 0 37 280
30 73 59 66 -10 0 1 0.00 0.0 0 18.0 29 230 M M 1 8 38 230
================================================================================
SM 2799 1964 0 439 0.09 0.0 307.1 M 11
================================================================================
AV 93.3 65.5 10.2 FASTST M M 0 MAX(MPH)
MISC ----> 32 250 40 270
================================================================================
NOTES:
# LAST OF SEVERAL OCCURRENCES
COLUMN 17 PEAK WIND IN M.P.H.
PRELIMINARY LOCAL CLIMATOLOGICAL DATA (WS FORM: F-6) , PAGE 2
STATION: BARSTOW-DAGGETT CA
MONTH: SEPTEMBER
YEAR: 2023
LATITUDE: 34 51 N
LONGITUDE: 116 47 W
[TEMPERATURE DATA] [PRECIPITATION DATA] SYMBOLS USED IN COLUMN 16
AVERAGE MONTHLY: 79.4 TOTAL FOR MONTH: 0.09 1 = FOG OR MIST
DPTR FM NORMAL: -1.7 DPTR FM NORMAL: -0.08 2 = FOG REDUCING VISIBILITY
HIGHEST: 104 ON 9 GRTST 24HR 0.08 ON 1- 2 TO 1/4 MILE OR LESS
LOWEST: 58 ON 22 3 = THUNDER
SNOW, ICE PELLETS, HAIL 4 = ICE PELLETS
TOTAL MONTH: 0.0 INCH 5 = HAIL
GRTST 24HR 0.0 6 = FREEZING RAIN OR DRIZZLE
GRTST DEPTH: 0 7 = DUSTSTORM OR SANDSTORM:
VSBY 1/2 MILE OR LESS
8 = SMOKE OR HAZE
[NO. OF DAYS WITH] [WEATHER - DAYS WITH] 9 = BLOWING SNOW
X = TORNADO
MAX 32 OR BELOW: 0 0.01 INCH OR MORE: 2
MAX 90 OR ABOVE: 23 0.10 INCH OR MORE: 0
MIN 32 OR BELOW: 0 0.50 INCH OR MORE: 0
MIN 0 OR BELOW: 0 1.00 INCH OR MORE: 0
[HDD (BASE 65) ]
TOTAL THIS MO. 0 CLEAR (SCALE 0-3) 30
DPTR FM NORMAL -1 PTCLDY (SCALE 4-7) 0
TOTAL FM JUL 1 0 CLOUDY (SCALE 8-10) 0
DPTR FM NORMAL 0
[CDD (BASE 65) ]
TOTAL THIS MO. 439
DPTR FM NORMAL -46 [PRESSURE DATA]
TOTAL FM JAN 1 2847 HIGHEST SLP M ON M
DPTR FM NORMAL -108 LOWEST SLP 29.62 ON 29
[REMARKS]
#FINAL-09-23#