000
CXUS51 KRNK 010712
CF6DAN
PRELIMINARY LOCAL CLIMATOLOGICAL DATA (WS FORM: F-6)
STATION: DANVILLE VA
MONTH: MAY
YEAR: 2020
LATITUDE: 36 34 N
LONGITUDE: 79 20 W
TEMPERATURE IN F: :PCPN: SNOW: WIND :SUNSHINE: SKY :PK WND
================================================================================
1 2 3 4 5 6A 6B 7 8 9 10 11 12 13 14 15 16 17 18
12Z AVG MX 2MIN
DY MAX MIN AVG DEP HDD CDD WTR SNW DPTH SPD SPD DIR MIN PSBL S-S WX SPD DR
================================================================================
1 66 49 58 -4 7 0 0.00 0.0 0 9.0 21 330 M M 7 29 330
2 75 42 59 -4 6 0 0.00 0.0 0 4.2 10 250 M M 0 13 200
3 86 51 69 6 0 4 0.00 0.0 0 6.1 15 240 M M 0 20 320
4 80 53 67 4 0 2 0.00 0.0 0 7.6 18 330 M M 1 27 330
5 60 51 56 -8 9 0 0.06 0.0 0 5.2 13 10 M M 8 17 50
6 66 42 54 -10 11 0 0.02 0.0 0 7.8 20 330 M M 6 1 28 340
7 68 36 52 -12 13 0 0.00 0.0 0 6.1 18 350 M M 0 26 270
8 66 39 53 -11 12 0 0.10 0.0 0 9.4 23 230 M M 5 1 32 230
9 61 31 46 -18 19 0 0.00 0.0 0 7.3 20 270 M M 0 30 320
10 68 30 49 -16 16 0 0.00 0.0 0 5.5 18 240 M M 0 26 250
11 64 45 55 -10 10 0 T 0.0 0 9.3 22 330 M M 2 30 310
12 64 36 50 -15 15 0 0.00 0.0 0 3.7 13 310 M M 3 18 330
13 65 40 53 -13 12 0 0.00 0.0 0 2.0 9 240 M M 7 12 230
14 79 54 67 1 0 2 T 0.0 0 4.9 15 230 M M 7 20 220
15 83 56 70 4 0 5 0.00 0.0 0 7.3 18 230 M M 0 25 230
16 87 58 73 7 0 8 0.00 0.0 0 4.0 9 230 M M 0 14 230
17 84 59 72 6 0 7 0.00 0.0 0 4.2 10 100 M M 3 1 16 90
18 68 62 65 -2 0 0 0.40 0.0 0 8.1 13 60 M M 9 1 19 60
19 63 50 57 -10 8 0 1.95 0.0 0 12.7 22 60 M M 10 1 32 50
20 55 47 51 -16 14 0 1.24 0.0 0 12.7 21 60 M M 10 1 34 70
21 64 54 59 -9 6 0 1.09 0.0 0 10.6 18 60 M M 10 1 26 60
22 80 61 71 3 0 6 0.01 0.0 0 3.9 12 250 M M 6 12 15 240
23 83 63 73 5 0 8 0.00 0.0 0 3.4 10 320 M M 6 1 14 320
24 87 60 74 6 0 9 0.01 0.0 0 5.3 15 60 M M 4 13 21 60
25 73 61 67 -2 0 2 0.00 0.0 0 3.8 12 50 M M 10 1 17 50
26 80 66 73 4 0 8 0.00 0.0 0 3.2 12 60 M M 5 16 60
27 76 66 71 2 0 6 0.61 0.0 0 6.5 12 60 M M 10 1 16 50
28 85 69 77 7 0 12 0.02 0.0 0 4.8 12 230 M M 7 1 19 180
29 80 69 75 5 0 10 0.02 0.0 0 4.0 12 230 M M 6 17 190
30 86 63 75 5 0 10 0.00 0.0 0 4.6 10 280 M M 5 1 14 310
31 77 60 69 -1 0 4 0.00 0.0 0 5.6 15 50 M M 5 20 50
================================================================================
SM 2279 1623 158 103 5.53 0.0 192.8 M 152
================================================================================
AV 73.5 52.4 6.2 FASTST M M 5 MAX(MPH)
MISC ----> 23 230 34 70
================================================================================
NOTES:
# LAST OF SEVERAL OCCURRENCES
COLUMN 17 PEAK WIND IN M.P.H.
PRELIMINARY LOCAL CLIMATOLOGICAL DATA (WS FORM: F-6) , PAGE 2
STATION: DANVILLE VA
MONTH: MAY
YEAR: 2020
LATITUDE: 36 34 N
LONGITUDE: 79 20 W
[TEMPERATURE DATA] [PRECIPITATION DATA] SYMBOLS USED IN COLUMN 16
AVERAGE MONTHLY: 62.9 TOTAL FOR MONTH: 5.53 1 = FOG OR MIST
DPTR FM NORMAL: -3.5 DPTR FM NORMAL: 1.65 2 = FOG REDUCING VISIBILITY
HIGHEST: 87 ON 24,16 GRTST 24HR 2.14 ON 18-19 TO 1/4 MILE OR LESS
LOWEST: 30 ON 10 3 = THUNDER
SNOW, ICE PELLETS, HAIL 4 = ICE PELLETS
TOTAL MONTH: 0.0 INCH 5 = HAIL
GRTST 24HR 0.0 6 = FREEZING RAIN OR DRIZZLE
GRTST DEPTH: 0 7 = DUSTSTORM OR SANDSTORM:
VSBY 1/2 MILE OR LESS
8 = SMOKE OR HAZE
[NO. OF DAYS WITH] [WEATHER - DAYS WITH] 9 = BLOWING SNOW
X = TORNADO
MAX 32 OR BELOW: 0 0.01 INCH OR MORE: 12
MAX 90 OR ABOVE: 0 0.10 INCH OR MORE: 6
MIN 32 OR BELOW: 2 0.50 INCH OR MORE: 4
MIN 0 OR BELOW: 0 1.00 INCH OR MORE: 3
[HDD (BASE 65) ]
TOTAL THIS MO. 158 CLEAR (SCALE 0-3) 11
DPTR FM NORMAL 90 PTCLDY (SCALE 4-7) 14
TOTAL FM JUL 1 3379 CLOUDY (SCALE 8-10) 6
DPTR FM NORMAL -433
[CDD (BASE 65) ]
TOTAL THIS MO. 103
DPTR FM NORMAL -7 [PRESSURE DATA]
TOTAL FM JAN 1 145 HIGHEST SLP M ON M
DPTR FM NORMAL 1 LOWEST SLP 29.69 ON 4
[REMARKS]
#FINAL-05-20#