000
CXUS55 KDVN 011100
CF6DBQ
PRELIMINARY LOCAL CLIMATOLOGICAL DATA (WS FORM: F-6)
STATION: DUBUQUE IA
MONTH: MAY
YEAR: 2020
LATITUDE: 42 24 N
LONGITUDE: 90 42 W
TEMPERATURE IN F: :PCPN: SNOW: WIND :SUNSHINE: SKY :PK WND
================================================================================
1 2 3 4 5 6A 6B 7 8 9 10 11 12 13 14 15 16 17 18
12Z AVG MX 2MIN
DY MAX MIN AVG DEP HDD CDD WTR SNW DPTH SPD SPD DIR MIN PSBL S-S WX SPD DR
================================================================================
1 72 40 56 2 9 0 0.00 0.0 0 12.8 24 160 M M 1 33 150
2 73 51 62 8 3 0 0.00 0.0 0 11.6 22 330 M M 1 29 320
3 74 49 62 7 3 0 0.00 0.0 0 10.5 23 300 M M 0 31 290
4 55 39 47 -8 18 0 0.00 0.0 0 11.0 18 90 M M 2 25 80
5 48 36 42 -13 23 0 0.50 0.0 0 9.0 17 60 M M 10 1 24 70
6 63 37 50 -6 15 0 T 0.0 0 8.8 23 300 M M 3 1 31 300
7 63 40 52 -4 13 0 0.00 0.0 0 11.4 23 320 M M 1 32 330
8 50 30 40 -16 25 0 0.00 0.0 0 13.4 24 340 M M 0 31 340
9 63 25 44 -12 21 0 0.01 0.0 0 10.2 22 280 M M 3 29 210
10 49 40 45 -12 20 0 0.03 0.0 0 14.0 28 340 M M 10 1 39 330
11 52 34 43 -14 22 0 0.00 0.0 0 9.1 18 350 M M 6 24 10
12 61 33 47 -11 18 0 0.00 0.0 0 3.5 9 270 M M 0 12 180
13 63 38 51 -7 14 0 0.62 0.0 0 14.7 28 170 M M 5 13 41 150
14 66 52 59 1 6 0 0.82 0.0 0 7.6 23 160 M M 8 123 29 160
15 70 52 61 3 4 0 0.00 0.0 0 6.2 16 340 M M 2 12 21 340
16 72 49 61 2 4 0 0.01 0.0 0 11.4 20 90 M M 4 1 28 110
17 60 51 56 -3 9 0 0.69 0.0 0 12.4 22 70 M M 10 1 27 70
18 56 50 53 -6 12 0 0.04 0.0 0 14.0 22 30 M M 10 1 29 30
19 57 50 54 -6 11 0 0.00 0.0 0 13.9 21 60 M M 10 1 27 40
20 65 54 60 0 5 0 0.00 0.0 0 9.2 16 90 M M 10 22 100
21 61 54 58 -2 7 0 0.00 0.0 0 6.4 13 100 M M 10 1 19 120
22 69 54 62 1 3 0 0.00 0.0 0 6.6 14 110 M M 10 1 20 100
23 72 59 66 5 0 1 0.55 0.0 0 10.4 20 260 M M 8 13 27 240
24 80 56 68 7 0 3 0.00 0.0 0 7.2 24 160 M M 4 12 32 160
25 83 62 73 11 0 8 0.22 0.0 0 12.0 25 180 M M 2 1 36 180
26 85 64 75 13 0 10 0.08 0.0 0 13.2 29 160 M M 2 138 37 160
27 82 65 74 12 0 9 0.15 0.0 0 9.7 22 170 M M 3 13 29 170
28 71 58 65 2 0 0 1.19 0.0 0 7.0 25 360 M M 9 1 36 350
29 65 52 59 -4 6 0 0.00 0.0 0 11.4 22 340 M M 3 28 290
30 70 46 58 -5 7 0 0.00 0.0 0 7.0 20 340 M M 0 25 330
31 73 46 60 -4 5 0 0.00 0.0 0 5.2 10 180 M M 0 15 120
================================================================================
SM 2043 1466 283 31 4.91 0.0 310.8 M 147
================================================================================
AV 65.9 47.3 10.0 FASTST M M 5 MAX(MPH)
MISC ----> # 29 160 # 41 150
================================================================================
NOTES:
# LAST OF SEVERAL OCCURRENCES
COLUMN 17 PEAK WIND IN M.P.H.
PRELIMINARY LOCAL CLIMATOLOGICAL DATA (WS FORM: F-6) , PAGE 2
STATION: DUBUQUE IA
MONTH: MAY
YEAR: 2020
LATITUDE: 42 24 N
LONGITUDE: 90 42 W
[TEMPERATURE DATA] [PRECIPITATION DATA] SYMBOLS USED IN COLUMN 16
AVERAGE MONTHLY: 56.6 TOTAL FOR MONTH: 4.91 1 = FOG OR MIST
DPTR FM NORMAL: -2.2 DPTR FM NORMAL: 0.72 2 = FOG REDUCING VISIBILITY
HIGHEST: 85 ON 26 GRTST 24HR 1.19 ON 28-28 TO 1/4 MILE OR LESS
LOWEST: 25 ON 9 3 = THUNDER
SNOW, ICE PELLETS, HAIL 4 = ICE PELLETS
TOTAL MONTH: 0.0 INCH 5 = HAIL
GRTST 24HR 0.0 6 = FREEZING RAIN OR DRIZZLE
GRTST DEPTH: 0 7 = DUSTSTORM OR SANDSTORM:
VSBY 1/2 MILE OR LESS
8 = SMOKE OR HAZE
[NO. OF DAYS WITH] [WEATHER - DAYS WITH] 9 = BLOWING SNOW
X = TORNADO
MAX 32 OR BELOW: 0 0.01 INCH OR MORE: 13
MAX 90 OR ABOVE: 0 0.10 INCH OR MORE: 8
MIN 32 OR BELOW: 2 0.50 INCH OR MORE: 6
MIN 0 OR BELOW: 0 1.00 INCH OR MORE: 1
[HDD (BASE 65) ]
TOTAL THIS MO. 283 CLEAR (SCALE 0-3) 16
DPTR FM NORMAL 58 PTCLDY (SCALE 4-7) 6
TOTAL FM JUL 1 6877 CLOUDY (SCALE 8-10) 9
DPTR FM NORMAL -169
[CDD (BASE 65) ]
TOTAL THIS MO. 31
DPTR FM NORMAL -1 [PRESSURE DATA]
TOTAL FM JAN 1 31 HIGHEST SLP 30.38 ON 31
DPTR FM NORMAL -6 LOWEST SLP 29.68 ON 17
[REMARKS]
#FINAL-05-20#