000
CXUS55 KDVN 011100
CF6DBQ
PRELIMINARY LOCAL CLIMATOLOGICAL DATA (WS FORM: F-6)
STATION: DUBUQUE IA
MONTH: FEBRUARY
YEAR: 2020
LATITUDE: 42 24 N
LONGITUDE: 90 42 W
TEMPERATURE IN F: :PCPN: SNOW: WIND :SUNSHINE: SKY :PK WND
================================================================================
1 2 3 4 5 6A 6B 7 8 9 10 11 12 13 14 15 16 17 18
12Z AVG MX 2MIN
DY MAX MIN AVG DEP HDD CDD WTR SNW DPTH SPD SPD DIR MIN PSBL S-S WX SPD DR
================================================================================
1 35 31 33 13 32 0 T T 8 13.1 21 220 M M 8 12 29 280
2 43 33 38 18 27 0 0.00 0.0 7 15.0 28 260 M M 0 35 260
3 39 26 33 13 32 0 0.00 0.0 5 13.0 23 40 M M 4 12 31 10
4 33 22 28 7 37 0 0.00 0.0 4 14.9 23 30 M M 7 30 20
5 25 18 22 1 43 0 0.00 0.0 4 8.5 15 10 M M 9 18 20
6 31 13 22 1 43 0 0.00 0.0 4 4.3 10 40 M M 2 12 10
7 30 16 23 2 42 0 0.00 0.0 3 4.6 14 230 M M 7 18 240
8 25 14 20 -2 45 0 0.00 0.0 3 7.5 17 240 M M 5 20 240
9 33 19 26 4 39 0 0.13 0.9 3 13.5 25 150 M M 10 18 32 150
10 26 8 17 -5 48 0 0.00 0.0 4 5.0 13 360 M M 2 1 17 360
11 27 14 21 -1 44 0 0.00 0.0 4 9.1 23 290 M M 1 1 28 270
12 33 14 24 1 41 0 0.11 1.5 4 11.8 24 330 M M 4 18 30 330
13 26 -9 9 -14 56 0 0.06 1.3 7 13.9 26 350 M M 5 18 34 360
14 9 -16 -3 -26 68 0 0.00 0.0 6 9.2 22 180 M M 0 29 170
15 34 8 21 -3 44 0 0.00 0.0 5 13.4 25 180 M M 4 1 34 180
16 36 14 25 1 40 0 0.00 0.0 4 4.8 14 320 M M 8 128 17 310
17 33 27 30 6 35 0 0.82 0.4 4 9.9 21 280 M M 10 12 26 280
18 34 13 24 -1 41 0 0.00 0.0 3 16.1 25 320 M M 3 1 33 320
19 21 7 14 -11 51 0 0.00 0.0 3 7.5 17 340 M M 6 21 330
20 16 0 8 -17 57 0 0.00 0.0 3 8.0 14 350 M M 0 17 360
21 34 3 19 -7 46 0 0.00 0.0 3 14.3 25 210 M M 0 32 210
22 42 21 32 6 33 0 0.00 0.0 3 11.7 17 210 M M 0 22 220
23 46 29 38 12 27 0 0.00 0.0 3 8.1 14 230 M M 0 20 200
24 38 28 33 6 32 0 0.00 0.0 2 11.9 20 30 M M 0 25 50
25 35 30 33 6 32 0 0.00 0.0 2 16.0 25 40 M M 5 35 20
26 30 19 25 -3 40 0 T T 2 13.5 26 360 M M 7 35 360
27 28 18 23 -5 42 0 0.00 0.0 2 10.6 20 300 M M 4 24 300
28 25 14 20 -8 45 0 0.02 0.8 2 8.8 20 300 M M 6 1 27 300
29 37 8 23 -6 42 0 0.00 0.0 2 9.7 20 170 M M 0 27 180
================================================================================
SM 904 442 1204 0 1.14 4.9 307.7 M 117
================================================================================
AV 31.2 15.2 10.6 FASTST M M 4 MAX(MPH)
MISC ----> # 28 260 # 35 260
================================================================================
NOTES:
# LAST OF SEVERAL OCCURRENCES
COLUMN 17 PEAK WIND IN M.P.H.
PRELIMINARY LOCAL CLIMATOLOGICAL DATA (WS FORM: F-6) , PAGE 2
STATION: DUBUQUE IA
MONTH: FEBRUARY
YEAR: 2020
LATITUDE: 42 24 N
LONGITUDE: 90 42 W
[TEMPERATURE DATA] [PRECIPITATION DATA] SYMBOLS USED IN COLUMN 16
AVERAGE MONTHLY: 23.2 TOTAL FOR MONTH: 1.14 1 = FOG OR MIST
DPTR FM NORMAL: -0.5 DPTR FM NORMAL: -0.30 2 = FOG REDUCING VISIBILITY
HIGHEST: 46 ON 23 GRTST 24HR 0.82 ON 17-17 TO 1/4 MILE OR LESS
LOWEST: -16 ON 14 3 = THUNDER
SNOW, ICE PELLETS, HAIL 4 = ICE PELLETS
TOTAL MONTH: 4.9 INCHES 5 = HAIL
GRTST 24HR 1.5 ON 12-12 6 = FREEZING RAIN OR DRIZZLE
GRTST DEPTH: 8 ON 1 7 = DUSTSTORM OR SANDSTORM:
VSBY 1/2 MILE OR LESS
8 = SMOKE OR HAZE
[NO. OF DAYS WITH] [WEATHER - DAYS WITH] 9 = BLOWING SNOW
X = TORNADO
MAX 32 OR BELOW: 13 0.01 INCH OR MORE: 5
MAX 90 OR ABOVE: 0 0.10 INCH OR MORE: 3
MIN 32 OR BELOW: 28 0.50 INCH OR MORE: 1
MIN 0 OR BELOW: 3 1.00 INCH OR MORE: 0
[HDD (BASE 65) ]
TOTAL THIS MO. 1204 CLEAR (SCALE 0-3) 12
DPTR FM NORMAL 48 PTCLDY (SCALE 4-7) 13
TOTAL FM JUL 1 5212 CLOUDY (SCALE 8-10) 4
DPTR FM NORMAL -217
[CDD (BASE 65) ]
TOTAL THIS MO. 0
DPTR FM NORMAL 0 [PRESSURE DATA]
TOTAL FM JAN 1 0 HIGHEST SLP 30.82 ON 20
DPTR FM NORMAL 0 LOWEST SLP 29.50 ON 2
[REMARKS]
#FINAL-02-20#