000
CXUS53 KDVN 011143
CLSDBQ
CLIMATE REPORT
NATIONAL WEATHER SERVICE QUAD CITIES IA IL
544 AM CST WED MAR 01 2023
...................................
...THE DUBUQUE IA CLIMATE SUMMARY FOR THE SEASON, FROM
12/1/2022 TO 2/28/2023...
CLIMATE NORMAL PERIOD 1991 TO 2020
CLIMATE RECORD PERIOD 1873 TO 2023
WEATHER OBSERVED NORMAL DEPART
VALUE DATE(S) VALUE FROM
NORMAL
..............................................................
TEMPERATURE (F)
RECORD
HIGH 71 02/22/2017
LOW -32 01/07/1887
HIGHEST 57 12/29 37 20
LOWEST -14 01/31 11 -25
AVG. MAXIMUM 32.4 29.7 2.7
AVG. MINIMUM 17.5 14.4 3.1
MEAN 24.9 22.1 2.8
DAYS MAX >= 90 0 0.0 0.0
DAYS MAX <= 32 36 51.3 -15.3
DAYS MIN <= 32 86 85.0 1.0
DAYS MIN <= 0 11 15.3 -4.3
PRECIPITATION (INCHES)
TOTALS 7.75 4.69 3.06
DAILY AVG. 0.09 0.05 0.04
DAYS >= .01 32 27.1 4.9
DAYS >= .10 15
DAYS >= .50 6
DAYS >= 1.00 1 0.4 0.6
GREATEST
24 HR. TOTAL 1.23 02/27 TO 02/27
SNOWFALL (INCHES)
TOTALS 33.5 31.6 1.9
SINCE 7/1 35.1 34.9 0.2
SNOWDEPTH AVG. 2
DAYS >= TRACE 32 21.0 11.0
DAYS >= 1.0 7 10.0 -3.0
GREATEST
SNOW DEPTH 8 02/10
24 HR TOTAL 9.4 02/09 TO 02/09
DEGREE DAYS
HEATING TOTAL 3587 3865 -278
SINCE 7/1 4958 5366 -408
COOLING TOTAL 0 0 0
SINCE 1/1 0 0 0
..............................................................
WIND (MPH)
AVERAGE WIND SPEED 11.5
HIGHEST WIND SPEED/DIRECTION 38/260 DATE 02/15
HIGHEST GUST SPEED/DIRECTION 49/260 DATE 02/15
49/300 12/23
SKY COVER
AVERAGE SKY COVER 0.55
NUMBER OF DAYS FAIR 30
NUMBER OF DAYS PC 26
NUMBER OF DAYS CLOUDY 34
AVERAGE RH (PERCENT) 81
WEATHER CONDITIONS. NUMBER OF DAYS WITH
THUNDERSTORM 2 HAIL 0
SLEET 0 FOG 62
FOG W/VIS <= 1/4 MILE 14 HAZE 30
- INDICATES NEGATIVE NUMBERS.
R INDICATES RECORD WAS SET OR TIED.
MM INDICATES DATA IS MISSING.
T INDICATES TRACE AMOUNT.
$$
===================================================================
NOTE: SUPPLEMENTAL CLIMATE DATA WAS USED FROM A NEARBY
CLIMATOLOGICALLY REPRESENTATIVE STATION.
===================================================================
PARAMETER DATE
--------- ----
SNW ALL