000
CXUS51 KLWX 010815
CF6DCA
PRELIMINARY LOCAL CLIMATOLOGICAL DATA (WS FORM: F-6)
STATION: WASHINGTON NATIONAL DC
MONTH: JUNE
YEAR: 2023
LATITUDE: 38 50 N
LONGITUDE: 77 2 W
TEMPERATURE IN F: :PCPN: SNOW: WIND :SUNSHINE: SKY :PK WND
================================================================================
1 2 3 4 5 6A 6B 7 8 9 10 11 12 13 14 15 16 17 18
12Z AVG MX 2MIN
DY MAX MIN AVG DEP HDD CDD WTR SNW DPTH SPD SPD DIR MIN PSBL S-S WX SPD DR
================================================================================
1 85 59 72 0 0 7 0.00 0.0 0 5.2 12 110 M M 1 8 18 30
2 94 64 79 7 0 14 0.00 0.0 0 4.3 13 50 M M 2 8 16 50
3 86 62 74 2 0 9 0.00 0.0 M 9.9 18 60 M M 7 25 90
4 76 61 69 -4 0 4 0.00 0.0 0 7.7 16 180 M M 7 8 25 240
5 81 59 70 -3 0 5 0.00 0.0 0 8.4 15 330 M M 6 22 290
6 83 61 72 -2 0 7 0.00 0.0 0 9.2 20 320 M M 8 8 28 250
7 80 62 71 -3 0 6 0.00 0.0 0 6.0 16 350 M M 6 8 26 340
8 79 61 70 -4 0 5 0.00 0.0 0 8.2 16 350 M M 7 8 20 140
9 77 59 68 -6 0 3 T 0.0 0 8.1 25 360 M M 7 33 350
10 87 58 73 -2 0 8 0.00 0.0 0 7.7 18 250 M M 4 27 260
11 91 66 79 4 0 14 0.00 0.0 0 10.6 20 180 M M 6 27 170
12 80 67 74 -1 0 9 0.23 0.0 0 12.0 22 300 M M 9 1 30 280
13 83 61 72 -4 0 7 0.00 0.0 0 7.2 16 220 M M 5 24 240
14 83 64 74 -2 0 9 T 0.0 0 11.2 29 250 M M 6 8 38 260
15 85 61 73 -3 0 8 0.00 0.0 0 6.6 15 260 M M 4 8 23 300
16 83 64 74 -3 0 9 T 0.0 0 7.7 24 330 M M 8 3 32 330
17 84 63 74 -3 0 9 0.00 0.0 0 12.1 24 320 M M 4 8 32 320
18 88 63 76 -1 0 11 0.00 0.0 0 5.1 13 260 M M 2 8 19 270
19 90 66 78 0 0 13 0.00 0.0 0 6.6 17 110 M M 7 38 24 120
20 83 71 77 -1 0 12 T 0.0 0 12.5 22 70 M M 9 8 29 90
21 71 61 66 -12 0 1 0.41 0.0 0 16.7 29 50 M M 10 1 45 10
22 68 61 65 -13 0 0 0.06 0.0 0 11.3 18 80 M M 10 1 34 40
23 80 66 73 -6 0 8 0.21 0.0 0 4.7 12 60 M M 10 138 14 70
24 89 72 81 2 0 16 0.01 0.0 0 6.2 16 300 M M 8 23 310
25 91 70 81 2 0 16 0.00 0.0 0 6.6 15 210 M M 5 25 210
26 89 76 83 4 0 18 T 0.0 0 10.3 18 250 M M 8 27 250
27 88 69 79 -1 0 14 0.83 0.0 0 7.2 28 290 M M 8 13 43 200
28 82 68 75 -5 0 10 0.00 0.0 0 9.4 21 270 M M 6 8 29 280
29 87 66 77 -3 0 12 0.00 0.0 0 6.6 13 240 M M 2 8 17 240
30 89 70 80 0 0 15 0.35 0.0 0 9.2 23 250 M M 7 138 31 230
================================================================================
SM 2512 1931 0 279 2.10 0.0 254.5 M 189
================================================================================
AV 83.7 64.4 8.5 FASTST M M 6 MAX(MPH)
MISC ----> # 29 250 45 10
================================================================================
NOTES:
# LAST OF SEVERAL OCCURRENCES
COLUMN 17 PEAK WIND IN M.P.H.
PRELIMINARY LOCAL CLIMATOLOGICAL DATA (WS FORM: F-6) , PAGE 2
STATION: WASHINGTON NATIONAL DC
MONTH: JUNE
YEAR: 2023
LATITUDE: 38 50 N
LONGITUDE: 77 2 W
[TEMPERATURE DATA] [PRECIPITATION DATA] SYMBOLS USED IN COLUMN 16
AVERAGE MONTHLY: 74.1 TOTAL FOR MONTH: 2.10 1 = FOG OR MIST
DPTR FM NORMAL: -2.2 DPTR FM NORMAL: -2.10 2 = FOG REDUCING VISIBILITY
HIGHEST: 94 ON 2 GRTST 24HR 0.83 ON 26-27 TO 1/4 MILE OR LESS
LOWEST: 58 ON 10 3 = THUNDER
SNOW, ICE PELLETS, HAIL 4 = ICE PELLETS
TOTAL MONTH: 0.0 INCH 5 = HAIL
GRTST 24HR 0.0 6 = FREEZING RAIN OR DRIZZLE
GRTST DEPTH: 0 7 = DUSTSTORM OR SANDSTORM:
VSBY 1/2 MILE OR LESS
8 = SMOKE OR HAZE
[NO. OF DAYS WITH] [WEATHER - DAYS WITH] 9 = BLOWING SNOW
X = TORNADO
MAX 32 OR BELOW: 0 0.01 INCH OR MORE: 7
MAX 90 OR ABOVE: 4 0.10 INCH OR MORE: 5
MIN 32 OR BELOW: 0 0.50 INCH OR MORE: 1
MIN 0 OR BELOW: 0 1.00 INCH OR MORE: 0
[HDD (BASE 65) ]
TOTAL THIS MO. 0 CLEAR (SCALE 0-3) 4
DPTR FM NORMAL -4 PTCLDY (SCALE 4-7) 18
TOTAL FM JUL 1 3184 CLOUDY (SCALE 8-10) 8
DPTR FM NORMAL -584
[CDD (BASE 65) ]
TOTAL THIS MO. 279
DPTR FM NORMAL -64 [PRESSURE DATA]
TOTAL FM JAN 1 414 HIGHEST SLP 30.16 ON 21
DPTR FM NORMAL -96 LOWEST SLP 29.55 ON 14
[REMARKS]
#FINAL-06-23#