000
CXUS54 KHUN 050324
CF6DCU
PRELIMINARY LOCAL CLIMATOLOGICAL DATA (WS FORM: F-6)
STATION: DECATUR
MONTH: OCTOBER
YEAR: 2021
LATITUDE: 34 39 N
LONGITUDE: 86 56 W
TEMPERATURE IN F: :PCPN: SNOW: WIND :SUNSHINE: SKY :PK WND
================================================================================
1 2 3 4 5 6A 6B 7 8 9 10 11 12 13 14 15 16 17 18
12Z AVG MX 2MIN
DY MAX MIN AVG DEP HDD CDD WTR SNW DPTH SPD SPD DIR MIN PSBL S-S WX SPD DR
================================================================================
1 85 63 74 6 0 9 0.00 0.0 0 2.8 10 140 M M 1 128 14 140
2 80 63 72 4 0 7 T 0.0 0 5.6 15 170 M M 3 13 22 180
3 74 64 69 2 0 4 0.14 0.0 0 7.3 18 200 M M 9 1 25 200
4 80 63 72 5 0 7 0.00 0.0 0 2.1 9 320 M M 7 1 11 130
5 75 66 71 4 0 6 1.01 0.0 0 3.6 14 140 M M 9 1 21 140
6 78 62 70 4 0 5 0.44 0.0 0 4.0 15 250 M M 8 13 19 240
7 78 60 69 3 0 4 0.00 0.0 0 2.3 10 250 M M 4 12 13 250
8 86 58 72 7 0 7 0.00 0.0 0 1.6 12 260 M M 4 12 14 270
9 85 59 72 7 0 7 0.00 0.0 0 2.5 8 270 M M 1 1 11 230
10 82 61 72 8 0 7 0.00 0.0 0 4.2 13 170 M M 0 12 16 130
11 81 61 71 7 0 6 0.00 0.0 0 9.3 20 160 M M 1 1 25 190
12 82 67 75 11 0 10 0.03 0.0 0 5.1 12 160 M M 6 1 16 150
13 84 66 75 12 0 10 0.00 0.0 0 3.9 12 180 M M 2 14 170
14 83 61 72 9 0 7 0.00 0.0 0 3.5 9 180 M M 0 1 14 240
15 82 59 71 9 0 6 0.54 0.0 0 4.5 23 310 M M 6 1 31 320
16 69 45 57 -5 8 0 T 0.0 0 11.1 25 320 M M 3 1 38 330
17 69 40 55 -7 10 0 0.00 0.0 0 4.6 15 20 M M 0 23 330
18 72 39 56 -5 9 0 0.00 0.0 0 1.2 12 120 M M 0 16 140
19 75 41 58 -3 7 0 0.00 0.0 0 2.1 9 210 M M 0 1 13 200
20 80 49 65 5 0 0 T 0.0 0 4.3 12 180 M M 4 1 22 260
21 80 53 67 7 0 2 0.34 0.0 0 5.6 22 290 M M 5 13 29 280
22 67 46 57 -3 8 0 0.00 0.0 0 4.3 13 240 M M 1 18 16 280
23 75 43 59 0 6 0 0.00 0.0 0 4.0 10 160 M M 1 12 17 150
24 79 54 67 8 0 2 0.00 0.0 0 6.8 15 160 M M 0 19 170
25 77 54 66 8 0 1 0.03 0.0 0 11.8 23 330 M M 7 1 30 310
26 66 46 56 -2 9 0 0.00 0.0 0 7.6 18 10 M M 5 23 10
27 72 43 58 1 7 0 0.01 0.0 0 5.5 12 160 M M 1 16 120
28 67 54 61 4 4 0 0.29 0.0 0 11.8 23 130 M M 10 1 33 140
29 56 50 53 -4 12 0 0.21 0.0 0 7.0 14 240 M M 10 1 19 250
30 56 53 55 -1 10 0 0.02 0.0 0 10.6 17 280 M M 10 1 22 290
31 66 46 56 0 9 0 0.00 0.0 0 5.1 14 280 M M 5 1 19 280
================================================================================
SM 2341 1689 99 107 3.06 0.0 165.7 M 123
================================================================================
AV 75.5 54.5 5.3 FASTST M M 4 MAX(MPH)
MISC ----> 25 320 38 330
================================================================================
NOTES:
# LAST OF SEVERAL OCCURRENCES
COLUMN 17 PEAK WIND IN M.P.H.
PRELIMINARY LOCAL CLIMATOLOGICAL DATA (WS FORM: F-6) , PAGE 2
STATION: DECATUR
MONTH: OCTOBER
YEAR: 2021
LATITUDE: 34 39 N
LONGITUDE: 86 56 W
[TEMPERATURE DATA] [PRECIPITATION DATA] SYMBOLS USED IN COLUMN 16
AVERAGE MONTHLY: 65.0 TOTAL FOR MONTH: 3.06 1 = FOG OR MIST
DPTR FM NORMAL: 3.0 DPTR FM NORMAL: -0.17 2 = FOG REDUCING VISIBILITY
HIGHEST: 86 ON 8 GRTST 24HR 1.35 ON 5- 6 TO 1/4 MILE OR LESS
LOWEST: 39 ON 18 3 = THUNDER
SNOW, ICE PELLETS, HAIL 4 = ICE PELLETS
TOTAL MONTH: 0.0 INCH 5 = HAIL
GRTST 24HR 0.0 6 = FREEZING RAIN OR DRIZZLE
GRTST DEPTH: 0 7 = DUSTSTORM OR SANDSTORM:
VSBY 1/2 MILE OR LESS
8 = SMOKE OR HAZE
[NO. OF DAYS WITH] [WEATHER - DAYS WITH] 9 = BLOWING SNOW
X = TORNADO
MAX 32 OR BELOW: 0 0.01 INCH OR MORE: 11
MAX 90 OR ABOVE: 0 0.10 INCH OR MORE: 7
MIN 32 OR BELOW: 0 0.50 INCH OR MORE: 2
MIN 0 OR BELOW: 0 1.00 INCH OR MORE: 1
[HDD (BASE 65) ]
TOTAL THIS MO. 99 CLEAR (SCALE 0-3) 15
DPTR FM NORMAL -57 PTCLDY (SCALE 4-7) 11
TOTAL FM JUL 1 109 CLOUDY (SCALE 8-10) 5
DPTR FM NORMAL -62
[CDD (BASE 65) ]
TOTAL THIS MO. 107
DPTR FM NORMAL 44 [PRESSURE DATA]
TOTAL FM JAN 1 1687 HIGHEST SLP 30.28 ON 20
DPTR FM NORMAL -134 LOWEST SLP 29.43 ON 28
[REMARKS]
#FINAL-10-21#