000
CXUS53 KARX 012245
CF6DEH
PRELIMINARY LOCAL CLIMATOLOGICAL DATA (WS FORM: F-6)
STATION: DECORAH IA
MONTH: MAY
YEAR: 2023
LATITUDE: 43 16 N
LONGITUDE: 91 44 W
TEMPERATURE IN F: :PCPN: SNOW: WIND :SUNSHINE: SKY :PK WND
================================================================================
1 2 3 4 5 6A 6B 7 8 9 10 11 12 13 14 15 16 17 18
12Z AVG MX 2MIN
DY MAX MIN AVG DEP HDD CDD WTR SNW DPTH SPD SPD DIR MIN PSBL S-S WX SPD DR
================================================================================
1 55 39 47 M 18 0 0.00 0.0 0 20.7 30 340 M M 5 39 320
2 59 39 49 M 16 0 0.00 0.0 0 16.0 27 330 M M 2 36 340
3 64 34 49 M 16 0 0.00 0.0 0 4.4 10 320 M M 3 20 99
4 79 46 63 M 2 0 0.00 0.0 0 8.6 15 250 M M 4 23 250
5 75 55 65 M 0 0 0.05 0.0 0 9.6 15 180 M M 6 23 180
6 66 55 61 M 4 0 0.12 0.0 0 8.2 14 160 M M 10 1 24 160
7 73 54 64 M 1 0 T 0.0 0 3.8 9 50 M M 6 12 18 99
8 72 57 65 M 0 0 0.31 0.0 0 4.8 9 130 M M 7 16 110
9 72 54 63 M 2 0 0.01 0.0 0 6.0 9 140 M M 5 1 15 99
10 77 54 66 M 0 1 0.00 0.0 0 7.1 13 150 M M 2 18 160
11 81 57 69 M 0 4 0.00 0.0 0 7.4 13 150 M M 4 22 150
12 68 61 65 M 0 0 1.08 0.0 0 7.9 14 80 M M 8 1 22 80
13 73 59 66 M 0 1 0.00 0.0 0 12.4 20 90 M M 6 28 100
14 64 46 55 M 10 0 1.72 0.0 0 12.0 16 80 M M 9 1 27 60
15 68 46 57 M 8 0 0.00 0.0 0 3.5 8 30 M M 1 12 99
16 79 50 65 M 0 0 0.00 0.0 0 5.1 12 320 M M 2 22 310
17 64 48 56 M 9 0 M 0.0 0 7.3 12 90 M M 4 18 100
18 81 48 65 M 0 0 0.02 0.0 0 8.1 14 220 M M 6 18 24 180
19 59 46 53 M 12 0 0.00 0.0 0 10.9 17 340 M M 5 1 25 340
20 70 43 57 M 8 0 0.00 0.0 0 3.8 13 350 M M 3 16 350
21 77 45 61 M 4 0 0.00 0.0 0 2.8 8 270 M M 3 15 99
22 79 52 66 M 0 1 0.00 0.0 0 3.9 9 200 M M 5 15 160
23 81 54 68 M 0 3 0.00 0.0 0 3.7 10 200 M M 3 16 200
24 77 52 65 M 0 0 0.00 0.0 0 7.8 14 90 M M 4 22 80
25 72 50 61 M 4 0 0.00 0.0 0 8.5 15 80 M M 3 21 80
26 73 41 57 M 8 0 0.00 0.0 0 5.0 9 90 M M 0 17 99
27 77 46 62 M 3 0 0.00 0.0 0 4.6 9 160 M M 1 22 110
28 79 52 66 M 0 1 0.00 0.0 0 4.4 12 100 M M 3 18 100
29 82 59 71 M 0 6 0.00 0.0 0 6.0 10 140 M M 3 20 150
30 86 59 73 M 0 8 0.00 0.0 0 7.0 12 170 M M 4 20 170
31 88 63 76 M 0 11 M 0.0 0 4.9 12 150 M M 3 20 0
================================================================================
SM 2270 1564 125 36 3.31 0.0 226.2 M 130
================================================================================
AV 73.2 50.5 7.3 FASTST M M 4 MAX(MPH)
MISC ----> 30 340 39 320
================================================================================
NOTES:
# LAST OF SEVERAL OCCURRENCES
COLUMN 17 PEAK WIND IN M.P.H.
PRELIMINARY LOCAL CLIMATOLOGICAL DATA (WS FORM: F-6) , PAGE 2
STATION: DECORAH IA
MONTH: MAY
YEAR: 2023
LATITUDE: 43 16 N
LONGITUDE: 91 44 W
[TEMPERATURE DATA] [PRECIPITATION DATA] SYMBOLS USED IN COLUMN 16
AVERAGE MONTHLY: 61.8 TOTAL FOR MONTH: 3.31 1 = FOG OR MIST
DPTR FM NORMAL: 0.0 DPTR FM NORMAL: M 2 = FOG REDUCING VISIBILITY
HIGHEST: 88 ON 31 GRTST 24HR 1.72 ON 14-14 TO 1/4 MILE OR LESS
LOWEST: 34 ON 3 3 = THUNDER
SNOW, ICE PELLETS, HAIL 4 = ICE PELLETS
TOTAL MONTH: 0.0 INCH 5 = HAIL
GRTST 24HR 0.0 6 = FREEZING RAIN OR DRIZZLE
GRTST DEPTH: 0 7 = DUSTSTORM OR SANDSTORM:
VSBY 1/2 MILE OR LESS
8 = SMOKE OR HAZE
[NO. OF DAYS WITH] [WEATHER - DAYS WITH] 9 = BLOWING SNOW
X = TORNADO
MAX 32 OR BELOW: 0 0.01 INCH OR MORE: 7
MAX 90 OR ABOVE: 0 0.10 INCH OR MORE: 4
MIN 32 OR BELOW: 0 0.50 INCH OR MORE: 2
MIN 0 OR BELOW: 0 1.00 INCH OR MORE: 2
[HDD (BASE 65) ]
TOTAL THIS MO. 125 CLEAR (SCALE 0-3) 14
DPTR FM NORMAL M PTCLDY (SCALE 4-7) 15
TOTAL FM JUL 1 6880 CLOUDY (SCALE 8-10) 2
DPTR FM NORMAL M
[CDD (BASE 65) ]
TOTAL THIS MO. 36
DPTR FM NORMAL M [PRESSURE DATA]
TOTAL FM JAN 1 53 HIGHEST SLP M ON M
DPTR FM NORMAL M LOWEST SLP M ON M
[REMARKS]
#FINAL-05-23#