000
CXUS55 KBOU 010759
CF6DEN
PRELIMINARY LOCAL CLIMATOLOGICAL DATA (WS FORM: F-6)
STATION: DENVER CO
MONTH: MAY
YEAR: 2020
LATITUDE: 39 52 N
LONGITUDE: 104 40 W
TEMPERATURE IN F: :PCPN: SNOW: WIND :SUNSHINE: SKY :PK WND
================================================================================
1 2 3 4 5 6A 6B 7 8 9 10 11 12 13 14 15 16 17 18
12Z AVG MX 2MIN
DY MAX MIN AVG DEP HDD CDD WTR SNW DPTH SPD SPD DIR MIN PSBL S-S WX SPD DR
================================================================================
1 85 49 67 15 0 2 0.00 0.0 0 12.2 39 30 M M 6 49 20
2 68 49 59 7 6 0 0.35 0.0 0 13.4 25 60 M M 9 13 32 140
3 73 44 59 7 6 0 0.00 0.0 0 9.9 29 10 M M 5 12 38 20
4 68 36 52 -1 13 0 0.00 0.0 0 13.5 38 320 M M 5 50 330
5 71 30 51 -2 14 0 0.00 0.0 0 7.5 16 60 M M 3 24 270
6 73 31 52 -2 13 0 0.00 0.0 0 11.9 23 160 M M 4 33 170
7 72 38 55 1 10 0 0.00 0.0 0 16.6 49 310 M M 2 78 65 320
8 63 33 48 -6 17 0 0.00 0.0 0 12.3 24 170 M M 6 33 190
9 60 39 50 -5 15 0 0.00 0.0 0 15.4 29 10 M M 6 38 10
10 65 33 49 -6 16 0 0.00 0.0 0 9.3 21 20 M M 5 27 30
11 53 36 45 -10 20 0 0.11 0.0 0 8.8 25 360 M M 8 1 32 360
12 76 39 58 2 7 0 0.00 0.0 0 9.2 21 360 M M 7 18 27 10
13 79 41 60 4 5 0 0.00 0.0 0 9.1 22 60 M M 7 30 60
14 70 47 59 3 6 0 0.02 0.0 0 10.0 24 20 M M 7 13 32 30
15 70 47 59 2 6 0 0.14 0.0 0 10.1 25 350 M M 8 13 33 360
16 70 48 59 2 6 0 T 0.0 0 9.3 21 30 M M 6 26 40
17 77 41 59 1 6 0 0.00 0.0 0 8.5 18 60 M M 5 24 60
18 88 50 69 11 0 4 0.00 0.0 0 13.4 33 150 M M 5 18 43 140
19 92 54 73 15 0 8 0.00 0.0 0 15.6 38 130 M M 4 51 160
20 90 54 72 13 0 7 0.00 0.0 0 18.9 39 170 M M 3 53 160
21 75 45 60 1 5 0 0.00 0.0 0 7.5 18 60 M M 3 24 70
22 83 45 64 5 1 0 0.00 0.0 0 14.1 36 160 M M 3 47 150
23 80 49 65 5 0 0 T 0.0 0 11.5 32 20 M M 6 3 42 20
24 65 43 54 -6 11 0 0.94 0.0 0 8.1 22 340 M M 8 1 30 350
25 65 40 53 -7 12 0 0.00 0.0 0 6.5 15 50 M M 4 1 21 30
26 77 44 61 0 4 0 0.00 0.0 0 8.3 16 340 M M 2 23 20
27 82 50 66 5 0 1 0.03 0.0 0 8.5 21 290 M M 4 3 32 320
28 74 54 64 3 1 0 0.06 0.0 0 7.7 14 140 M M 7 3 19 340
29 88 53 71 9 0 6 0.00 0.0 0 8.4 25 190 M M 4 3 30 190
30 83 56 70 8 0 5 0.00 0.0 0 9.2 17 100 M M 4 23 100
31 89 53 71 9 0 6 0.00 0.0 0 8.2 25 260 M M 7 36 200
================================================================================
SM 2324 1371 200 39 1.65 0.0 332.9 M 163
================================================================================
AV 75.0 44.2 10.7 FASTST M M 5 MAX(MPH)
MISC ----> # 49 310 # 65 320
================================================================================
NOTES:
# LAST OF SEVERAL OCCURRENCES
COLUMN 17 PEAK WIND IN M.P.H.
PRELIMINARY LOCAL CLIMATOLOGICAL DATA (WS FORM: F-6) , PAGE 2
STATION: DENVER CO
MONTH: MAY
YEAR: 2020
LATITUDE: 39 52 N
LONGITUDE: 104 40 W
[TEMPERATURE DATA] [PRECIPITATION DATA] SYMBOLS USED IN COLUMN 16
AVERAGE MONTHLY: 59.6 TOTAL FOR MONTH: 1.65 1 = FOG OR MIST
DPTR FM NORMAL: 2.5 DPTR FM NORMAL: -0.47 2 = FOG REDUCING VISIBILITY
HIGHEST: 92 ON 19 GRTST 24HR 0.94 ON 24-24 TO 1/4 MILE OR LESS
LOWEST: 30 ON 5 3 = THUNDER
SNOW, ICE PELLETS, HAIL 4 = ICE PELLETS
TOTAL MONTH: 0.0 INCH 5 = HAIL
GRTST 24HR 0.0 6 = FREEZING RAIN OR DRIZZLE
GRTST DEPTH: 0 7 = DUSTSTORM OR SANDSTORM:
VSBY 1/2 MILE OR LESS
8 = SMOKE OR HAZE
[NO. OF DAYS WITH] [WEATHER - DAYS WITH] 9 = BLOWING SNOW
X = TORNADO
MAX 32 OR BELOW: 0 0.01 INCH OR MORE: 7
MAX 90 OR ABOVE: 2 0.10 INCH OR MORE: 4
MIN 32 OR BELOW: 2 0.50 INCH OR MORE: 1
MIN 0 OR BELOW: 0 1.00 INCH OR MORE: 0
[HDD (BASE 65) ]
TOTAL THIS MO. 200 CLEAR (SCALE 0-3) 6
DPTR FM NORMAL -65 PTCLDY (SCALE 4-7) 23
TOTAL FM JUL 1 5943 CLOUDY (SCALE 8-10) 2
DPTR FM NORMAL -53
[CDD (BASE 65) ]
TOTAL THIS MO. 39
DPTR FM NORMAL 18 [PRESSURE DATA]
TOTAL FM JAN 1 39 HIGHEST SLP M ON M
DPTR FM NORMAL 17 LOWEST SLP 29.39 ON 20
[REMARKS]
#FINAL-05-20#