000
CXUS56 KOTX 011143
CLMDEW
CLIMATE REPORT
NATIONAL WEATHER SERVICE SPOKANE WA
443 AM PDT THU JUN 01 2023
...................................
...THE DEER_PARK WA AIRPORT CLIMATE SUMMARY FOR THE MONTH OF MAY 2023...
CLIMATE NORMAL PERIOD 1991 TO 2020
CLIMATE RECORD PERIOD 9999 TO 9999
WEATHER OBSERVED NORMAL DEPART LAST YEAR`S
VALUE DATE(S) VALUE FROM VALUE DATE(S)
NORMAL
................................................................
TEMPERATURE (F)
RECORD
HIGH 91 05/18/2006
LOW 18 05/01/2013
HIGHEST 90 05/02 MM MM 74 05/26
LOWEST 34 05/09 MM MM 25 05/11
05/12
AVG. MAXIMUM 75.6 67.4 8.2 61.5
AVG. MINIMUM 46.0 39.2 6.8 37.3
MEAN 60.8 53.3 7.5 49.4
DAYS MAX >= 90 1 0.1 0.9 0
DAYS MAX <= 32 0 0.0 0.0 0
DAYS MIN <= 32 0 6.7 -6.7 9
DAYS MIN <= 0 0 0.0 0.0 0
PRECIPITATION (INCHES)
RECORD
MAXIMUM 3.95 2020
MINIMUM 0.42 2021
TOTALS 0.68 1.92 -1.24 1.58
DAILY AVG. 0.02 0.06 -0.04 0.05
DAYS >= .01 11 11.0 0.0 11
DAYS >= .10 1 5.4 -4.4 6
DAYS >= .50 0 0.7 -0.7 0
DAYS >= 1.00 0 0.1 -0.1 0
GREATEST
24 HR. TOTAL 0.53 05/04 TO 05/05 0.39
DEGREE DAYS
HEATING TOTAL 163 367 -204 475
SINCE 7/1 6801 7074 -273 MM
COOLING TOTAL 40 4 36 0
SINCE 1/1 40 4 36 MM
................................................................
WIND (MPH)
AVERAGE WIND SPEED 5.6
HIGHEST WIND SPEED/DIRECTION 24/050 DATE 05/14
HIGHEST GUST SPEED/DIRECTION 35/190 DATE 05/04
SKY COVER
POSSIBLE SUNSHINE (PERCENT) MM
AVERAGE SKY COVER 0.29
NUMBER OF DAYS FAIR 20
NUMBER OF DAYS PC 7
NUMBER OF DAYS CLOUDY 4
AVERAGE RH (PERCENT) 62
WEATHER CONDITIONS. NUMBER OF DAYS WITH
THUNDERSTORM 9 MIXED PRECIP 0
HEAVY RAIN 0 RAIN 1
LIGHT RAIN 12 FREEZING RAIN 0
LT FREEZING RAIN 0 HAIL 0
HEAVY SNOW 0 SNOW 0
LIGHT SNOW 0 SLEET 0
FOG 13 FOG W/VIS <= 1/4 MILE 1
HAZE 1
- INDICATES NEGATIVE NUMBERS.
R INDICATES RECORD WAS SET OR TIED.
MM INDICATES DATA IS MISSING.
T INDICATES TRACE AMOUNT.
$$