000
CXUS53 KIWX 010810
CF6DFI
PRELIMINARY LOCAL CLIMATOLOGICAL DATA (WS FORM: F-6)
STATION: DEFIANCE MEMORIAL
MONTH: MAY
YEAR: 2023
LATITUDE: 41 20 N
LONGITUDE: 84 26 W
TEMPERATURE IN F: :PCPN: SNOW: WIND :SUNSHINE: SKY :PK WND
================================================================================
1 2 3 4 5 6A 6B 7 8 9 10 11 12 13 14 15 16 17 18
12Z AVG MX 2MIN
DY MAX MIN AVG DEP HDD CDD WTR SNW DPTH SPD SPD DIR MIN PSBL S-S WX SPD DR
================================================================================
1 45 39 42 -13 23 0 0.26 M M 9.5 22 290 M M 10 1 38 300
2 46 39 43 -12 22 0 0.08 M M 12.8 24 300 M M 10 1 36 280
3 58 39 49 -7 16 0 T M M 11.2 21 310 M M 8 30 300
4 66 34 50 -6 15 0 0.00 M M 2.1 10 320 M M 3 18 17 320
5 72 39 56 0 9 0 0.00 M M 6.6 17 100 M M 0 22 100
6 74 46 60 3 5 0 0.00 M M 8.0 15 130 M M 4 22 140
7 81 53 67 10 0 2 0.42 M M 7.6 17 230 M M 4 13 25 240
8 65 55 60 3 5 0 0.01 M M 8.7 16 70 M M 8 22 70
9 72 50 61 3 4 0 0.00 M M 5.8 16 10 M M 3 25 20
10 76 43 60 2 5 0 0.00 M M 2.1 9 190 M M 0 14 210
11 81 48 65 7 0 0 0.00 M M 3.4 12 110 M M 0 18 130
12 77 53 65 6 0 0 T M M 3.2 12 80 M M 4 14 80
13 74 61 68 9 0 3 T M M 6.2 13 70 M M 9 1 19 40
14 70 55 63 4 2 0 T M M 10.7 18 80 M M 6 30 30
15 75 51 63 3 2 0 0.00 M M 4.3 12 60 M M 1 16 80
16 78 47 63 3 2 0 0.00 M M 5.5 18 340 M M 0 8 26 40
17 65 43 54 -6 11 0 0.00 M M 8.7 16 40 M M 0 22 50
18 71 35 53 -8 12 0 0.00 0.0 0 4.7 14 90 M M 0 19 120
19 82 42 62 1 3 0 0.51 0.0 0 6.9 20 200 M M 5 1 28 300
20 61 49 55 -6 10 0 0.06 M M 8.7 21 300 M M 5 18 28 320
21 78 44 61 -1 4 0 0.00 M M 3.8 15 310 M M 1 20 300
22 79 48 64 2 1 0 0.00 M M 4.7 16 80 M M 0 8 26 110
23 82 50 66 4 0 1 0.00 0.0 0 2.1 12 130 M M 0 1 17 140
24 82 49 66 3 0 1 0.00 0.0 0 8.5 20 50 M M 0 1 31 50
25 66 43 55 -8 10 0 0.00 0.0 0 9.7 20 30 M M 0 27 30
26 73 42 58 -5 7 0 0.00 M M 8.2 18 50 M M 0 27 80
27 79 42 61 -3 4 0 0.00 M M 5.8 15 70 M M 0 21 80
28 82 53 68 4 0 3 0.00 M M 6.9 16 20 M M 0 26 30
29 86 54 70 6 0 5 0.00 M M 6.5 17 80 M M 0 24 70
30 89 57 73 8 0 8 0.00 M M 4.9 12 110 M M 2 18 170
31 89 61 75 10 0 10 0.00 M M 5.0 14 80 M M 2 20 100
================================================================================
SM 2274 1464 172 33 1.34 0.0 202.8 M 85
================================================================================
AV 73.4 47.2 6.5 FASTST M M 3 MAX(MPH)
MISC ----> 24 300 38 300
================================================================================
NOTES:
# LAST OF SEVERAL OCCURRENCES
COLUMN 17 PEAK WIND IN M.P.H.
PRELIMINARY LOCAL CLIMATOLOGICAL DATA (WS FORM: F-6) , PAGE 2
STATION: DEFIANCE MEMORIAL
MONTH: MAY
YEAR: 2023
LATITUDE: 41 20 N
LONGITUDE: 84 26 W
[TEMPERATURE DATA] [PRECIPITATION DATA] SYMBOLS USED IN COLUMN 16
AVERAGE MONTHLY: 60.3 TOTAL FOR MONTH: 1.34 1 = FOG OR MIST
DPTR FM NORMAL: 0.3 DPTR FM NORMAL: -2.55 2 = FOG REDUCING VISIBILITY
HIGHEST: 89 ON 31,30 GRTST 24HR 0.57 ON 19-20 TO 1/4 MILE OR LESS
LOWEST: 34 ON 4 3 = THUNDER
SNOW, ICE PELLETS, HAIL 4 = ICE PELLETS
TOTAL MONTH: 0.0 INCH 5 = HAIL
GRTST 24HR 0.0 6 = FREEZING RAIN OR DRIZZLE
GRTST DEPTH: 0 7 = DUSTSTORM OR SANDSTORM:
VSBY 1/2 MILE OR LESS
8 = SMOKE OR HAZE
[NO. OF DAYS WITH] [WEATHER - DAYS WITH] 9 = BLOWING SNOW
X = TORNADO
MAX 32 OR BELOW: 0 0.01 INCH OR MORE: 6
MAX 90 OR ABOVE: 0 0.10 INCH OR MORE: 3
MIN 32 OR BELOW: 0 0.50 INCH OR MORE: 1
MIN 0 OR BELOW: 0 1.00 INCH OR MORE: 0
[HDD (BASE 65) ]
TOTAL THIS MO. 172 CLEAR (SCALE 0-3) 20
DPTR FM NORMAL -30 PTCLDY (SCALE 4-7) 7
TOTAL FM JUL 1 5316 CLOUDY (SCALE 8-10) 4
DPTR FM NORMAL -830
[CDD (BASE 65) ]
TOTAL THIS MO. 33
DPTR FM NORMAL -14 [PRESSURE DATA]
TOTAL FM JAN 1 38 HIGHEST SLP 30.38 ON 14
DPTR FM NORMAL -15 LOWEST SLP 29.30 ON 1
[REMARKS]
#FINAL-05-23#