000
CXUS53 KIWX 010810
CF6DFI
PRELIMINARY LOCAL CLIMATOLOGICAL DATA (WS FORM: F-6)
STATION: DEFIANCE MEMORIAL
MONTH: OCTOBER
YEAR: 2021
LATITUDE: 41 20 N
LONGITUDE: 84 26 W
TEMPERATURE IN F: :PCPN: SNOW: WIND :SUNSHINE: SKY :PK WND
================================================================================
1 2 3 4 5 6A 6B 7 8 9 10 11 12 13 14 15 16 17 18
12Z AVG MX 2MIN
DY MAX MIN AVG DEP HDD CDD WTR SNW DPTH SPD SPD DIR MIN PSBL S-S WX SPD DR
================================================================================
1 79 47 63 5 2 0 0.00 M M 1.9 9 150 M M 0 12 180
2 80 50 65 7 0 0 0.01 M M 4.2 12 300 M M 4 16 190
3 77 64 71 14 0 6 M M M 6.4 13 330 M M 9 13 19 320
4 75 62 69 12 0 4 0.79 M M 1.8 13 310 M M 9 12 19 300
5 76 64 70 14 0 5 T M M 7.2 15 70 M M 8 18 21 70
6 72 64 68 12 0 3 0.00 M M 8.5 14 100 M M 10 1 20 80
7 76 67 72 16 0 7 0.13 0.0 0 5.8 14 80 M M 7 1 19 80
8 78 61 70 15 0 5 0.56 0.0 0 3.0 14 230 M M 7 13 22 210
9 79 59 69 14 0 4 0.00 0.0 0 3.2 10 180 M M 6 12 15 200
10 84 67 76 21 0 11 0.03 0.0 0 8.4 18 200 M M 2 27 170
11 83 66 75 21 0 10 0.01 0.0 0 8.8 16 170 M M 1 29 180
12 75 61 68 14 0 3 T 0.0 0 8.9 20 180 M M 9 31 160
13 78 55 67 14 0 2 0.00 0.0 0 5.0 13 190 M M 4 12 18 220
14 82 63 73 20 0 8 0.95 M M 6.6 24 310 M M 5 18 33 310
15 64 58 61 8 4 0 1.03 M M 5.8 14 310 M M 9 1 19 310
16 60 52 56 4 9 0 0.19 M M 7.7 18 300 M M 9 1 30 290
17 66 45 56 4 9 0 0.00 M M 7.0 22 310 M M 2 32 300
18 70 41 56 4 9 0 0.00 M M 3.4 12 300 M M 0 19 290
19 74 43 59 8 6 0 0.00 M M 4.0 14 220 M M 0 23 230
20 75 44 60 9 5 0 0.01 M M 6.5 16 200 M M 2 24 200
21 67 52 60 10 5 0 0.06 M M 9.6 20 260 M M 8 13 34 240
22 57 39 48 -2 17 0 0.01 M M 4.2 15 320 M M 7 1 21 310
23 59 38 49 -1 16 0 0.03 M M 3.6 14 300 M M 6 18 22 300
24 51 35 43 -6 22 0 0.93 M M 6.4 22 40 M M 7 1 34 60
25 52 47 50 1 15 0 1.23 M M 11.5 20 10 M M 10 1 30 50
26 55 36 46 -2 19 0 0.00 M M 8.0 17 330 M M 2 24 330
27 53 34 44 -4 21 0 0.00 M M 3.5 12 90 M M 6 16 90
28 64 51 58 10 7 0 0.11 M M 10.1 18 90 M M 8 1 27 90
29 58 54 56 9 9 0 0.50 M M 7.6 16 30 M M 10 1 23 30
30 55 51 53 6 12 0 T M M 9.7 18 20 M M 10 18 29 30
31 61 43 52 5 13 0 0.00 M M 6.9 23 310 M M 6 1 32 310
================================================================================
SM 2135 1613 200 68 6.58 0.0 195.2 M 183
================================================================================
AV 68.9 52.0 6.3 FASTST M M 6 MAX(MPH)
MISC ----> 24 310 # 34 240
================================================================================
NOTES:
# LAST OF SEVERAL OCCURRENCES
COLUMN 17 PEAK WIND IN M.P.H.
PRELIMINARY LOCAL CLIMATOLOGICAL DATA (WS FORM: F-6) , PAGE 2
STATION: DEFIANCE MEMORIAL
MONTH: OCTOBER
YEAR: 2021
LATITUDE: 41 20 N
LONGITUDE: 84 26 W
[TEMPERATURE DATA] [PRECIPITATION DATA] SYMBOLS USED IN COLUMN 16
AVERAGE MONTHLY: 60.5 TOTAL FOR MONTH: 6.58 1 = FOG OR MIST
DPTR FM NORMAL: 8.2 DPTR FM NORMAL: 4.26 2 = FOG REDUCING VISIBILITY
HIGHEST: 84 ON 10 GRTST 24HR 2.02 ON 24-25 TO 1/4 MILE OR LESS
LOWEST: 34 ON 27 3 = THUNDER
SNOW, ICE PELLETS, HAIL 4 = ICE PELLETS
TOTAL MONTH: 0.0 INCH 5 = HAIL
GRTST 24HR 0.0 6 = FREEZING RAIN OR DRIZZLE
GRTST DEPTH: 0 7 = DUSTSTORM OR SANDSTORM:
VSBY 1/2 MILE OR LESS
8 = SMOKE OR HAZE
[NO. OF DAYS WITH] [WEATHER - DAYS WITH] 9 = BLOWING SNOW
X = TORNADO
MAX 32 OR BELOW: 0 0.01 INCH OR MORE: 17
MAX 90 OR ABOVE: 0 0.10 INCH OR MORE: 10
MIN 32 OR BELOW: 0 0.50 INCH OR MORE: 7
MIN 0 OR BELOW: 0 1.00 INCH OR MORE: 2
[HDD (BASE 65) ]
TOTAL THIS MO. 200 CLEAR (SCALE 0-3) 8
DPTR FM NORMAL -204 PTCLDY (SCALE 4-7) 13
TOTAL FM JUL 1 236 CLOUDY (SCALE 8-10) 10
DPTR FM NORMAL -292
[CDD (BASE 65) ]
TOTAL THIS MO. 68
DPTR FM NORMAL 57 [PRESSURE DATA]
TOTAL FM JAN 1 1164 HIGHEST SLP 30.29 ON 6
DPTR FM NORMAL 417 LOWEST SLP 29.45 ON 29
[REMARKS]
#FINAL-10-21#