000
CXUS53 KIWX 010810
CF6DFI
PRELIMINARY LOCAL CLIMATOLOGICAL DATA (WS FORM: F-6)
STATION: DEFIANCE MEMORIAL
MONTH: OCTOBER
YEAR: 2023
LATITUDE: 41 20 N
LONGITUDE: 84 26 W
TEMPERATURE IN F: :PCPN: SNOW: WIND :SUNSHINE: SKY :PK WND
================================================================================
1 2 3 4 5 6A 6B 7 8 9 10 11 12 13 14 15 16 17 18
12Z AVG MX 2MIN
DY MAX MIN AVG DEP HDD CDD WTR SNW DPTH SPD SPD DIR MIN PSBL S-S WX SPD DR
================================================================================
1 83 52 68 10 0 3 0.00 M M 2.5 8 70 M M 1 12 12 110
2 88 52 70 12 0 5 0.00 M M 2.0 8 350 M M 1 12 12 70
3 88 55 72 15 0 7 0.00 M M 1.9 13 200 M M 0 1 20 200
4 86 57 72 15 0 7 0.00 M M 5.8 18 200 M M 1 27 210
5 75 62 69 13 0 4 0.69 M M 6.8 17 220 M M 6 1 26 230
6 67 44 56 0 9 0 0.01 M M 7.4 17 290 M M 3 28 300
7 58 41 50 -6 15 0 0.03 M M 7.6 21 340 M M 5 35 300
8 57 44 51 -4 14 0 T M M 7.4 23 310 M M 8 32 310
9 60 38 49 -6 16 0 0.00 M M 5.3 22 310 M M 5 29 300
10 60 39 50 -5 15 0 0.00 M M 5.7 15 260 M M 8 25 250
11 67 37 52 -2 13 0 T M M 4.1 16 220 M M 4 8 25 220
12 63 49 56 2 9 0 0.06 M M 5.2 12 50 M M 7 1 18 80
13 65 49 57 4 8 0 M 0.0 0 10.6 21 80 M M 9 1 30 70
14 53 47 50 -3 15 0 M M M 11.3 18 30 M M 10 1 29 20
15 55 42 49 -4 16 0 T M M 9.1 17 320 M M 8 1 24 350
16 59 45 52 0 13 0 0.00 M M 7.5 15 320 M M 10 22 320
17 57 39 48 -4 17 0 0.00 M M 2.4 10 230 M M 7 8 14 220
18 65 42 54 2 11 0 0.00 M M 7.8 17 210 M M 4 25 190
19 55 51 53 2 12 0 0.51 M M 8.3 14 200 M M 8 1 24 200
20 58 46 52 1 13 0 0.10 M M 8.7 18 300 M M 10 1 28 300
21 52 36 44 -6 21 0 0.15 M M 2.8 13 330 M M 6 1 18 10
22 56 35 46 -4 19 0 0.00 M M 5.9 15 360 M M 3 21 340
23 62 30 46 -4 19 0 0.00 M M 3.9 12 180 M M 0 1 17 170
24 81 48 65 16 0 0 0.00 M M 8.7 20 210 M M 0 30 210
25 73 61 67 18 0 2 T M M 7.1 18 230 M M 6 31 200
26 75 61 68 20 0 3 0.01 M M 9.2 20 200 M M 4 28 220
27 77 62 70 22 0 5 0.03 M M 9.2 18 220 M M 5 28 230
28 68 47 58 10 7 0 0.20 M M 8.5 20 320 M M 6 1 26 300
29 49 42 46 -1 19 0 0.65 M M 8.3 15 40 M M 10 1 23 30
30 46 26 36 -11 29 0 0.14 M M 7.7 18 320 M M 7 1 25 310
31 40 24 32 -15 33 0 0.04 M M 6.3 15 210 M M 5 12 24 320
================================================================================
SM 1998 1403 343 36 2.62 0.0 205.0 M 167
================================================================================
AV 64.5 45.3 6.6 FASTST M M 5 MAX(MPH)
MISC ----> 23 310 35 300
================================================================================
NOTES:
# LAST OF SEVERAL OCCURRENCES
COLUMN 17 PEAK WIND IN M.P.H.
PRELIMINARY LOCAL CLIMATOLOGICAL DATA (WS FORM: F-6) , PAGE 2
STATION: DEFIANCE MEMORIAL
MONTH: OCTOBER
YEAR: 2023
LATITUDE: 41 20 N
LONGITUDE: 84 26 W
[TEMPERATURE DATA] [PRECIPITATION DATA] SYMBOLS USED IN COLUMN 16
AVERAGE MONTHLY: 54.9 TOTAL FOR MONTH: 2.62 1 = FOG OR MIST
DPTR FM NORMAL: 2.6 DPTR FM NORMAL: 0.30 2 = FOG REDUCING VISIBILITY
HIGHEST: 88 ON 3, 2 GRTST 24HR 0.69 ON 5- 5 TO 1/4 MILE OR LESS
LOWEST: 24 ON 31 3 = THUNDER
SNOW, ICE PELLETS, HAIL 4 = ICE PELLETS
TOTAL MONTH: 0.0 INCH 5 = HAIL
GRTST 24HR 0.0 6 = FREEZING RAIN OR DRIZZLE
GRTST DEPTH: 0 7 = DUSTSTORM OR SANDSTORM:
VSBY 1/2 MILE OR LESS
8 = SMOKE OR HAZE
[NO. OF DAYS WITH] [WEATHER - DAYS WITH] 9 = BLOWING SNOW
X = TORNADO
MAX 32 OR BELOW: 0 0.01 INCH OR MORE: 13
MAX 90 OR ABOVE: 0 0.10 INCH OR MORE: 7
MIN 32 OR BELOW: 3 0.50 INCH OR MORE: 3
MIN 0 OR BELOW: 0 1.00 INCH OR MORE: 0
[HDD (BASE 65) ]
TOTAL THIS MO. 343 CLEAR (SCALE 0-3) 7
DPTR FM NORMAL -61 PTCLDY (SCALE 4-7) 19
TOTAL FM JUL 1 393 CLOUDY (SCALE 8-10) 5
DPTR FM NORMAL -135
[CDD (BASE 65) ]
TOTAL THIS MO. 36
DPTR FM NORMAL 25 [PRESSURE DATA]
TOTAL FM JAN 1 731 HIGHEST SLP 30.36 ON 1
DPTR FM NORMAL -16 LOWEST SLP 29.54 ON 20
[REMARKS]
#FINAL-10-23#