000
CXUS54 KFWD 010834
CLMDFW
CLIMATE REPORT
NATIONAL WEATHER SERVICE FORT WORTH TX
234 AM CST FRI MAR 01 2024
...................................
...THE DALLAS/FORT WORTH CLIMATE SUMMARY FOR THE MONTH OF FEBRUARY 2024...
CLIMATE NORMAL PERIOD 1991 TO 2020
CLIMATE RECORD PERIOD 1898 TO 2024
WEATHER OBSERVED NORMAL DEPART LAST YEAR`S
VALUE DATE(S) VALUE FROM VALUE DATE(S)
NORMAL
................................................................
TEMPERATURE (F)
RECORD
HIGH 96 02/25/1904
LOW -8 02/12/1899
HIGHEST 94 02/26 80 14 90 02/21
LOWEST 28 02/18 22 6 28 02/01
AVG. MAXIMUM 68.9 60.9 8.0 63.3
AVG. MINIMUM 46.4 40.1 6.3 41.5
MEAN 57.7 50.5 7.2 52.4
DAYS MAX >= 90 1 0.1 0.9 1
DAYS MAX <= 32 0 0.5 -0.5 1
DAYS MAX >= 100 0 0
DAYS MIN <= 32 1 6.2 -5.2 6
DAYS MIN <= 0 0 0.0 0.0 0
DAYS MIN >= 80 0 0
PRECIPITATION (INCHES)
RECORD
MAXIMUM 11.31 2018
MINIMUM 0.01 1918
TOTALS 1.94 2.76 -0.82 3.97
DAILY AVG. 0.07 NAN NAN 0.14
DAYS >= .01 6 6.9 -0.9 9
DAYS >= .10 4 4.3 -0.3 6
DAYS >= .50 2 1.6 0.4 3
DAYS >= 1.00 0 0.9 -0.9 2
GREATEST
24 HR. TOTAL 0.97 02/10 TO 02/11 2.21
SNOWFALL (INCHES)
RECORDS
TOTAL 13.5 1978
24 HR TOTAL 12.5 02/11/2010 TO 02/12/2010
TOTALS T 1.0 -1.0 T
SINCE 7/1 1.5 1.3 0.2 MM
SNOWDEPTH AVG. 0 0
DAYS >= TRACE 1 2
DAYS >= 1.0 0 0.3 -0.3 0
GREATEST
SNOW DEPTH 0 1 02/01
24 HR TOTAL MM MM
DEGREE DAYS
HEATING TOTAL 242 413 -171 365
SINCE 7/1 1619 1904 -285 MM
COOLING TOTAL 34 8 26 20
SINCE 1/1 34 10 24 MM
................................................................
WIND (MPH)
AVERAGE WIND SPEED 11.9
HIGHEST WIND SPEED/DIRECTION 33/340 DATE 02/28
HIGHEST GUST SPEED/DIRECTION 43/340 DATE 02/28
SKY COVER
POSSIBLE SUNSHINE (PERCENT) MM
AVERAGE SKY COVER 0.58
NUMBER OF DAYS FAIR 9
NUMBER OF DAYS PC 8
NUMBER OF DAYS CLOUDY 12
AVERAGE RH (PERCENT) 61
WEATHER CONDITIONS. NUMBER OF DAYS WITH
THUNDERSTORM 4 MIXED PRECIP 0
HEAVY RAIN 2 RAIN 4
LIGHT RAIN 7 FREEZING RAIN 0
LT FREEZING RAIN 0 HAIL 0
HEAVY SNOW 0 SNOW 0
LIGHT SNOW 0 SLEET 1
FOG 7 FOG W/VIS <= 1/4 MILE 0
HAZE 3
- INDICATES NEGATIVE NUMBERS.
R INDICATES RECORD WAS SET OR TIED.
MM INDICATES DATA IS MISSING.
T INDICATES TRACE AMOUNT.
$$