994
CXUS53 KBIS 010930
CF6DIK
PRELIMINARY LOCAL CLIMATOLOGICAL DATA (WS FORM: F-6)
STATION: DICKINSON ND
MONTH: DECEMBER
YEAR: 2020
LATITUDE: 46 47 N
LONGITUDE: 102 48 W
TEMPERATURE IN F: :PCPN: SNOW: WIND :SUNSHINE: SKY :PK WND
================================================================================
1 2 3 4 5 6A 6B 7 8 9 10 11 12 13 14 15 16 17 18
12Z AVG MX 2MIN
DY MAX MIN AVG DEP HDD CDD WTR SNW DPTH SPD SPD DIR MIN PSBL S-S WX SPD DR
================================================================================
1 39 23 31 9 34 0 0.00 M M 17.0 30 300 M M 5 37 300
2 37 17 27 5 38 0 0.00 M M 12.5 23 290 M M 2 30 250
3 50 24 37 16 28 0 0.00 M M 15.9 25 300 M M 0 31 290
4 50 29 40 19 25 0 0.00 M M 16.3 31 290 M M 0 38 290
5 51 25 38 18 27 0 0.00 M M 11.4 20 280 M M 0 24 280
6 54 25 40 20 25 0 0.00 M M 9.6 18 280 M M 0 22 280
7 57 28 43 23 22 0 0.00 M M 15.1 22 280 M M 0 28 270
8 60 37 49 30 16 0 0.00 M M 13.5 21 270 M M 0 27 250
9 60 26 43 24 22 0 0.00 M M 11.4 29 320 M M 0 40 320
10 36 11 24 5 41 0 0.00 M M 9.2 22 330 M M 2 18 31 330
11 31 7 19 1 46 0 0.00 M M 3.1 10 50 M M 8 128 13 50
12 20 16 18 0 47 0 0.00 M M 7.5 16 270 M M 10 12 21 280
13 24 4 14 -4 51 0 T M M 13.5 30 310 M M 7 1 38 330
14 19 5 12 -6 53 0 0.00 M M 10.0 17 170 M M 7 21 190
15 35 11 23 5 42 0 T M M 11.2 17 210 M M 5 1 23 210
16 41 19 30 13 35 0 0.00 M M 13.1 25 300 M M 3 32 300
17 40 16 28 11 37 0 0.00 M M 9.6 18 180 M M 4 24 180
18 32 8 20 3 45 0 0.00 M M 13.4 28 310 M M 2 37 330
19 50 16 33 16 32 0 0.00 M M 17.5 32 310 M M 1 43 310
20 50 20 35 18 30 0 T M M 18.6 39 280 M M 5 55 280
21 46 24 35 19 30 0 0.00 M M 11.1 28 280 M M 3 36 290
22 62 16 39 23 26 0 M M M 16.7 31 300 M M 3 1 46 330
23 20 6 13 -3 52 0 M M M 20.2 35 310 M M 7 1 46 330
24 41 18 30 14 35 0 0.00 M M 11.4 21 300 M M 6 27 300
25 43 14 29 13 36 0 0.00 M M 9.7 20 270 M M 0 27 260
26 45 14 30 14 35 0 0.00 M M 7.7 17 180 M M 6 21 180
27 30 7 19 3 46 0 T M M 10.4 21 320 M M 9 8 27 320
28 26 12 19 3 46 0 T M M 10.6 17 180 M M 5 1 24 190
29 30 14 22 6 43 0 M M M 15.6 28 300 M M 5 1 36 290
30 34 7 21 5 44 0 0.00 M M 11.7 25 290 M M 4 31 290
31 44 21 33 17 32 0 0.00 M M 11.5 25 270 M M 5 32 280
================================================================================
SM 1257 520 1121 0 T M 386.0 M 114
================================================================================
AV 40.5 16.8 12.5 FASTST M M 4 MAX(MPH)
MISC ----> 39 280 55 280
================================================================================
NOTES:
# LAST OF SEVERAL OCCURRENCES
COLUMN 17 PEAK WIND IN M.P.H.
PRELIMINARY LOCAL CLIMATOLOGICAL DATA (WS FORM: F-6) , PAGE 2
STATION: DICKINSON ND
MONTH: DECEMBER
YEAR: 2020
LATITUDE: 46 47 N
LONGITUDE: 102 48 W
[TEMPERATURE DATA] [PRECIPITATION DATA] SYMBOLS USED IN COLUMN 16
AVERAGE MONTHLY: 28.7 TOTAL FOR MONTH: T 1 = FOG OR MIST
DPTR FM NORMAL: 10.8 DPTR FM NORMAL: -0.24 2 = FOG REDUCING VISIBILITY
HIGHEST: 62 ON 22 GRTST 24HR T ON 13-13 TO 1/4 MILE OR LESS
LOWEST: 4 ON 13 3 = THUNDER
SNOW, ICE PELLETS, HAIL 4 = ICE PELLETS
TOTAL MONTH: M 5 = HAIL
GRTST 24HR M ON M 6 = FREEZING RAIN OR DRIZZLE
GRTST DEPTH: M ON M 7 = DUSTSTORM OR SANDSTORM:
VSBY 1/2 MILE OR LESS
8 = SMOKE OR HAZE
[NO. OF DAYS WITH] [WEATHER - DAYS WITH] 9 = BLOWING SNOW
X = TORNADO
MAX 32 OR BELOW: 9 0.01 INCH OR MORE: 0
MAX 90 OR ABOVE: 0 0.10 INCH OR MORE: 0
MIN 32 OR BELOW: 30 0.50 INCH OR MORE: 0
MIN 0 OR BELOW: 0 1.00 INCH OR MORE: 0
[HDD (BASE 65) ]
TOTAL THIS MO. 1121 CLEAR (SCALE 0-3) 14
DPTR FM NORMAL -339 PTCLDY (SCALE 4-7) 15
TOTAL FM JUL 1 3056 CLOUDY (SCALE 8-10) 2
DPTR FM NORMAL -480
[CDD (BASE 65) ]
TOTAL THIS MO. 0
DPTR FM NORMAL 0 [PRESSURE DATA]
TOTAL FM JAN 1 488 HIGHEST SLP 30.57 ON 2
DPTR FM NORMAL 69 LOWEST SLP 29.25 ON 22
[REMARKS]
#FINAL-12-20#