000
CXUS55 KEAX 010836
CF6DMO
PRELIMINARY LOCAL CLIMATOLOGICAL DATA (WS FORM: F-6)
STATION: SEDALIA MO
MONTH: OCTOBER
YEAR: 2020
LATITUDE: 38 42 N
LONGITUDE: 93 6 W
TEMPERATURE IN F: :PCPN: SNOW: WIND :SUNSHINE: SKY :PK WND
================================================================================
1 2 3 4 5 6A 6B 7 8 9 10 11 12 13 14 15 16 17 18
12Z AVG MX 2MIN
DY MAX MIN AVG DEP HDD CDD WTR SNW DPTH SPD SPD DIR MIN PSBL S-S WX SPD DR
================================================================================
1 65 44 55 -8 10 0 0.00 M M 9.1 22 320 M M 0 30 320
2 64 41 53 -10 12 0 0.00 M M 5.0 13 290 M M 1 21 290
3 64 48 56 -6 9 0 0.04 M M 8.4 16 340 M M 9 24 350
4 62 42 52 -10 13 0 0.00 M M 6.5 15 360 M M 4 21 360
5 71 39 55 -7 10 0 0.00 M M 11.1 20 170 M M 0 8 25 160
6 77 56 67 6 0 2 0.00 M M 10.1 20 230 M M 0 27 230
7 86 60 73 12 0 8 0.00 M M 7.6 15 230 M M 0 21 220
8 86 57 72 11 0 7 0.00 M M 6.0 15 160 M M 0 1 19 160
9 84 58 71 11 0 6 0.00 M M 9.8 20 210 M M 0 28 230
10 85 57 71 11 0 6 0.00 M M 4.6 9 200 M M 0 1 13 180
11 86 59 73 13 0 8 0.00 M M 10.7 20 160 M M 0 12 30 150
12 72 47 60 0 5 0 0.00 M M 12.5 26 330 M M 2 8 40 330
13 80 46 63 4 2 0 0.00 M M 9.4 20 240 M M 0 30 280
14 87 50 69 10 0 4 0.01 M M 13.6 29 220 M M 1 42 210
15 63 42 53 -6 12 0 0.00 M M 10.0 22 350 M M 4 30 360
16 62 35 49 -9 16 0 0.00 M M 9.2 18 280 M M 0 28 280
17 75 43 59 1 6 0 0.00 M M 14.8 31 190 M M 1 45 200
18 60 42 51 -7 14 0 0.03 M M 13.1 23 10 M M 7 3 32 30
19 47 41 44 -13 21 0 0.00 M M 9.7 17 70 M M 10 23 60
20 51 43 47 -10 18 0 0.41 M M 6.1 16 120 M M 10 18 21 120
21 56 45 51 -6 14 0 0.72 M M 7.4 14 120 M M 10 123 20 120
22 84 55 70 14 0 5 0.00 M M 14.2 28 170 M M 1 1 37 190
23 72 39 56 0 9 0 0.45 M M 15.0 25 350 M M 10 13 32 350
24 45 37 41 -15 24 0 0.00 M M 9.3 15 70 M M 10 19 70
25 44 38 41 -15 24 0 0.00 M M 8.1 15 20 M M 10 18 20
26 38 31 35 -20 30 0 0.51 M M 10.9 16 20 M M 10 16 22 30
27 35 31 33 -22 32 0 0.07 M M 6.2 14 30 M M 10 16 18 30
28 45 34 40 -14 25 0 0.30 M M 6.1 16 30 M M 10 1 22 30
29 50 35 43 -11 22 0 0.24 M M 11.4 25 350 M M 5 33 350
30 60 28 44 -10 21 0 0.00 M M 5.2 12 160 M M 0 15 170
31 67 40 54 1 11 0 0.00 M M 12.1 23 200 M M 0 33 230
================================================================================
SM 2023 1363 360 46 2.78 M 293.2 M 125
================================================================================
AV 65.3 44.0 9.5 FASTST M M 4 MAX(MPH)
MISC ----> 31 190 45 200
================================================================================
NOTES:
# LAST OF SEVERAL OCCURRENCES
COLUMN 17 PEAK WIND IN M.P.H.
PRELIMINARY LOCAL CLIMATOLOGICAL DATA (WS FORM: F-6) , PAGE 2
STATION: SEDALIA MO
MONTH: OCTOBER
YEAR: 2020
LATITUDE: 38 42 N
LONGITUDE: 93 6 W
[TEMPERATURE DATA] [PRECIPITATION DATA] SYMBOLS USED IN COLUMN 16
AVERAGE MONTHLY: 54.6 TOTAL FOR MONTH: 2.78 1 = FOG OR MIST
DPTR FM NORMAL: -3.6 DPTR FM NORMAL: -0.86 2 = FOG REDUCING VISIBILITY
HIGHEST: 87 ON 14 GRTST 24HR 1.12 ON 20-21 TO 1/4 MILE OR LESS
LOWEST: 28 ON 30 3 = THUNDER
SNOW, ICE PELLETS, HAIL 4 = ICE PELLETS
TOTAL MONTH: M 5 = HAIL
GRTST 24HR M ON M 6 = FREEZING RAIN OR DRIZZLE
GRTST DEPTH: M ON M 7 = DUSTSTORM OR SANDSTORM:
VSBY 1/2 MILE OR LESS
8 = SMOKE OR HAZE
[NO. OF DAYS WITH] [WEATHER - DAYS WITH] 9 = BLOWING SNOW
X = TORNADO
MAX 32 OR BELOW: 0 0.01 INCH OR MORE: 10
MAX 90 OR ABOVE: 0 0.10 INCH OR MORE: 6
MIN 32 OR BELOW: 3 0.50 INCH OR MORE: 2
MIN 0 OR BELOW: 0 1.00 INCH OR MORE: 0
[HDD (BASE 65) ]
TOTAL THIS MO. 360 CLEAR (SCALE 0-3) 17
DPTR FM NORMAL 114 PTCLDY (SCALE 4-7) 4
TOTAL FM JUL 1 393 CLOUDY (SCALE 8-10) 10
DPTR FM NORMAL 103
[CDD (BASE 65) ]
TOTAL THIS MO. 46
DPTR FM NORMAL 9 [PRESSURE DATA]
TOTAL FM JAN 1 1375 HIGHEST SLP 30.40 ON 26
DPTR FM NORMAL -112 LOWEST SLP 29.61 ON 14
[REMARKS]
#FINAL-10-20#