000
CXUS55 KVEF 012131
CF6DRA
PRELIMINARY LOCAL CLIMATOLOGICAL DATA (WS FORM: F-6)
STATION: DESERT ROCK-MERCURY NV
MONTH: JULY
YEAR: 2022
LATITUDE: 36 37 N
LONGITUDE: 116 1 W
TEMPERATURE IN F: :PCPN: SNOW: WIND :SUNSHINE: SKY :PK WND
================================================================================
1 2 3 4 5 6A 6B 7 8 9 10 11 12 13 14 15 16 17 18
12Z AVG MX 2MIN
DY MAX MIN AVG DEP HDD CDD WTR SNW DPTH SPD SPD DIR MIN PSBL S-S WX SPD DR
================================================================================
1 99 77 88 4 0 23 0.00 0.0 0 14.3 24 220 M M 0 36 210
2 99 73 86 2 0 21 0.00 0.0 0 14.6 28 210 M M 0 44 230
3 95 75 85 1 0 20 0.00 0.0 0 18.5 30 220 M M 0 47 240
4 94 71 83 -2 0 18 0.00 0.0 0 15.2 30 210 M M 0 41 250
5 96 66 81 -4 0 16 0.00 0.0 0 12.2 26 220 M M M 41 200
6 97 71 84 -1 0 19 0.00 0.0 0 15.3 22 220 M M 0 39 220
7 99 70 85 0 0 20 0.00 0.0 0 12.2 25 230 M M 0 38 230
8 102 71 87 1 0 22 0.00 0.0 0 12.4 23 210 M M 0 41 230
9 104 66 85 -1 0 20 0.00 0.0 0 9.1 20 230 M M 0 40 190
10 104 68 86 0 0 21 0.00 0.0 0 7.0 16 240 M M 0 35 240
11 107 72 90 4 0 25 0.00 0.0 0 6.0 15 250 M M 0 23 220
12 108 74 91 5 0 26 0.00 0.0 0 12.0 27 210 M M 0 41 230
13 106 83 95 9 0 30 0.00 0.0 0 10.8 23 180 M M 0 36 180
14 105 82 94 8 0 29 0.00 0.0 0 10.7 18 90 M M 0 36 240
15 104 76 90 4 0 25 T 0.0 0 10.2 20 20 M M 1 37 10
16 107 81 94 8 0 29 0.00 0.0 0 8.8 17 40 M M 1 29 180
17 103 80 92 6 0 27 T 0.0 0 5.7 10 290 M M 1 M M
18 103 77 90 3 0 25 0.00 0.0 0 10.9 21 100 M M 1 37 240
19 105 76 91 4 0 26 0.00 0.0 0 7.0 18 240 M M 0 30 240
20 107 75 91 4 0 26 0.00 0.0 0 9.3 20 230 M M 0 31 210
21 108 77 93 6 0 28 0.00 0.0 0 8.5 21 210 M M 0 32 230
22 109 75 92 5 0 27 0.00 0.0 0 10.0 21 220 M M 0 35 180
23 102 75 89 2 0 24 0.00 0.0 0 10.9 24 230 M M 0 36 250
24 104 78 91 4 0 26 0.00 0.0 0 8.3 16 190 M M 1 36 190
25 89 72 81 -6 0 16 0.14 0.0 0 8.9 21 210 M M 3 32 190
26 92 72 82 -5 0 17 0.00 0.0 0 5.5 20 50 M M 2 27 50
27 98 75 87 0 0 22 0.00 0.0 0 9.0 39 110 M M 0 55 110
28 101 71 86 -1 0 21 0.00 0.0 0 10.1 25 330 M M 0 45 110
29 102 74 88 2 0 23 0.00 0.0 0 9.5 18 110 M M 1 32 130
30 100 73 87 1 0 22 0.00 0.0 0 7.1 17 210 M M 0 24 200
31 89 73 81 -5 0 16 0.01 0.0 0 5.4 15 260 M M 3 M M
================================================================================
SM 3138 2299 0 710 0.15 0.0 315.4 M 14
================================================================================
AV101.2 74.2 10.2 FASTST M M 0 MAX(MPH)
MISC ----> 39 110 55 110
================================================================================
NOTES:
# LAST OF SEVERAL OCCURRENCES
COLUMN 17 PEAK WIND IN M.P.H.
PRELIMINARY LOCAL CLIMATOLOGICAL DATA (WS FORM: F-6) , PAGE 2
STATION: DESERT ROCK-MERCURY NV
MONTH: JULY
YEAR: 2022
LATITUDE: 36 37 N
LONGITUDE: 116 1 W
[TEMPERATURE DATA] [PRECIPITATION DATA] SYMBOLS USED IN COLUMN 16
AVERAGE MONTHLY: 87.7 TOTAL FOR MONTH: 0.15 1 = FOG OR MIST
DPTR FM NORMAL: 1.7 DPTR FM NORMAL: -0.17 2 = FOG REDUCING VISIBILITY
HIGHEST: 109 ON 22 GRTST 24HR 0.14 ON 25-25 TO 1/4 MILE OR LESS
LOWEST: 66 ON 9, 5 3 = THUNDER
SNOW, ICE PELLETS, HAIL 4 = ICE PELLETS
TOTAL MONTH: 0.0 INCH 5 = HAIL
GRTST 24HR 0.0 6 = FREEZING RAIN OR DRIZZLE
GRTST DEPTH: 0 7 = DUSTSTORM OR SANDSTORM:
VSBY 1/2 MILE OR LESS
8 = SMOKE OR HAZE
[NO. OF DAYS WITH] [WEATHER - DAYS WITH] 9 = BLOWING SNOW
X = TORNADO
MAX 32 OR BELOW: 0 0.01 INCH OR MORE: 2
MAX 90 OR ABOVE: 29 0.10 INCH OR MORE: 1
MIN 32 OR BELOW: 0 0.50 INCH OR MORE: 0
MIN 0 OR BELOW: 0 1.00 INCH OR MORE: 0
[HDD (BASE 65) ]
TOTAL THIS MO. 0 CLEAR (SCALE 0-3) 29
DPTR FM NORMAL 0 PTCLDY (SCALE 4-7) 1
TOTAL FM JUL 1 0 CLOUDY (SCALE 8-10) 1
DPTR FM NORMAL 0
[CDD (BASE 65) ]
TOTAL THIS MO. 710
DPTR FM NORMAL 59 [PRESSURE DATA]
TOTAL FM JAN 1 1444 HIGHEST SLP M ON M
DPTR FM NORMAL 128 LOWEST SLP M ON M
[REMARKS]
#FINAL-07-22#