000
CXUS55 KVEF 060741
CF6DRA
PRELIMINARY LOCAL CLIMATOLOGICAL DATA (WS FORM: F-6)
STATION: DESERT ROCK-MERCURY NV
MONTH: DECEMBER
YEAR: 2021
LATITUDE: 36 37 N
LONGITUDE: 116 1 W
TEMPERATURE IN F: :PCPN: SNOW: WIND :SUNSHINE: SKY :PK WND
================================================================================
1 2 3 4 5 6A 6B 7 8 9 10 11 12 13 14 15 16 17 18
12Z AVG MX 2MIN
DY MAX MIN AVG DEP HDD CDD WTR SNW DPTH SPD SPD DIR MIN PSBL S-S WX SPD DR
================================================================================
1 74 46 60 14 5 0 0.00 0.0 0 11.4 18 30 M M 0 M M
2 70 40 55 10 10 0 0.00 0.0 0 3.8 8 220 M M 0 M M
3 69 37 53 8 12 0 0.00 0.0 0 3.6 7 110 M M 0 M M
4 67 34 51 6 14 0 0.00 0.0 0 4.1 10 220 M M 0 M M
5 72 36 54 9 11 0 0.00 0.0 0 4.1 13 20 M M 0 M M
6 65 43 54 10 11 0 0.00 0.0 0 5.1 14 260 M M 0 M M
7 59 48 54 10 11 0 0.00 0.0 0 5.3 14 30 M M 7 M M
8 60 41 51 7 14 0 0.00 0.0 0 7.4 16 220 M M 3 23 230
9 52 34 43 -1 22 0 0.03 0.0 0 10.6 22 180 M M 7 38 190
10 48 31 40 -4 25 0 0.00 0.0 0 9.2 15 20 M M 0 21 80
11 48 26 37 -7 28 0 0.00 0.0 0 8.0 17 130 M M 0 24 110
12 51 23 37 -6 28 0 0.00 0.0 0 8.2 16 130 M M 0 21 110
13 52 28 40 -3 25 0 0.00 0.0 0 6.9 20 220 M M 0 33 240
14 58 32 45 2 20 0 0.43 T T 15.9 28 220 M M 8 1 47 200
15 40 28 34 -9 31 0 0.00 0.0 0 3.2 7 220 M M 0 M M
16 42 25 34 -9 31 0 0.00 0.0 0 6.1 13 120 M M 3 M M
17 48 31 40 -3 25 0 0.00 0.0 0 11.8 20 30 M M 0 23 50
18 50 30 40 -3 25 0 0.00 0.0 0 9.8 18 30 M M 0 M M
19 51 27 39 -4 26 0 0.00 0.0 0 7.3 16 120 M M 0 M M
20 52 25 39 -4 26 0 0.00 0.0 0 5.3 13 110 M M 0 M M
21 57 30 44 1 21 0 0.00 0.0 0 4.5 13 120 M M 0 18 110
22 51 27 39 -4 26 0 0.02 0.0 0 4.0 10 130 M M 1 M M
23 56 39 48 5 17 0 0.07 0.0 0 14.5 30 190 M M 10 50 200
24 58 39 49 6 16 0 0.00 0.0 0 16.8 24 210 M M 5 45 220
25 55 32 44 1 21 0 0.00 0.0 0 9.6 21 190 M M 1 37 180
26 51 32 42 -1 23 0 0.00 0.0 0 17.1 36 200 M M 1 58 190
27 48 31 40 -3 25 0 0.00 0.0 0 13.7 27 190 M M 2 46 200
28 43 28 36 -7 29 0 0.00 0.0 0 7.6 20 220 M M 4 31 210
29 44 26 35 -8 30 0 0.05 0.0 0 4.0 13 220 M M 6 17 220
30 48 36 42 -2 23 0 0.10 0.0 0 7.0 23 180 M M 10 40 190
31 50 34 42 -2 23 0 0.05 0.0 0 10.2 22 20 M M 9 1 32 220
================================================================================
SM 1689 1019 654 0 0.75 T 256.1 M 77
================================================================================
AV 54.5 32.9 8.3 FASTST M M 2 MAX(MPH)
MISC ----> 36 200 58 190
================================================================================
NOTES:
# LAST OF SEVERAL OCCURRENCES
COLUMN 17 PEAK WIND IN M.P.H.
PRELIMINARY LOCAL CLIMATOLOGICAL DATA (WS FORM: F-6) , PAGE 2
STATION: DESERT ROCK-MERCURY NV
MONTH: DECEMBER
YEAR: 2021
LATITUDE: 36 37 N
LONGITUDE: 116 1 W
[TEMPERATURE DATA] [PRECIPITATION DATA] SYMBOLS USED IN COLUMN 16
AVERAGE MONTHLY: 43.7 TOTAL FOR MONTH: 0.75 1 = FOG OR MIST
DPTR FM NORMAL: 0.1 DPTR FM NORMAL: 0.12 2 = FOG REDUCING VISIBILITY
HIGHEST: 74 ON 1 GRTST 24HR 0.43 ON 14-14 TO 1/4 MILE OR LESS
LOWEST: 23 ON 12 3 = THUNDER
SNOW, ICE PELLETS, HAIL 4 = ICE PELLETS
TOTAL MONTH: T 5 = HAIL
GRTST 24HR T ON 14-14 6 = FREEZING RAIN OR DRIZZLE
GRTST DEPTH: T 7 = DUSTSTORM OR SANDSTORM:
VSBY 1/2 MILE OR LESS
8 = SMOKE OR HAZE
[NO. OF DAYS WITH] [WEATHER - DAYS WITH] 9 = BLOWING SNOW
X = TORNADO
MAX 32 OR BELOW: 0 0.01 INCH OR MORE: 7
MAX 90 OR ABOVE: 0 0.10 INCH OR MORE: 2
MIN 32 OR BELOW: 18 0.50 INCH OR MORE: 0
MIN 0 OR BELOW: 0 1.00 INCH OR MORE: 0
[HDD (BASE 65) ]
TOTAL THIS MO. 654 CLEAR (SCALE 0-3) 22
DPTR FM NORMAL -9 PTCLDY (SCALE 4-7) 6
TOTAL FM JUL 1 988 CLOUDY (SCALE 8-10) 3
DPTR FM NORMAL -192
[CDD (BASE 65) ]
TOTAL THIS MO. 0
DPTR FM NORMAL 0 [PRESSURE DATA]
TOTAL FM JAN 1 2694 HIGHEST SLP M ON M
DPTR FM NORMAL 362 LOWEST SLP M ON M
[REMARKS]
#FINAL-12-21#