000
CXUS55 KGJT 011010
CF6DRO
PRELIMINARY LOCAL CLIMATOLOGICAL DATA (WS FORM: F-6)
STATION: DURANGO AIRPORT CO
MONTH: NOVEMBER
YEAR: 2022
LATITUDE: 37 9 N
LONGITUDE: 107 45 W
TEMPERATURE IN F: :PCPN: SNOW: WIND :SUNSHINE: SKY :PK WND
================================================================================
1 2 3 4 5 6A 6B 7 8 9 10 11 12 13 14 15 16 17 18
12Z AVG MX 2MIN
DY MAX MIN AVG DEP HDD CDD WTR SNW DPTH SPD SPD DIR MIN PSBL S-S WX SPD DR
================================================================================
1 60 22 41 0 24 0 0.00 M M 4.2 13 250 M M 1 16 250
2 59 29 44 3 21 0 0.01 M M 8.1 18 190 M M 3 28 230
3 46 28 37 -3 28 0 0.78 M M 7.1 26 210 M M 9 1 37 210
4 43 24 34 -6 31 0 T M M 7.6 24 270 M M 3 1 31 270
5 47 22 35 -5 30 0 0.00 M M 3.1 10 210 M M 0 15 210
6 57 26 42 3 23 0 0.00 M M 3.6 12 130 M M 2 17 140
7 61 28 45 6 20 0 0.00 M M 6.1 15 180 M M 0 20 180
8 63 33 48 10 17 0 0.00 M M 6.0 18 150 M M 0 24 230
9 59 30 45 7 20 0 T M M 12.8 35 220 M M 4 8 49 230
10 41 20 31 -7 34 0 0.00 M M 5.0 17 220 M M 2 23 220
11 40 14 27 -11 38 0 0.00 M M 3.9 13 220 M M 0 19 250
12 46 14 30 -7 35 0 0.00 M M 2.1 13 10 M M 0 14 10
13 48 16 32 -5 33 0 0.04 M M 5.1 15 20 M M 4 1 20 180
14 42 19 31 -5 34 0 T M M 5.8 25 250 M M 4 12 33 250
15 38 13 26 -10 39 0 0.00 M M 3.6 14 260 M M 0 19 260
16 39 11 25 -11 40 0 0.00 M M 4.2 12 20 M M 0 17 250
17 39 10 25 -10 40 0 0.00 M M 3.2 13 220 M M 0 18 230
18 43 15 29 -6 36 0 0.00 M M 3.5 15 220 M M 0 21 210
19 44 10 27 -8 38 0 0.00 M M 3.2 10 250 M M 0 14 70
20 44 9 27 -7 38 0 0.00 M M 3.3 12 230 M M 0 16 220
21 48 10 29 -5 36 0 0.00 M M 3.7 9 240 M M 0 16 270
22 50 11 31 -3 34 0 0.00 M M 4.3 10 10 M M 0 15 250
23 45 10 28 -5 37 0 0.00 M M 8.2 28 270 M M 0 36 260
24 47 18 33 0 32 0 0.00 M M 4.1 14 10 M M 4 16 10
25 47 11 29 -4 36 0 0.00 M M 3.9 12 10 M M 0 15 250
26 51 13 32 0 33 0 0.00 M M 4.3 14 230 M M 2 20 220
27 47 17 32 0 33 0 0.00 M M 6.0 18 260 M M 3 24 260
28 44 14 29 -3 36 0 0.00 M M 4.4 14 220 M M 1 20 210
29 33 9 21 -10 44 0 T M M 14.4 31 300 M M 3 1 45 320
30 46 6 26 -5 39 0 0.00 M M 4.6 13 10 M M 0 16 10
================================================================================
SM 1417 512 979 0 0.83 M 159.4 M 45
================================================================================
AV 47.2 17.1 5.3 FASTST M M 2 MAX(MPH)
MISC ----> 35 220 49 230
================================================================================
NOTES:
# LAST OF SEVERAL OCCURRENCES
COLUMN 17 PEAK WIND IN M.P.H.
PRELIMINARY LOCAL CLIMATOLOGICAL DATA (WS FORM: F-6) , PAGE 2
STATION: DURANGO AIRPORT CO
MONTH: NOVEMBER
YEAR: 2022
LATITUDE: 37 9 N
LONGITUDE: 107 45 W
[TEMPERATURE DATA] [PRECIPITATION DATA] SYMBOLS USED IN COLUMN 16
AVERAGE MONTHLY: 32.2 TOTAL FOR MONTH: 0.83 1 = FOG OR MIST
DPTR FM NORMAL: -3.7 DPTR FM NORMAL: -0.30 2 = FOG REDUCING VISIBILITY
HIGHEST: 63 ON 8 GRTST 24HR 0.79 ON 2- 3 TO 1/4 MILE OR LESS
LOWEST: 6 ON 30 3 = THUNDER
SNOW, ICE PELLETS, HAIL 4 = ICE PELLETS
TOTAL MONTH: M 5 = HAIL
GRTST 24HR M ON M 6 = FREEZING RAIN OR DRIZZLE
GRTST DEPTH: M ON M 7 = DUSTSTORM OR SANDSTORM:
VSBY 1/2 MILE OR LESS
8 = SMOKE OR HAZE
[NO. OF DAYS WITH] [WEATHER - DAYS WITH] 9 = BLOWING SNOW
X = TORNADO
MAX 32 OR BELOW: 0 0.01 INCH OR MORE: 3
MAX 90 OR ABOVE: 0 0.10 INCH OR MORE: 1
MIN 32 OR BELOW: 29 0.50 INCH OR MORE: 1
MIN 0 OR BELOW: 0 1.00 INCH OR MORE: 0
[HDD (BASE 65) ]
TOTAL THIS MO. 979 CLEAR (SCALE 0-3) 24
DPTR FM NORMAL 106 PTCLDY (SCALE 4-7) 5
TOTAL FM JUL 1 1573 CLOUDY (SCALE 8-10) 1
DPTR FM NORMAL -51
[CDD (BASE 65) ]
TOTAL THIS MO. 0
DPTR FM NORMAL 0 [PRESSURE DATA]
TOTAL FM JAN 1 511 HIGHEST SLP 30.59 ON 16
DPTR FM NORMAL 221 LOWEST SLP 29.60 ON 29
[REMARKS]
#FINAL-11-22#