000
CXUS55 KGJT 010910
CF6DRO
PRELIMINARY LOCAL CLIMATOLOGICAL DATA (WS FORM: F-6)
STATION: DURANGO AIRPORT CO
MONTH: OCTOBER
YEAR: 2022
LATITUDE: 37 9 N
LONGITUDE: 107 45 W
TEMPERATURE IN F: :PCPN: SNOW: WIND :SUNSHINE: SKY :PK WND
================================================================================
1 2 3 4 5 6A 6B 7 8 9 10 11 12 13 14 15 16 17 18
12Z AVG MX 2MIN
DY MAX MIN AVG DEP HDD CDD WTR SNW DPTH SPD SPD DIR MIN PSBL S-S WX SPD DR
================================================================================
1 71 48 60 6 5 0 0.07 M M 4.3 16 270 M M 6 13 22 320
2 63 48 56 3 9 0 0.42 M M 7.1 23 300 M M 9 13 33 310
3 65 45 55 2 10 0 T M M 3.8 13 340 M M 4 16 330
4 68 44 56 4 9 0 T M M 4.4 21 320 M M 3 3 27 320
5 66 47 57 5 8 0 0.14 M M 3.5 25 130 M M 7 13 38 140
6 66 42 54 3 11 0 0.00 M M 3.4 12 230 M M 6 1 15 250
7 67 41 54 3 11 0 0.00 M M 4.2 18 60 M M 4 3 25 50
8 67 45 56 6 9 0 0.43 M M 4.5 18 120 M M 5 13 29 130
9 63 42 53 3 12 0 0.00 M M 3.0 13 310 M M 2 1 16 310
10 66 36 51 1 14 0 0.00 M M 3.5 15 280 M M 1 27 320
11 69 34 52 3 13 0 0.00 M M 8.6 29 270 M M 0 39 260
12 70 32 51 2 14 0 0.00 M M 5.3 16 230 M M 0 29 230
13 73 32 53 5 12 0 0.00 M M 5.8 21 300 M M 0 28 290
14 70 33 52 4 13 0 0.00 M M 4.7 13 10 M M 0 17 260
15 71 29 50 3 15 0 0.00 M M 4.3 14 10 M M 0 17 210
16 63 39 51 4 14 0 0.01 M M 6.5 21 220 M M 7 1 27 220
17 60 33 47 0 18 0 0.00 M M 4.0 15 250 M M 3 1 23 230
18 65 33 49 3 16 0 0.00 M M 4.2 13 250 M M 0 18 260
19 68 32 50 4 15 0 0.00 M M 3.8 15 210 M M 0 20 210
20 69 31 50 5 15 0 0.00 M M 4.9 15 220 M M 0 20 210
21 68 29 49 4 16 0 0.00 M M 6.4 23 250 M M 0 34 250
22 65 31 48 3 17 0 0.00 M M 6.8 18 220 M M 2 29 200
23 54 28 41 -3 24 0 0.24 M M 15.0 33 270 M M 6 1 45 270
24 47 25 36 -8 29 0 T M M 9.2 28 310 M M 3 1 34 300
25 53 20 37 -6 28 0 0.00 M M 4.7 13 230 M M 0 18 210
26 57 29 43 0 22 0 0.00 M M 5.4 18 220 M M 4 27 200
27 45 24 35 -8 30 0 0.00 M M 5.3 15 260 M M 5 23 290
28 53 19 36 -6 29 0 0.00 M M 4.5 13 240 M M 0 18 250
29 57 19 38 -4 27 0 0.00 M M 4.8 16 220 M M 1 22 230
30 57 23 40 -2 25 0 0.00 M M 4.2 14 260 M M 0 20 250
31 58 22 40 -1 25 0 0.00 M M 4.2 13 210 M M 0 18 250
================================================================================
SM 1954 1035 515 0 1.31 M 164.3 M 78
================================================================================
AV 63.0 33.4 5.3 FASTST M M 3 MAX(MPH)
MISC ----> 33 270 45 270
================================================================================
NOTES:
# LAST OF SEVERAL OCCURRENCES
COLUMN 17 PEAK WIND IN M.P.H.
PRELIMINARY LOCAL CLIMATOLOGICAL DATA (WS FORM: F-6) , PAGE 2
STATION: DURANGO AIRPORT CO
MONTH: OCTOBER
YEAR: 2022
LATITUDE: 37 9 N
LONGITUDE: 107 45 W
[TEMPERATURE DATA] [PRECIPITATION DATA] SYMBOLS USED IN COLUMN 16
AVERAGE MONTHLY: 48.2 TOTAL FOR MONTH: 1.31 1 = FOG OR MIST
DPTR FM NORMAL: 1.1 DPTR FM NORMAL: -0.10 2 = FOG REDUCING VISIBILITY
HIGHEST: 73 ON 13 GRTST 24HR 0.49 ON 1- 2 TO 1/4 MILE OR LESS
LOWEST: 19 ON 29,28 3 = THUNDER
SNOW, ICE PELLETS, HAIL 4 = ICE PELLETS
TOTAL MONTH: M 5 = HAIL
GRTST 24HR M ON M 6 = FREEZING RAIN OR DRIZZLE
GRTST DEPTH: M ON M 7 = DUSTSTORM OR SANDSTORM:
VSBY 1/2 MILE OR LESS
8 = SMOKE OR HAZE
[NO. OF DAYS WITH] [WEATHER - DAYS WITH] 9 = BLOWING SNOW
X = TORNADO
MAX 32 OR BELOW: 0 0.01 INCH OR MORE: 6
MAX 90 OR ABOVE: 0 0.10 INCH OR MORE: 4
MIN 32 OR BELOW: 16 0.50 INCH OR MORE: 0
MIN 0 OR BELOW: 0 1.00 INCH OR MORE: 0
[HDD (BASE 65) ]
TOTAL THIS MO. 515 CLEAR (SCALE 0-3) 20
DPTR FM NORMAL -38 PTCLDY (SCALE 4-7) 10
TOTAL FM JUL 1 594 CLOUDY (SCALE 8-10) 1
DPTR FM NORMAL -158
[CDD (BASE 65) ]
TOTAL THIS MO. 0
DPTR FM NORMAL 0 [PRESSURE DATA]
TOTAL FM JAN 1 511 HIGHEST SLP M ON M
DPTR FM NORMAL 221 LOWEST SLP 29.44 ON 23
[REMARKS]
#FINAL-10-22#