000
CXUS55 KTWC 010855
CF6DUG
PRELIMINARY LOCAL CLIMATOLOGICAL DATA (WS FORM: F-6)
STATION: DOUGLAS AZ
MONTH: JULY
YEAR: 2023
LATITUDE: 31 28 N
LONGITUDE: 109 36 W
TEMPERATURE IN F: :PCPN: SNOW: WIND :SUNSHINE: SKY :PK WND
================================================================================
1 2 3 4 5 6A 6B 7 8 9 10 11 12 13 14 15 16 17 18
12Z AVG MX 2MIN
DY MAX MIN AVG DEP HDD CDD WTR SNW DPTH SPD SPD DIR MIN PSBL S-S WX SPD DR
================================================================================
1 100 58 79 -1 0 14 0.00 M M 6.4 18 320 M M 0 25 340
2 102 62 82 2 0 17 0.00 M M 7.4 17 300 M M 0 25 290
3 103 66 85 5 0 20 0.00 M M 9.3 29 60 M M 0 51 320
4 104 67 86 6 0 21 0.00 M M 9.6 23 310 M M 0 30 310
5 103 65 84 4 0 19 0.00 M M 9.4 17 350 M M 0 26 320
6 104 64 84 4 0 19 0.00 M M 5.6 15 330 M M 0 19 330
7 103 72 88 8 0 23 0.00 M M 6.3 22 200 M M 0 34 200
8 101 70 86 6 0 21 0.00 M M 6.9 28 310 M M 0 8 36 310
9 100 67 84 4 0 19 0.00 M M 8.4 20 170 M M 0 29 160
10 102 71 87 7 0 22 0.00 M M 9.1 32 150 M M 1 43 150
11 98 68 83 3 0 18 0.01 M M 7.2 33 180 M M 1 45 180
12 93 67 80 0 0 15 0.32 M M 7.7 18 310 M M 4 1 26 330
13 99 72 86 6 0 21 T M M 6.7 26 330 M M 2 40 310
14 99 70 85 5 0 20 0.10 M M 7.4 21 210 M M 2 28 250
15 103 67 85 5 0 20 0.03 M M 8.5 28 120 M M 2 37 140
16 102 70 86 7 0 21 0.00 M M 6.8 23 170 M M 0 30 180
17 104 69 87 8 0 22 0.08 M M 7.6 31 140 M M 0 44 120
18 106 66 86 7 0 21 T M M 7.7 25 310 M M 1 53 270
19 107 65 86 7 0 21 0.00 M M 10.2 29 300 M M 0 40 300
20 106 68 87 8 0 22 T M M 9.3 29 70 M M 1 38 50
21 106 67 87 8 0 22 0.25 M M 8.6 30 60 M M M 44 120
22 103 65 84 5 0 19 0.02 M M 8.6 24 190 M M M 32 190
23 97 65 81 2 0 16 0.00 M M 6.3 17 340 M M M 22 180
24 102 68 85 6 0 20 0.00 M M 7.7 24 240 M M 1 33 260
25 106 69 88 9 0 23 0.00 M M 7.0 20 110 M M 0 25 120
26 105 69 87 9 0 22 0.06 M M 6.6 25 130 M M 0 37 140
27 105 71 88 10 0 23 T M M 8.8 40 50 M M 1 59 20
28 104 66 85 7 0 20 T M M 6.3 24 310 M M 0 35 310
29 105 70 88 10 0 23 T M M 7.1 18 80 M M 0 27 340
30 100 69 85 7 0 20 0.00 M M 11.1 29 170 M M 0 8 39 170
31 98 67 83 5 0 18 0.00 M M 6.2 14 130 M M 1 21 130
================================================================================
SM 3170 2090 0 622 0.87 M 241.8 M 17
================================================================================
AV102.3 67.4 7.8 FASTST M M 1 MAX(MPH)
MISC ----> 40 50 59 20
================================================================================
NOTES:
# LAST OF SEVERAL OCCURRENCES
COLUMN 17 PEAK WIND IN M.P.H.
PRELIMINARY LOCAL CLIMATOLOGICAL DATA (WS FORM: F-6) , PAGE 2
STATION: DOUGLAS AZ
MONTH: JULY
YEAR: 2023
LATITUDE: 31 28 N
LONGITUDE: 109 36 W
[TEMPERATURE DATA] [PRECIPITATION DATA] SYMBOLS USED IN COLUMN 16
AVERAGE MONTHLY: 84.8 TOTAL FOR MONTH: 0.87 1 = FOG OR MIST
DPTR FM NORMAL: 5.5 DPTR FM NORMAL: -2.20 2 = FOG REDUCING VISIBILITY
HIGHEST: 107 ON 19 GRTST 24HR 0.33 ON 11-12 TO 1/4 MILE OR LESS
LOWEST: 58 ON 1 3 = THUNDER
SNOW, ICE PELLETS, HAIL 4 = ICE PELLETS
TOTAL MONTH: M 5 = HAIL
GRTST 24HR M ON M 6 = FREEZING RAIN OR DRIZZLE
GRTST DEPTH: M ON M 7 = DUSTSTORM OR SANDSTORM:
VSBY 1/2 MILE OR LESS
8 = SMOKE OR HAZE
[NO. OF DAYS WITH] [WEATHER - DAYS WITH] 9 = BLOWING SNOW
X = TORNADO
MAX 32 OR BELOW: 0 0.01 INCH OR MORE: 8
MAX 90 OR ABOVE: 31 0.10 INCH OR MORE: 3
MIN 32 OR BELOW: 0 0.50 INCH OR MORE: 0
MIN 0 OR BELOW: 0 1.00 INCH OR MORE: 0
[HDD (BASE 65) ]
TOTAL THIS MO. 0 CLEAR (SCALE 0-3) 27
DPTR FM NORMAL 0 PTCLDY (SCALE 4-7) 1
TOTAL FM JUL 1 0 CLOUDY (SCALE 8-10) 3
DPTR FM NORMAL 0
[CDD (BASE 65) ]
TOTAL THIS MO. 622
DPTR FM NORMAL 177 [PRESSURE DATA]
TOTAL FM JAN 1 1112 HIGHEST SLP M ON M
DPTR FM NORMAL 113 LOWEST SLP 29.60 ON 7
[REMARKS]
#FINAL-07-23#