000
CXUS55 KDVN 011000
CF6DVN
PRELIMINARY LOCAL CLIMATOLOGICAL DATA (WS FORM: F-6)
STATION: DAVENPORT IA
MONTH: APRIL
YEAR: 2023
LATITUDE: 41 37 N
LONGITUDE: 90 35 W
TEMPERATURE IN F: :PCPN: SNOW: WIND :SUNSHINE: SKY :PK WND
================================================================================
1 2 3 4 5 6A 6B 7 8 9 10 11 12 13 14 15 16 17 18
12Z AVG MX 2MIN
DY MAX MIN AVG DEP HDD CDD WTR SNW DPTH SPD SPD DIR MIN PSBL S-S WX SPD DR
================================================================================
1 49 33 41 -4 24 0 T T 0 16.1 32 310 M M 8 1 44 280
2 66 32 49 3 16 0 0.00 0.0 0 15.3 26 180 M M 0 35 180
3 64 36 50 4 15 0 T 0.0 0 11.4 22 70 M M 8 31 50
4 73 45 59 13 6 0 0.63 T 0 18.2 33 70 M M 8 135 40 80
5 73 34 54 7 11 0 0.21 0.0 0 17.0 31 260 M M 5 123 45 250
6 52 28 40 -7 25 0 0.00 0.0 0 9.8 18 300 M M 0 25 290
7 61 30 46 -1 19 0 0.00 0.0 0 9.4 17 160 M M 0 22 150
8 68 38 53 5 12 0 0.00 0.0 0 11.1 18 170 M M 0 24 160
9 72 40 56 8 9 0 0.00 0.0 0 12.5 22 160 M M 0 33 160
10 75 44 60 12 5 0 0.00 0.0 0 9.3 16 240 M M 0 23 250
11 80 46 63 14 2 0 0.00 0.0 0 11.3 22 230 M M 0 30 240
12 83 60 72 23 0 7 0.00 0.0 0 14.3 28 240 M M 0 35 220
13 83 51 67 17 0 2 0.00 0.0 0 11.6 23 170 M M 0 30 170
14 85 50 68 18 0 3 0.00 0.0 0 9.2 18 150 M M 0 32 140
15 76 46 61 11 4 0 0.29 0.0 0 13.6 30 260 M M 3 13 40 260
16 46 32 39 -11 26 0 0.22 0.1 0 21.6 31 280 M M 10 1 44 270
17 57 32 45 -6 20 0 0.03 0.2 T 19.3 33 290 M M 5 1 46 300
18 60 31 46 -5 19 0 0.00 0.0 0 6.1 14 90 M M 0 1 17 90
19 73 49 61 9 4 0 T 0.0 0 13.3 23 120 M M 7 31 120
20 74 42 58 6 7 0 0.40 0.0 0 14.9 33 260 M M 5 3 43 270
21 57 37 47 -5 18 0 0.00 0.0 0 13.9 30 250 M M 4 52 290
22 44 34 39 -14 26 0 T T 0 16.7 26 300 M M 8 37 290
23 47 30 39 -14 26 0 0.00 0.0 0 9.6 17 290 M M 8 25 280
24 58 27 43 -10 22 0 T 0.0 0 5.9 14 210 M M 5 20 240
25 55 37 46 -8 19 0 0.00 0.0 0 10.3 17 40 M M 6 23 40
26 58 30 44 -10 21 0 0.00 0.0 0 4.6 16 90 M M 0 8 22 100
27 70 36 53 -1 12 0 0.00 0.0 0 8.6 18 150 M M 0 22 140
28 73 40 57 2 8 0 0.00 0.0 0 5.7 13 30 M M 0 17 50
29 61 43 52 -3 13 0 T 0.0 0 15.6 28 290 M M 6 36 290
30 49 41 45 -11 20 0 0.01 0.0 0 20.1 33 300 M M 9 47 310
================================================================================
SM 1942 1154 409 12 1.79 0.3 376.3 M 105
================================================================================
AV 64.7 38.5 12.5 FASTST M M 4 MAX(MPH)
MISC ----> # 33 70 52 290
================================================================================
NOTES:
# LAST OF SEVERAL OCCURRENCES
COLUMN 17 PEAK WIND IN M.P.H.
PRELIMINARY LOCAL CLIMATOLOGICAL DATA (WS FORM: F-6) , PAGE 2
STATION: DAVENPORT IA
MONTH: APRIL
YEAR: 2023
LATITUDE: 41 37 N
LONGITUDE: 90 35 W
[TEMPERATURE DATA] [PRECIPITATION DATA] SYMBOLS USED IN COLUMN 16
AVERAGE MONTHLY: 51.6 TOTAL FOR MONTH: 1.79 1 = FOG OR MIST
DPTR FM NORMAL: 1.3 DPTR FM NORMAL: -1.82 2 = FOG REDUCING VISIBILITY
HIGHEST: 85 ON 14 GRTST 24HR 0.83 ON 4- 5 TO 1/4 MILE OR LESS
LOWEST: 27 ON 24 3 = THUNDER
SNOW, ICE PELLETS, HAIL 4 = ICE PELLETS
TOTAL MONTH: 0.3 INCH 5 = HAIL
GRTST 24HR 0.2 ON 17-17 6 = FREEZING RAIN OR DRIZZLE
GRTST DEPTH: T 7 = DUSTSTORM OR SANDSTORM:
VSBY 1/2 MILE OR LESS
8 = SMOKE OR HAZE
[NO. OF DAYS WITH] [WEATHER - DAYS WITH] 9 = BLOWING SNOW
X = TORNADO
MAX 32 OR BELOW: 0 0.01 INCH OR MORE: 7
MAX 90 OR ABOVE: 0 0.10 INCH OR MORE: 5
MIN 32 OR BELOW: 9 0.50 INCH OR MORE: 1
MIN 0 OR BELOW: 0 1.00 INCH OR MORE: 0
[HDD (BASE 65) ]
TOTAL THIS MO. 409 CLEAR (SCALE 0-3) 14
DPTR FM NORMAL -38 PTCLDY (SCALE 4-7) 12
TOTAL FM JUL 1 5723 CLOUDY (SCALE 8-10) 4
DPTR FM NORMAL -415
[CDD (BASE 65) ]
TOTAL THIS MO. 12
DPTR FM NORMAL 4 [PRESSURE DATA]
TOTAL FM JAN 1 12 HIGHEST SLP 30.55 ON 7
DPTR FM NORMAL 2 LOWEST SLP 29.40 ON 1
[REMARKS]
#FINAL-04-23#