000
CXUS55 KPSR 011005
CF6DVT
PRELIMINARY LOCAL CLIMATOLOGICAL DATA (WS FORM: F-6)
STATION: DEER VLY/PHOENIX AZ
MONTH: APRIL
YEAR: 2022
LATITUDE: 33 41 N
LONGITUDE: 112 4 W
TEMPERATURE IN F: :PCPN: SNOW: WIND :SUNSHINE: SKY :PK WND
================================================================================
1 2 3 4 5 6A 6B 7 8 9 10 11 12 13 14 15 16 17 18
12Z AVG MX 2MIN
DY MAX MIN AVG DEP HDD CDD WTR SNW DPTH SPD SPD DIR MIN PSBL S-S WX SPD DR
================================================================================
1 84 55 70 4 0 5 0.00 M M 4.8 12 50 M M 0 16 40
2 84 55 70 4 0 5 0.00 M M 4.6 16 180 M M 0 21 170
3 82 54 68 1 0 3 0.00 M M 4.0 13 250 M M 0 18 310
4 86 55 71 4 0 6 0.00 M M 7.0 17 250 M M 0 28 250
5 90 56 73 6 0 8 0.00 M M 8.0 21 230 M M 0 27 230
6 93 58 76 9 0 11 0.00 M M 5.9 17 80 M M 0 28 60
7 93 57 75 7 0 10 0.00 M M 5.8 13 40 M M 0 19 50
8 93 60 77 9 0 12 0.00 M M 6.1 15 130 M M 0 23 110
9 93 57 75 7 0 10 0.00 M M 8.2 23 260 M M 0 29 220
10 86 60 73 5 0 8 0.00 M M 10.1 23 250 M M 0 31 240
11 83 58 71 3 0 6 0.00 M M 9.9 24 260 M M 0 33 270
12 73 53 63 -6 2 0 0.00 M M 13.4 26 290 M M 2 36 280
13 73 43 58 -11 7 0 0.00 M M 5.9 17 240 M M 0 23 200
14 79 47 63 -6 2 0 0.00 M M 3.9 13 280 M M 0 18 290
15 85 51 68 -1 0 3 0.00 M M 3.9 16 260 M M 0 25 220
16 88 54 71 1 0 6 0.00 M M 7.0 24 240 M M 0 32 230
17 90 54 72 2 0 7 0.00 M M 3.8 12 260 M M 0 17 250
18 93 57 75 5 0 10 0.00 M M 4.2 16 270 M M 0 20 250
19 95 64 80 10 0 15 0.00 M M 9.6 28 240 M M 0 39 230
20 86 60 73 3 0 8 0.00 M M 6.6 18 240 M M 0 25 200
21 89 60 75 4 0 10 0.00 M M 4.5 15 240 M M 0 21 240
22 77 60 69 -2 0 4 0.00 M M 12.8 29 250 M M 1 41 240
23 80 51 66 -5 0 1 0.00 M M 5.5 16 280 M M 0 23 270
24 84 60 72 0 0 7 0.00 M M 7.9 16 250 M M 0 23 260
25 90 57 74 2 0 9 0.00 M M 5.3 15 70 M M 0 22 80
26 95 63 79 7 0 14 0.00 M M 7.0 16 270 M M 0 26 140
27 90 66 78 6 0 13 0.00 M M 6.5 21 260 M M 0 26 180
28 89 60 75 2 0 10 0.00 M M 7.9 20 250 M M 0 28 210
29 87 55 71 -2 0 6 0.00 M M 5.8 15 220 M M 0 22 250
30 92 59 76 3 0 11 0.00 M M 5.0 14 270 M M 0 20 220
================================================================================
SM 2602 1699 11 218 0.00 M 200.9 M 3
================================================================================
AV 86.7 56.6 6.7 FASTST M M 0 MAX(MPH)
MISC ----> 29 250 41 240
================================================================================
NOTES:
# LAST OF SEVERAL OCCURRENCES
COLUMN 17 PEAK WIND IN M.P.H.
PRELIMINARY LOCAL CLIMATOLOGICAL DATA (WS FORM: F-6) , PAGE 2
STATION: DEER VLY/PHOENIX AZ
MONTH: APRIL
YEAR: 2022
LATITUDE: 33 41 N
LONGITUDE: 112 4 W
[TEMPERATURE DATA] [PRECIPITATION DATA] SYMBOLS USED IN COLUMN 16
AVERAGE MONTHLY: 71.7 TOTAL FOR MONTH: 0.00 1 = FOG OR MIST
DPTR FM NORMAL: 2.1 DPTR FM NORMAL: -0.35 2 = FOG REDUCING VISIBILITY
HIGHEST: 95 ON 26,19 GRTST 24HR T ON 5- 5 TO 1/4 MILE OR LESS
LOWEST: 43 ON 13 3 = THUNDER
SNOW, ICE PELLETS, HAIL 4 = ICE PELLETS
TOTAL MONTH: M 5 = HAIL
GRTST 24HR M ON M 6 = FREEZING RAIN OR DRIZZLE
GRTST DEPTH: M ON M 7 = DUSTSTORM OR SANDSTORM:
VSBY 1/2 MILE OR LESS
8 = SMOKE OR HAZE
[NO. OF DAYS WITH] [WEATHER - DAYS WITH] 9 = BLOWING SNOW
X = TORNADO
MAX 32 OR BELOW: 0 0.01 INCH OR MORE: 0
MAX 90 OR ABOVE: 12 0.10 INCH OR MORE: 0
MIN 32 OR BELOW: 0 0.50 INCH OR MORE: 0
MIN 0 OR BELOW: 0 1.00 INCH OR MORE: 0
[HDD (BASE 65) ]
TOTAL THIS MO. 11 CLEAR (SCALE 0-3) 30
DPTR FM NORMAL -18 PTCLDY (SCALE 4-7) 0
TOTAL FM JUL 1 945 CLOUDY (SCALE 8-10) 0
DPTR FM NORMAL -252
[CDD (BASE 65) ]
TOTAL THIS MO. 218
DPTR FM NORMAL 53 [PRESSURE DATA]
TOTAL FM JAN 1 282 HIGHEST SLP 30.09 ON 7
DPTR FM NORMAL 57 LOWEST SLP 29.58 ON 10
[REMARKS]
#FINAL-04-22#