000
CXUS55 KPSR 011005
CF6DVT
PRELIMINARY LOCAL CLIMATOLOGICAL DATA (WS FORM: F-6)
STATION: DEER VLY/PHOENIX AZ
MONTH: AUGUST
YEAR: 2021
LATITUDE: 33 41 N
LONGITUDE: 112 4 W
TEMPERATURE IN F: :PCPN: SNOW: WIND :SUNSHINE: SKY :PK WND
================================================================================
1 2 3 4 5 6A 6B 7 8 9 10 11 12 13 14 15 16 17 18
12Z AVG MX 2MIN
DY MAX MIN AVG DEP HDD CDD WTR SNW DPTH SPD SPD DIR MIN PSBL S-S WX SPD DR
================================================================================
1 103 80 92 0 0 27 0.00 M M 4.4 15 240 M M 0 23 200
2 108 84 96 4 0 31 0.00 M M 3.4 12 290 M M 0 16 290
3 109 85 97 5 0 32 0.00 M M 7.3 15 260 M M 0 20 140
4 112 84 98 6 0 33 0.00 M M 3.8 14 250 M M 0 20 280
5 106 84 95 3 0 30 0.00 0.0 M 6.3 15 110 M M 0 8 19 110
6 105 88 97 5 0 32 0.00 0.0 M 7.6 21 210 M M 0 26 240
7 105 86 96 4 0 31 0.00 0.0 M 7.0 20 230 M M 0 25 230
8 104 86 95 3 0 30 0.00 0.0 M 9.1 17 240 M M 0 23 220
9 95 83 89 -3 0 24 T M M 7.1 15 170 M M 1 20 190
10 92 76 84 -8 0 19 0.02 M M 6.0 16 120 M M 1 3 21 160
11 92 77 85 -7 0 20 T M M 7.5 18 10 M M 4 24 10
12 96 74 85 -7 0 20 T M M 4.8 15 20 M M 3 3 18 40
13 98 71 85 -7 0 20 0.82 M M 6.9 36 210 M M 2 13 45 200
14 92 72 82 -10 0 17 0.30 M M 5.1 15 60 M M 2 13 20 60
15 97 80 89 -3 0 24 0.00 M M 4.0 17 130 M M 1 3 21 130
16 98 72 85 -7 0 20 0.07 M M 7.0 35 110 M M 1 38 47 120
17 92 70 81 -11 0 16 0.54 M M 5.0 18 150 M M 5 138 25 160
18 92 73 83 -9 0 18 0.75 M M 8.0 21 210 M M 5 13 29 80
19 92 72 82 -9 0 17 0.00 M M 4.4 16 190 M M 1 20 180
20 95 76 86 -5 0 21 0.00 M M 4.0 13 150 M M 2 18 170
21 97 74 86 -5 0 21 0.00 M M 4.6 15 180 M M 0 21 170
22 100 75 88 -3 0 23 0.00 M M 3.2 14 180 M M 0 19 190
23 101 73 87 -4 0 22 0.00 M M 5.5 14 210 M M 0 18 220
24 102 74 88 -3 0 23 0.00 M M 4.3 13 30 M M 0 15 300
25 107 79 93 2 0 28 0.00 M M 4.3 13 20 M M 0 16 30
26 108 80 94 3 0 29 0.00 M M 3.7 15 260 M M 0 19 270
27 110 83 97 6 0 32 0.00 M M 5.1 17 120 M M 0 22 120
28 104 82 93 2 0 28 0.00 M M 3.7 14 130 M M 0 18 140
29 105 85 95 4 0 30 0.00 M M 4.3 15 60 M M 0 19 60
30 102 82 92 2 0 27 0.00 M M 5.0 25 130 M M 0 31 120
31 96 73 85 -5 0 20 0.11 M M 6.0 22 250 M M 3 1 29 240
================================================================================
SM 3115 2433 0 765 2.61 0.0 168.4 M 31
================================================================================
AV100.5 78.5 5.4 FASTST M M 1 MAX(MPH)
MISC ----> 36 210 47 120
================================================================================
NOTES:
# LAST OF SEVERAL OCCURRENCES
COLUMN 17 PEAK WIND IN M.P.H.
PRELIMINARY LOCAL CLIMATOLOGICAL DATA (WS FORM: F-6) , PAGE 2
STATION: DEER VLY/PHOENIX AZ
MONTH: AUGUST
YEAR: 2021
LATITUDE: 33 41 N
LONGITUDE: 112 4 W
[TEMPERATURE DATA] [PRECIPITATION DATA] SYMBOLS USED IN COLUMN 16
AVERAGE MONTHLY: 89.5 TOTAL FOR MONTH: 2.61 1 = FOG OR MIST
DPTR FM NORMAL: -2.0 DPTR FM NORMAL: 1.65 2 = FOG REDUCING VISIBILITY
HIGHEST: 112 ON 4 GRTST 24HR 1.12 ON 13-14 TO 1/4 MILE OR LESS
LOWEST: 70 ON 17 3 = THUNDER
SNOW, ICE PELLETS, HAIL 4 = ICE PELLETS
TOTAL MONTH: 0.0 INCH 5 = HAIL
GRTST 24HR 0.0 6 = FREEZING RAIN OR DRIZZLE
GRTST DEPTH: M ON M 7 = DUSTSTORM OR SANDSTORM:
VSBY 1/2 MILE OR LESS
8 = SMOKE OR HAZE
[NO. OF DAYS WITH] [WEATHER - DAYS WITH] 9 = BLOWING SNOW
X = TORNADO
MAX 32 OR BELOW: 0 0.01 INCH OR MORE: 7
MAX 90 OR ABOVE: 31 0.10 INCH OR MORE: 5
MIN 32 OR BELOW: 0 0.50 INCH OR MORE: 3
MIN 0 OR BELOW: 0 1.00 INCH OR MORE: 0
[HDD (BASE 65) ]
TOTAL THIS MO. 0 CLEAR (SCALE 0-3) 27
DPTR FM NORMAL 0 PTCLDY (SCALE 4-7) 4
TOTAL FM JUL 1 0 CLOUDY (SCALE 8-10) 0
DPTR FM NORMAL 0
[CDD (BASE 65) ]
TOTAL THIS MO. 765
DPTR FM NORMAL -56 [PRESSURE DATA]
TOTAL FM JAN 1 3114 HIGHEST SLP 30.05 ON 14
DPTR FM NORMAL 147 LOWEST SLP 29.55 ON 27
[REMARKS]
#FINAL-08-21#